{"id":14324,"date":"2021-11-26T16:36:03","date_gmt":"2021-11-26T16:36:03","guid":{"rendered":"https:\/\/bobimarket.pl\/?page_id=14324"},"modified":"2022-06-18T16:30:18","modified_gmt":"2022-06-18T16:30:18","slug":"dostawa","status":"publish","type":"page","link":"https:\/\/bobimarket.pl\/index.php\/dostawa\/","title":{"rendered":"Dostawa"},"content":{"rendered":"\t\t<div data-elementor-type=\"wp-page\" data-elementor-id=\"14324\" class=\"elementor elementor-14324\" data-elementor-settings=\"[]\">\n\t\t\t\t\t\t\t<div class=\"elementor-section-wrap\">\n\t\t\t\t\t\t\t<section class=\"elementor-section elementor-top-section elementor-element elementor-element-4044aa8e elementor-section-boxed elementor-section-height-default elementor-section-height-default\" data-id=\"4044aa8e\" data-element_type=\"section\">\n\t\t\t\t\t\t<div class=\"elementor-container elementor-column-gap-default\">\n\t\t\t\t\t<div class=\"elementor-column elementor-col-100 elementor-top-column elementor-element elementor-element-2efc7877\" data-id=\"2efc7877\" data-element_type=\"column\">\n\t\t\t<div class=\"elementor-widget-wrap elementor-element-populated\">\n\t\t\t\t\t\t\t\t<div class=\"elementor-element elementor-element-661f13e8 elementor-widget elementor-widget-text-editor\" data-id=\"661f13e8\" data-element_type=\"widget\" data-widget_type=\"text-editor.default\">\n\t\t\t\t<div class=\"elementor-widget-container\">\n\t\t\t<style>\/*! elementor - v3.5.6 - 28-02-2022 *\/\n.elementor-widget-text-editor.elementor-drop-cap-view-stacked .elementor-drop-cap{background-color:#818a91;color:#fff}.elementor-widget-text-editor.elementor-drop-cap-view-framed .elementor-drop-cap{color:#818a91;border:3px solid;background-color:transparent}.elementor-widget-text-editor:not(.elementor-drop-cap-view-default) .elementor-drop-cap{margin-top:8px}.elementor-widget-text-editor:not(.elementor-drop-cap-view-default) .elementor-drop-cap-letter{width:1em;height:1em}.elementor-widget-text-editor .elementor-drop-cap{float:left;text-align:center;line-height:1;font-size:50px}.elementor-widget-text-editor .elementor-drop-cap-letter{display:inline-block}<\/style>\t\t\t\t\t\t\t\t\t\t<\/div>\n\t\t\t\t<\/div>\n\t\t\t\t\t<\/div>\n\t\t<\/div>\n\t\t\t\t\t\t\t<\/div>\n\t\t<\/section>\n\t\t\t\t<section class=\"elementor-section elementor-top-section elementor-element elementor-element-364a34f9 elementor-section-stretched elementor-section-boxed elementor-section-height-default elementor-section-height-default\" data-id=\"364a34f9\" data-element_type=\"section\" data-settings=\"{&quot;stretch_section&quot;:&quot;section-stretched&quot;,&quot;background_background&quot;:&quot;classic&quot;}\">\n\t\t\t\t\t\t<div class=\"elementor-container elementor-column-gap-default\">\n\t\t\t\t\t<div class=\"elementor-column elementor-col-50 elementor-top-column elementor-element elementor-element-697501bb\" data-id=\"697501bb\" data-element_type=\"column\">\n\t\t\t<div class=\"elementor-widget-wrap elementor-element-populated\">\n\t\t\t\t\t\t\t\t<div class=\"elementor-element elementor-element-404d7a2 elementor-widget elementor-widget-heading\" data-id=\"404d7a2\" data-element_type=\"widget\" data-widget_type=\"heading.default\">\n\t\t\t\t<div class=\"elementor-widget-container\">\n\t\t\t<style>\/*! elementor - v3.5.6 - 28-02-2022 *\/\n.elementor-heading-title{padding:0;margin:0;line-height:1}.elementor-widget-heading .elementor-heading-title[class*=elementor-size-]>a{color:inherit;font-size:inherit;line-height:inherit}.elementor-widget-heading .elementor-heading-title.elementor-size-small{font-size:15px}.elementor-widget-heading .elementor-heading-title.elementor-size-medium{font-size:19px}.elementor-widget-heading .elementor-heading-title.elementor-size-large{font-size:29px}.elementor-widget-heading .elementor-heading-title.elementor-size-xl{font-size:39px}.elementor-widget-heading .elementor-heading-title.elementor-size-xxl{font-size:59px}<\/style><h3 class=\"elementor-heading-title elementor-size-default\">DARMOWA WYSY\u0141KA DO ZAM\u00d3WIE\u0143 POWY\u017bEJ 100 z\u0142!<\/h3>\t\t<\/div>\n\t\t\t\t<\/div>\n\t\t\t\t<div class=\"elementor-element elementor-element-79635ba7 elementor-widget elementor-widget-text-editor\" data-id=\"79635ba7\" data-element_type=\"widget\" data-widget_type=\"text-editor.default\">\n\t\t\t\t<div class=\"elementor-widget-container\">\n\t\t\t\t\t\t\t<p><!-- wp:paragraph --><\/p>\n<p><strong>Zam\u00f3wienie realizujemy od poniedzia\u0142ku do pi\u0105tku w godzinach pracy czyli od 08:00 do 16:00.<\/strong><\/p>\n<p><strong>Zam\u00f3wienia z\u0142o\u017cone od poniedzia\u0142ku do pi\u0105tku po godzinie 13:00 oraz w soboty, niedziele i \u015bwi\u0119ta, b\u0119d\u0105 rozpatrywane i realizowane nast\u0119pnego dnia roboczego.*<\/strong><\/p>\n<p><strong>*Z wyj\u0105tkiem zam\u00f3wie\u0144, w kt\u00f3rych wybrana forma dostawy to Poczta Polska, Pocztex48\u00a0 &#8211; w tym przypadku zam\u00f3wienia z\u0142o\u017cone od poniedzia\u0142ku do pi\u0105tku po godzinie 11:00 oraz soboty, niedziele i \u015bwi\u0119ta, b\u0119d\u0105 rozpatrywane nast\u0119pnego dnia roboczego.<\/strong><\/p>\n<p><strong>Oferujemy darmow\u0105 wysy\u0142k\u0119 dla zakup\u00f3w powy\u017cej 100z\u0142.<\/strong><\/p>\n<p><!-- \/wp:paragraph --><\/p>\t\t\t\t\t\t<\/div>\n\t\t\t\t<\/div>\n\t\t\t\t<div class=\"elementor-element elementor-element-50f131cf elementor-widget elementor-widget-image\" data-id=\"50f131cf\" data-element_type=\"widget\" data-widget_type=\"image.default\">\n\t\t\t\t<div class=\"elementor-widget-container\">\n\t\t\t<style>\/*! elementor - v3.5.6 - 28-02-2022 *\/\n.elementor-widget-image{text-align:center}.elementor-widget-image a{display:inline-block}.elementor-widget-image a img[src$=\".svg\"]{width:48px}.elementor-widget-image img{vertical-align:middle;display:inline-block}<\/style>\t\t\t\t\t\t\t\t\t\t\t\t<img decoding=\"async\" src=\"http:\/\/chromium.themes.zone\/simple\/wp-content\/uploads\/sites\/2\/2018\/05\/chart2.png\" title=\"\" alt=\"\" \/>\t\t\t\t\t\t\t\t\t\t\t\t\t\t\t<\/div>\n\t\t\t\t<\/div>\n\t\t\t\t\t<\/div>\n\t\t<\/div>\n\t\t\t\t<div class=\"elementor-column elementor-col-50 elementor-top-column elementor-element elementor-element-d255654\" data-id=\"d255654\" data-element_type=\"column\">\n\t\t\t<div class=\"elementor-widget-wrap elementor-element-populated\">\n\t\t\t\t\t\t\t\t<div class=\"elementor-element elementor-element-dc3d3e0 elementor-widget elementor-widget-heading\" data-id=\"dc3d3e0\" data-element_type=\"widget\" data-widget_type=\"heading.default\">\n\t\t\t\t<div class=\"elementor-widget-container\">\n\t\t\t<h3 class=\"elementor-heading-title elementor-size-default\">PUNKT ODBIORU<\/h3>\t\t<\/div>\n\t\t\t\t<\/div>\n\t\t\t\t<div class=\"elementor-element elementor-element-342c767 elementor-widget elementor-widget-text-editor\" data-id=\"342c767\" data-element_type=\"widget\" data-widget_type=\"text-editor.default\">\n\t\t\t\t<div class=\"elementor-widget-container\">\n\t\t\t\t\t\t\t<p><!-- wp:paragraph --><\/p>\n<div data-role=\"app-container\">\n<section class=\"_1h7wt\" data-reactroot=\"\">\n<div class=\"mpof_ki mr3m_1 mwdn_1 _08de4_HzsUp\">\n<div class=\"mh36_16 mjyo_6x mjru_k4 _08de4_KJkwa\">\n<div class=\"mp4t_16 mjru_k4\">\n<div class=\"_1s2v1\">\u015awi\u0105tniki G\u00f3rne<\/div>\n<div>\n<div>ul. Sportowa 45<\/div>\n<div>32-040 \u015awi\u0105tniki G\u00f3rne<\/div>\n<div>woj. ma\u0142opolskie<\/div>\n<\/div>\n<div>\u00a0<\/div>\n<div>email: biuro@bobimarket.pl<\/div>\n<div>tel.: <a class=\"logo-call-me\" href=\"tel:+48 690113315\">690-113-315<\/a><\/div>\n<div class=\"mpof_ki mr3m_1 mwdn_1 _08de4_clUrA\"><strong><span class=\"mpof_ki mr3m_1 mjyo_6x mh36_16 _08de4_2PhC-\">poniedzia\u0142ek &#8211; pi\u0105tek: <\/span><\/strong>09:00\u201316:00<\/div>\n<div class=\"mpof_ki mr3m_1 mwdn_1 _08de4_clUrA\"><strong><span class=\"mpof_ki mr3m_1 mjyo_6x mh36_16 _08de4_2PhC-\">sobota &#8211; niedziela: <\/span><\/strong>zamkni\u0119te<\/div>\n<div>\u00a0<\/div>\n<div><span style=\"text-decoration: underline;\"><strong>Mo\u017cliwo\u015b\u0107 p\u0142atno\u015bci got\u00f3wk\u0105 oraz BLIK na miejscu.<\/strong><\/span><\/div>\n<div>\u00a0<\/div>\n<div>Poinformujemy o terminie odbioru w wiadomo\u015bci.<\/div>\n<\/div>\n<\/div>\n<\/div>\n<\/section>\n<\/div>\n<p><!-- \/wp:paragraph --><\/p>\t\t\t\t\t\t<\/div>\n\t\t\t\t<\/div>\n\t\t\t\t\t<\/div>\n\t\t<\/div>\n\t\t\t\t\t\t\t<\/div>\n\t\t<\/section>\n\t\t\t\t\t\t<\/div>\n\t\t\t\t\t<\/div>\n\t\t","protected":false},"excerpt":{"rendered":"<p>DARMOWA WYSY\u0141KA DO ZAM\u00d3WIE\u0143 POWY\u017bEJ 100 z\u0142! Zam\u00f3wienie realizujemy od poniedzia\u0142ku do pi\u0105tku w godzinach pracy czyli od 08:00 do 16:00. Zam\u00f3wienia z\u0142o\u017cone od poniedzia\u0142ku do pi\u0105tku po godzinie 13:00 oraz w soboty, niedziele i \u015bwi\u0119ta, b\u0119d\u0105 rozpatrywane i realizowane nast\u0119pnego dnia roboczego.* *Z wyj\u0105tkiem zam\u00f3wie\u0144, w kt\u00f3rych wybrana forma dostawy to Poczta Polska, Pocztex48\u00a0<br \/><a class=\"more-link\" href=\"https:\/\/bobimarket.pl\/index.php\/dostawa\/\"><br \/>\n        Czytaj wi\u0119cej<span class=\"screen-reader-text\"> &#8222;Dostawa&#8221;<\/span><\/a><\/p>\n","protected":false},"author":1,"featured_media":0,"parent":0,"menu_order":0,"comment_status":"closed","ping_status":"closed","template":"","meta":[],"yoast_head":"<!-- This site is optimized with the Yoast SEO plugin v21.0 - https:\/\/yoast.com\/wordpress\/plugins\/seo\/ -->\n<title>Dostawa - BOBIMARKET.pl - Remontuj i urz\u0105dzaj z nami<\/title>\n<meta name=\"description\" content=\"Zajmujemy si\u0119 handlem detalicznym i hurtowym. W naszej ofercie znajduj\u0105 si\u0119 narz\u0119dzia r\u0119czne, budowlane, akcesoria meblowe oraz r\u00f3\u017cnego rodzaju artyku\u0142y metalowe. Dodatkowo oferujemy szerok\u0105 gama pojemnik\u00f3w na \u017cywno\u015b\u0107 i do przechowywania oraz inne akcesoria kuchenne i ogrodowe.\" \/>\n<meta name=\"robots\" content=\"index, follow, max-snippet:-1, max-image-preview:large, max-video-preview:-1\" \/>\n<link rel=\"canonical\" href=\"https:\/\/bobimarket.pl\/index.php\/dostawa\/\" \/>\n<meta property=\"og:locale\" content=\"pl_PL\" \/>\n<meta property=\"og:type\" content=\"article\" \/>\n<meta property=\"og:title\" content=\"Dostawa - BOBIMARKET.pl - Remontuj i urz\u0105dzaj z nami\" \/>\n<meta property=\"og:description\" content=\"Zajmujemy si\u0119 handlem detalicznym i hurtowym. W naszej ofercie znajduj\u0105 si\u0119 narz\u0119dzia r\u0119czne, budowlane, akcesoria meblowe oraz r\u00f3\u017cnego rodzaju artyku\u0142y metalowe. Dodatkowo oferujemy szerok\u0105 gama pojemnik\u00f3w na \u017cywno\u015b\u0107 i do przechowywania oraz inne akcesoria kuchenne i ogrodowe.\" \/>\n<meta property=\"og:url\" content=\"https:\/\/bobimarket.pl\/index.php\/dostawa\/\" \/>\n<meta property=\"og:site_name\" content=\"BOBIMARKET.pl - Remontuj i urz\u0105dzaj z nami\" \/>\n<meta property=\"article:modified_time\" content=\"2022-06-18T16:30:18+00:00\" \/>\n<meta property=\"og:image\" content=\"http:\/\/chromium.themes.zone\/simple\/wp-content\/uploads\/sites\/2\/2018\/05\/chart2.png\" \/>\n<meta name=\"twitter:card\" content=\"summary_large_image\" \/>\n<meta name=\"twitter:label1\" content=\"Szacowany czas czytania\" \/>\n\t<meta name=\"twitter:data1\" content=\"1 minuta\" \/>\n<script type=\"application\/ld+json\" class=\"yoast-schema-graph\">{\"@context\":\"https:\/\/schema.org\",\"@graph\":[{\"@type\":\"WebPage\",\"@id\":\"https:\/\/bobimarket.pl\/index.php\/dostawa\/\",\"url\":\"https:\/\/bobimarket.pl\/index.php\/dostawa\/\",\"name\":\"Dostawa - BOBIMARKET.pl - Remontuj i urz\u0105dzaj z nami\",\"isPartOf\":{\"@id\":\"https:\/\/bobimarket.pl\/#website\"},\"datePublished\":\"2021-11-26T16:36:03+00:00\",\"dateModified\":\"2022-06-18T16:30:18+00:00\",\"description\":\"Zajmujemy si\u0119 handlem detalicznym i hurtowym. W naszej ofercie znajduj\u0105 si\u0119 narz\u0119dzia r\u0119czne, budowlane, akcesoria meblowe oraz r\u00f3\u017cnego rodzaju artyku\u0142y metalowe. Dodatkowo oferujemy szerok\u0105 gama pojemnik\u00f3w na \u017cywno\u015b\u0107 i do przechowywania oraz inne akcesoria kuchenne i ogrodowe.\",\"breadcrumb\":{\"@id\":\"https:\/\/bobimarket.pl\/index.php\/dostawa\/#breadcrumb\"},\"inLanguage\":\"pl-PL\",\"potentialAction\":[{\"@type\":\"ReadAction\",\"target\":[\"https:\/\/bobimarket.pl\/index.php\/dostawa\/\"]}]},{\"@type\":\"BreadcrumbList\",\"@id\":\"https:\/\/bobimarket.pl\/index.php\/dostawa\/#breadcrumb\",\"itemListElement\":[{\"@type\":\"ListItem\",\"position\":1,\"name\":\"Strona g\u0142\u00f3wna\",\"item\":\"https:\/\/bobimarket.pl\/\"},{\"@type\":\"ListItem\",\"position\":2,\"name\":\"Dostawa\"}]},{\"@type\":\"WebSite\",\"@id\":\"https:\/\/bobimarket.pl\/#website\",\"url\":\"https:\/\/bobimarket.pl\/\",\"name\":\"BOBIMARKET.pl - Remontuj i urz\u0105dzaj z nami\",\"description\":\"Remontuj i urz\u0105dzaj z nami\",\"publisher\":{\"@id\":\"https:\/\/bobimarket.pl\/#organization\"},\"potentialAction\":[{\"@type\":\"SearchAction\",\"target\":{\"@type\":\"EntryPoint\",\"urlTemplate\":\"https:\/\/bobimarket.pl\/?s={search_term_string}\"},\"query-input\":\"required name=search_term_string\"}],\"inLanguage\":\"pl-PL\"},{\"@type\":\"Organization\",\"@id\":\"https:\/\/bobimarket.pl\/#organization\",\"name\":\"BOBIMARKET.pl\",\"url\":\"https:\/\/bobimarket.pl\/\",\"logo\":{\"@type\":\"ImageObject\",\"inLanguage\":\"pl-PL\",\"@id\":\"https:\/\/bobimarket.pl\/#\/schema\/logo\/image\/\",\"url\":\"https:\/\/bobimarket.pl\/wp-content\/uploads\/2021\/11\/slogan.png\",\"contentUrl\":\"https:\/\/bobimarket.pl\/wp-content\/uploads\/2021\/11\/slogan.png\",\"width\":2000,\"height\":384,\"caption\":\"BOBIMARKET.pl\"},\"image\":{\"@id\":\"https:\/\/bobimarket.pl\/#\/schema\/logo\/image\/\"}}]}<\/script>\n<!-- \/ Yoast SEO plugin. -->","yoast_head_json":{"title":"Dostawa - BOBIMARKET.pl - Remontuj i urz\u0105dzaj z nami","description":"Zajmujemy si\u0119 handlem detalicznym i hurtowym. W naszej ofercie znajduj\u0105 si\u0119 narz\u0119dzia r\u0119czne, budowlane, akcesoria meblowe oraz r\u00f3\u017cnego rodzaju artyku\u0142y metalowe. Dodatkowo oferujemy szerok\u0105 gama pojemnik\u00f3w na \u017cywno\u015b\u0107 i do przechowywania oraz inne akcesoria kuchenne i ogrodowe.","robots":{"index":"index","follow":"follow","max-snippet":"max-snippet:-1","max-image-preview":"max-image-preview:large","max-video-preview":"max-video-preview:-1"},"canonical":"https:\/\/bobimarket.pl\/index.php\/dostawa\/","og_locale":"pl_PL","og_type":"article","og_title":"Dostawa - BOBIMARKET.pl - Remontuj i urz\u0105dzaj z nami","og_description":"Zajmujemy si\u0119 handlem detalicznym i hurtowym. W naszej ofercie znajduj\u0105 si\u0119 narz\u0119dzia r\u0119czne, budowlane, akcesoria meblowe oraz r\u00f3\u017cnego rodzaju artyku\u0142y metalowe. Dodatkowo oferujemy szerok\u0105 gama pojemnik\u00f3w na \u017cywno\u015b\u0107 i do przechowywania oraz inne akcesoria kuchenne i ogrodowe.","og_url":"https:\/\/bobimarket.pl\/index.php\/dostawa\/","og_site_name":"BOBIMARKET.pl - Remontuj i urz\u0105dzaj z nami","article_modified_time":"2022-06-18T16:30:18+00:00","og_image":[{"url":"http:\/\/chromium.themes.zone\/simple\/wp-content\/uploads\/sites\/2\/2018\/05\/chart2.png"}],"twitter_card":"summary_large_image","twitter_misc":{"Szacowany czas czytania":"1 minuta"},"schema":{"@context":"https:\/\/schema.org","@graph":[{"@type":"WebPage","@id":"https:\/\/bobimarket.pl\/index.php\/dostawa\/","url":"https:\/\/bobimarket.pl\/index.php\/dostawa\/","name":"Dostawa - BOBIMARKET.pl - Remontuj i urz\u0105dzaj z nami","isPartOf":{"@id":"https:\/\/bobimarket.pl\/#website"},"datePublished":"2021-11-26T16:36:03+00:00","dateModified":"2022-06-18T16:30:18+00:00","description":"Zajmujemy si\u0119 handlem detalicznym i hurtowym. W naszej ofercie znajduj\u0105 si\u0119 narz\u0119dzia r\u0119czne, budowlane, akcesoria meblowe oraz r\u00f3\u017cnego rodzaju artyku\u0142y metalowe. Dodatkowo oferujemy szerok\u0105 gama pojemnik\u00f3w na \u017cywno\u015b\u0107 i do przechowywania oraz inne akcesoria kuchenne i ogrodowe.","breadcrumb":{"@id":"https:\/\/bobimarket.pl\/index.php\/dostawa\/#breadcrumb"},"inLanguage":"pl-PL","potentialAction":[{"@type":"ReadAction","target":["https:\/\/bobimarket.pl\/index.php\/dostawa\/"]}]},{"@type":"BreadcrumbList","@id":"https:\/\/bobimarket.pl\/index.php\/dostawa\/#breadcrumb","itemListElement":[{"@type":"ListItem","position":1,"name":"Strona g\u0142\u00f3wna","item":"https:\/\/bobimarket.pl\/"},{"@type":"ListItem","position":2,"name":"Dostawa"}]},{"@type":"WebSite","@id":"https:\/\/bobimarket.pl\/#website","url":"https:\/\/bobimarket.pl\/","name":"BOBIMARKET.pl - Remontuj i urz\u0105dzaj z nami","description":"Remontuj i urz\u0105dzaj z nami","publisher":{"@id":"https:\/\/bobimarket.pl\/#organization"},"potentialAction":[{"@type":"SearchAction","target":{"@type":"EntryPoint","urlTemplate":"https:\/\/bobimarket.pl\/?s={search_term_string}"},"query-input":"required name=search_term_string"}],"inLanguage":"pl-PL"},{"@type":"Organization","@id":"https:\/\/bobimarket.pl\/#organization","name":"BOBIMARKET.pl","url":"https:\/\/bobimarket.pl\/","logo":{"@type":"ImageObject","inLanguage":"pl-PL","@id":"https:\/\/bobimarket.pl\/#\/schema\/logo\/image\/","url":"https:\/\/bobimarket.pl\/wp-content\/uploads\/2021\/11\/slogan.png","contentUrl":"https:\/\/bobimarket.pl\/wp-content\/uploads\/2021\/11\/slogan.png","width":2000,"height":384,"caption":"BOBIMARKET.pl"},"image":{"@id":"https:\/\/bobimarket.pl\/#\/schema\/logo\/image\/"}}]}},"_links":{"self":[{"href":"https:\/\/bobimarket.pl\/index.php\/wp-json\/wp\/v2\/pages\/14324"}],"collection":[{"href":"https:\/\/bobimarket.pl\/index.php\/wp-json\/wp\/v2\/pages"}],"about":[{"href":"https:\/\/bobimarket.pl\/index.php\/wp-json\/wp\/v2\/types\/page"}],"author":[{"embeddable":true,"href":"https:\/\/bobimarket.pl\/index.php\/wp-json\/wp\/v2\/users\/1"}],"replies":[{"embeddable":true,"href":"https:\/\/bobimarket.pl\/index.php\/wp-json\/wp\/v2\/comments?post=14324"}],"version-history":[{"count":9,"href":"https:\/\/bobimarket.pl\/index.php\/wp-json\/wp\/v2\/pages\/14324\/revisions"}],"predecessor-version":[{"id":55768,"href":"https:\/\/bobimarket.pl\/index.php\/wp-json\/wp\/v2\/pages\/14324\/revisions\/55768"}],"wp:attachment":[{"href":"https:\/\/bobimarket.pl\/index.php\/wp-json\/wp\/v2\/media?parent=14324"}],"curies":[{"name":"wp","href":"https:\/\/api.w.org\/{rel}","templated":true}]}}