{"id":79061,"date":"2023-08-29T13:30:54","date_gmt":"2023-08-29T13:30:54","guid":{"rendered":"https:\/\/bobimarket.pl\/index.php\/produkt\/zestaw-wkretakow-do-pobijania-wkretaki-srubokrety\/"},"modified":"2025-02-27T13:17:15","modified_gmt":"2025-02-27T13:17:15","slug":"zestaw-wkretakow-do-pobijania-wkretaki-srubokrety","status":"publish","type":"product","link":"https:\/\/bobimarket.pl\/index.php\/produkt\/zestaw-wkretakow-do-pobijania-wkretaki-srubokrety\/","title":{"rendered":"ZESTAW WKR\u0118TAK\u00d3W DO POBIJANIA WKR\u0118TAKI \u015aRUBOKR\u0118TY"},"content":{"rendered":"<section class=\"section\">\n<div class=\"item item-12\">\n<section class=\"text-item\">\n<h2>ZESTAW WKR\u0118TAK\u00d3W DO POBIJANIA WKR\u0118TAKI \u015aRUBOKR\u0118TY 7SZT<\/h2>\n<p><b>Dane Techniczne:<\/b><\/p>\n<ul>\n<li>Materia\u0142: Stal <b>chromowo-wanadowa<\/b><\/li>\n<li>R\u0119koje\u015b\u0107: Tworzywo dwukomponetowe<\/li>\n<li><b>Magnesowe<\/b> ko\u0144c\u00f3wki<\/li>\n<li>Skala twardo\u015bci: <b>HRC 51-54<\/b><\/li>\n<li>Wysoka jako\u015b\u0107 !!!<\/li>\n<\/ul>\n<h2>Zestaw zawiera:<\/h2>\n<p><b>Wkr\u0119taki p\u0142askie<\/b><\/p>\n<ul>\n<li>4&#215;75 mm<\/li>\n<li>5&#215;10 mm<\/li>\n<li>6&#215;125 mm<\/li>\n<li>8X150 mm<\/li>\n<\/ul>\n<p><b>Wkr\u0119taki krzy\u017cowe PH<\/b><\/p>\n<ul>\n<li>PH0x75 mm<\/li>\n<li>PH1x100 mm<\/li>\n<li>PH2x125 mm<\/li>\n<\/ul>\n<\/section><\/div>\n<\/section>\n<section class=\"section\">\n<div class=\"item item-12\">\n<section class=\"image-item\">\n            <img decoding=\"async\" src=\"https:\/\/upload.cdn.baselinker.com\/products\/14476\/65808629_1.jpg\" \/><br \/>\n        <\/section>\n<\/p><\/div>\n<\/section>\n<section class=\"section\">\n<div class=\"item item-12\">\n<section class=\"text-item\">\n<p>Wysokiej jako\u015bci zestaw wkr\u0119tak\u00f3w\u00a0 do pobijania z stali <b>CrV<\/b> zako\u0144czone <b>magnesow\u0105<\/b> ko\u0144c\u00f3wk\u0105. Monolityczna konstrukcja,ergonomiczny uchwyt.Wkr\u0119taki <b>Wzmocnione<\/b> metalowym elementem umo\u017cliwiaj\u0105cym pobijanie, dodatowo zako\u0144czone sze\u015bciok\u0105tn\u0105 konstrukcj\u0105 na klucz.Nieodzowny zestaw narzedzi w ka\u017cdym warsztacie.<\/p>\n<p><b>\u2705 Najwa\u017cniesze zalety:<\/b><\/p>\n<ul>\n<li>Wysoka jako\u015b\u0107 u\u017cytych materia\u0142\u00f3w<\/li>\n<li>Stal <b>CrV<\/b><\/li>\n<li><b>Magnesowe <\/b>konc\u00f3wki<\/li>\n<li>Ergonomiczny uchwyt<\/li>\n<li>Ochrona przed korozj\u0105<\/li>\n<\/ul>\n<\/section><\/div>\n<\/section>\n<section class=\"section\">\n<div class=\"item item-12\">\n<section class=\"image-item\">\n            <img decoding=\"async\" src=\"https:\/\/upload.cdn.baselinker.com\/products\/14476\/65808629_2.jpg\" \/><br \/>\n        <\/section>\n<\/p><\/div>\n<\/section>\n<section class=\"section\">\n<div class=\"item item-12\">\n<section class=\"image-item\">\n            <img decoding=\"async\" src=\"https:\/\/upload.cdn.baselinker.com\/products\/14476\/65808629_5.jpg\" \/><br \/>\n        <\/section>\n<\/p><\/div>\n<\/section>\n<section class=\"section\">\n<div class=\"item item-12\">\n<section class=\"image-item\">\n            <img decoding=\"async\" src=\"https:\/\/upload.cdn.baselinker.com\/products\/14476\/65808629_6.jpg\" \/><br \/>\n        <\/section>\n<\/p><\/div>\n<\/section>\n<section class=\"section\">\n<div class=\"item item-12\">\n<section class=\"image-item\">\n            <img decoding=\"async\" src=\"https:\/\/upload.cdn.baselinker.com\/products\/14476\/65808629_8.jpg\" \/><br \/>\n        <\/section>\n<\/p><\/div>\n<\/section>\n","protected":false},"excerpt":{"rendered":"<p><\/p>\n","protected":false},"featured_media":79055,"template":"","meta":[],"product_cat":[8071],"product_tag":[],"yoast_head":"<!-- This site is optimized with the Yoast SEO plugin v21.0 - https:\/\/yoast.com\/wordpress\/plugins\/seo\/ -->\n<title>ZESTAW WKR\u0118TAK\u00d3W DO POBIJANIA WKR\u0118TAKI \u015aRUBOKR\u0118TY - BOBIMARKET.pl - Remontuj i urz\u0105dzaj z nami<\/title>\n<meta name=\"robots\" content=\"index, follow, max-snippet:-1, max-image-preview:large, max-video-preview:-1\" \/>\n<link rel=\"canonical\" href=\"https:\/\/bobimarket.pl\/index.php\/produkt\/zestaw-wkretakow-do-pobijania-wkretaki-srubokrety\/\" \/>\n<meta property=\"og:locale\" content=\"pl_PL\" \/>\n<meta property=\"og:type\" content=\"article\" \/>\n<meta property=\"og:title\" content=\"ZESTAW WKR\u0118TAK\u00d3W DO POBIJANIA WKR\u0118TAKI \u015aRUBOKR\u0118TY - BOBIMARKET.pl - Remontuj i urz\u0105dzaj z nami\" \/>\n<meta property=\"og:url\" content=\"https:\/\/bobimarket.pl\/index.php\/produkt\/zestaw-wkretakow-do-pobijania-wkretaki-srubokrety\/\" \/>\n<meta property=\"og:site_name\" content=\"BOBIMARKET.pl - Remontuj i urz\u0105dzaj z nami\" \/>\n<meta property=\"article:modified_time\" content=\"2025-02-27T13:17:15+00:00\" \/>\n<meta property=\"og:image\" content=\"https:\/\/upload.cdn.baselinker.com\/products\/14476\/65808629_1.jpg\" \/>\n<meta name=\"twitter:card\" content=\"summary_large_image\" \/>\n<meta name=\"twitter:label1\" content=\"Szacowany czas czytania\" \/>\n\t<meta name=\"twitter:data1\" content=\"1 minuta\" \/>\n<script type=\"application\/ld+json\" class=\"yoast-schema-graph\">{\"@context\":\"https:\/\/schema.org\",\"@graph\":[{\"@type\":\"WebPage\",\"@id\":\"https:\/\/bobimarket.pl\/index.php\/produkt\/zestaw-wkretakow-do-pobijania-wkretaki-srubokrety\/\",\"url\":\"https:\/\/bobimarket.pl\/index.php\/produkt\/zestaw-wkretakow-do-pobijania-wkretaki-srubokrety\/\",\"name\":\"ZESTAW WKR\u0118TAK\u00d3W DO POBIJANIA WKR\u0118TAKI \u015aRUBOKR\u0118TY - BOBIMARKET.pl - Remontuj i urz\u0105dzaj z nami\",\"isPartOf\":{\"@id\":\"https:\/\/bobimarket.pl\/#website\"},\"datePublished\":\"2023-08-29T13:30:54+00:00\",\"dateModified\":\"2025-02-27T13:17:15+00:00\",\"breadcrumb\":{\"@id\":\"https:\/\/bobimarket.pl\/index.php\/produkt\/zestaw-wkretakow-do-pobijania-wkretaki-srubokrety\/#breadcrumb\"},\"inLanguage\":\"pl-PL\",\"potentialAction\":[{\"@type\":\"ReadAction\",\"target\":[\"https:\/\/bobimarket.pl\/index.php\/produkt\/zestaw-wkretakow-do-pobijania-wkretaki-srubokrety\/\"]}]},{\"@type\":\"BreadcrumbList\",\"@id\":\"https:\/\/bobimarket.pl\/index.php\/produkt\/zestaw-wkretakow-do-pobijania-wkretaki-srubokrety\/#breadcrumb\",\"itemListElement\":[{\"@type\":\"ListItem\",\"position\":1,\"name\":\"Strona g\u0142\u00f3wna\",\"item\":\"https:\/\/bobimarket.pl\/\"},{\"@type\":\"ListItem\",\"position\":2,\"name\":\"Sklep\",\"item\":\"https:\/\/bobimarket.pl\/index.php\/shop\/\"},{\"@type\":\"ListItem\",\"position\":3,\"name\":\"ZESTAW WKR\u0118TAK\u00d3W DO POBIJANIA WKR\u0118TAKI \u015aRUBOKR\u0118TY\"}]},{\"@type\":\"WebSite\",\"@id\":\"https:\/\/bobimarket.pl\/#website\",\"url\":\"https:\/\/bobimarket.pl\/\",\"name\":\"BOBIMARKET.pl - Remontuj i urz\u0105dzaj z nami\",\"description\":\"Remontuj i urz\u0105dzaj z nami\",\"publisher\":{\"@id\":\"https:\/\/bobimarket.pl\/#organization\"},\"potentialAction\":[{\"@type\":\"SearchAction\",\"target\":{\"@type\":\"EntryPoint\",\"urlTemplate\":\"https:\/\/bobimarket.pl\/?s={search_term_string}\"},\"query-input\":\"required name=search_term_string\"}],\"inLanguage\":\"pl-PL\"},{\"@type\":\"Organization\",\"@id\":\"https:\/\/bobimarket.pl\/#organization\",\"name\":\"BOBIMARKET.pl\",\"url\":\"https:\/\/bobimarket.pl\/\",\"logo\":{\"@type\":\"ImageObject\",\"inLanguage\":\"pl-PL\",\"@id\":\"https:\/\/bobimarket.pl\/#\/schema\/logo\/image\/\",\"url\":\"https:\/\/bobimarket.pl\/wp-content\/uploads\/2021\/11\/slogan.png\",\"contentUrl\":\"https:\/\/bobimarket.pl\/wp-content\/uploads\/2021\/11\/slogan.png\",\"width\":2000,\"height\":384,\"caption\":\"BOBIMARKET.pl\"},\"image\":{\"@id\":\"https:\/\/bobimarket.pl\/#\/schema\/logo\/image\/\"}}]}<\/script>\n<!-- \/ Yoast SEO plugin. -->","yoast_head_json":{"title":"ZESTAW WKR\u0118TAK\u00d3W DO POBIJANIA WKR\u0118TAKI \u015aRUBOKR\u0118TY - BOBIMARKET.pl - Remontuj i urz\u0105dzaj z nami","robots":{"index":"index","follow":"follow","max-snippet":"max-snippet:-1","max-image-preview":"max-image-preview:large","max-video-preview":"max-video-preview:-1"},"canonical":"https:\/\/bobimarket.pl\/index.php\/produkt\/zestaw-wkretakow-do-pobijania-wkretaki-srubokrety\/","og_locale":"pl_PL","og_type":"article","og_title":"ZESTAW WKR\u0118TAK\u00d3W DO POBIJANIA WKR\u0118TAKI \u015aRUBOKR\u0118TY - BOBIMARKET.pl - Remontuj i urz\u0105dzaj z nami","og_url":"https:\/\/bobimarket.pl\/index.php\/produkt\/zestaw-wkretakow-do-pobijania-wkretaki-srubokrety\/","og_site_name":"BOBIMARKET.pl - Remontuj i urz\u0105dzaj z nami","article_modified_time":"2025-02-27T13:17:15+00:00","og_image":[{"url":"https:\/\/upload.cdn.baselinker.com\/products\/14476\/65808629_1.jpg"}],"twitter_card":"summary_large_image","twitter_misc":{"Szacowany czas czytania":"1 minuta"},"schema":{"@context":"https:\/\/schema.org","@graph":[{"@type":"WebPage","@id":"https:\/\/bobimarket.pl\/index.php\/produkt\/zestaw-wkretakow-do-pobijania-wkretaki-srubokrety\/","url":"https:\/\/bobimarket.pl\/index.php\/produkt\/zestaw-wkretakow-do-pobijania-wkretaki-srubokrety\/","name":"ZESTAW WKR\u0118TAK\u00d3W DO POBIJANIA WKR\u0118TAKI \u015aRUBOKR\u0118TY - BOBIMARKET.pl - Remontuj i urz\u0105dzaj z nami","isPartOf":{"@id":"https:\/\/bobimarket.pl\/#website"},"datePublished":"2023-08-29T13:30:54+00:00","dateModified":"2025-02-27T13:17:15+00:00","breadcrumb":{"@id":"https:\/\/bobimarket.pl\/index.php\/produkt\/zestaw-wkretakow-do-pobijania-wkretaki-srubokrety\/#breadcrumb"},"inLanguage":"pl-PL","potentialAction":[{"@type":"ReadAction","target":["https:\/\/bobimarket.pl\/index.php\/produkt\/zestaw-wkretakow-do-pobijania-wkretaki-srubokrety\/"]}]},{"@type":"BreadcrumbList","@id":"https:\/\/bobimarket.pl\/index.php\/produkt\/zestaw-wkretakow-do-pobijania-wkretaki-srubokrety\/#breadcrumb","itemListElement":[{"@type":"ListItem","position":1,"name":"Strona g\u0142\u00f3wna","item":"https:\/\/bobimarket.pl\/"},{"@type":"ListItem","position":2,"name":"Sklep","item":"https:\/\/bobimarket.pl\/index.php\/shop\/"},{"@type":"ListItem","position":3,"name":"ZESTAW WKR\u0118TAK\u00d3W DO POBIJANIA WKR\u0118TAKI \u015aRUBOKR\u0118TY"}]},{"@type":"WebSite","@id":"https:\/\/bobimarket.pl\/#website","url":"https:\/\/bobimarket.pl\/","name":"BOBIMARKET.pl - Remontuj i urz\u0105dzaj z nami","description":"Remontuj i urz\u0105dzaj z nami","publisher":{"@id":"https:\/\/bobimarket.pl\/#organization"},"potentialAction":[{"@type":"SearchAction","target":{"@type":"EntryPoint","urlTemplate":"https:\/\/bobimarket.pl\/?s={search_term_string}"},"query-input":"required name=search_term_string"}],"inLanguage":"pl-PL"},{"@type":"Organization","@id":"https:\/\/bobimarket.pl\/#organization","name":"BOBIMARKET.pl","url":"https:\/\/bobimarket.pl\/","logo":{"@type":"ImageObject","inLanguage":"pl-PL","@id":"https:\/\/bobimarket.pl\/#\/schema\/logo\/image\/","url":"https:\/\/bobimarket.pl\/wp-content\/uploads\/2021\/11\/slogan.png","contentUrl":"https:\/\/bobimarket.pl\/wp-content\/uploads\/2021\/11\/slogan.png","width":2000,"height":384,"caption":"BOBIMARKET.pl"},"image":{"@id":"https:\/\/bobimarket.pl\/#\/schema\/logo\/image\/"}}]}},"_links":{"self":[{"href":"https:\/\/bobimarket.pl\/index.php\/wp-json\/wp\/v2\/product\/79061"}],"collection":[{"href":"https:\/\/bobimarket.pl\/index.php\/wp-json\/wp\/v2\/product"}],"about":[{"href":"https:\/\/bobimarket.pl\/index.php\/wp-json\/wp\/v2\/types\/product"}],"wp:featuredmedia":[{"embeddable":true,"href":"https:\/\/bobimarket.pl\/index.php\/wp-json\/wp\/v2\/media\/79055"}],"wp:attachment":[{"href":"https:\/\/bobimarket.pl\/index.php\/wp-json\/wp\/v2\/media?parent=79061"}],"wp:term":[{"taxonomy":"product_cat","embeddable":true,"href":"https:\/\/bobimarket.pl\/index.php\/wp-json\/wp\/v2\/product_cat?post=79061"},{"taxonomy":"product_tag","embeddable":true,"href":"https:\/\/bobimarket.pl\/index.php\/wp-json\/wp\/v2\/product_tag?post=79061"}],"curies":[{"name":"wp","href":"https:\/\/api.w.org\/{rel}","templated":true}]}}