{"id":79097,"date":"2023-08-29T13:38:37","date_gmt":"2023-08-29T13:38:37","guid":{"rendered":"https:\/\/bobimarket.pl\/index.php\/produkt\/linial-mierniczy-aluminiowy-linijka-miara-400-mm\/"},"modified":"2025-02-27T13:17:48","modified_gmt":"2025-02-27T13:17:48","slug":"linial-mierniczy-aluminiowy-linijka-miara-400-mm","status":"publish","type":"product","link":"https:\/\/bobimarket.pl\/index.php\/produkt\/linial-mierniczy-aluminiowy-linijka-miara-400-mm\/","title":{"rendered":"LINIA\u0141 MIERNICZY ALUMINIOWY LINIJKA MIARA 400 MM"},"content":{"rendered":"<section class=\"section\">\n<div class=\"item item-6\">\n<section class=\"text-item\">\n<h2>\u00a0LINIA\u0141 MIERNICZY ALUMINIOWY LINIJKA MIARA 400 MM<\/h2>\n<p><b>Dane Techniczne:<\/b><\/p>\n<ul>\n<li>D\u0142ugo\u015b\u0107:<b> 400mm<\/b><\/li>\n<li>Szeroko\u015b\u0107:<b> 40mm<\/b><\/li>\n<li>Materia\u0142: Aluminium<\/li>\n<li>Podzia\u0142 metryczny<\/li>\n<\/ul>\n<\/section><\/div>\n<div class=\"item item-6\">\n<section class=\"image-item\">\n<\/section><\/div>\n<\/section>\n<section class=\"section\">\n<div class=\"item item-6\">\n<section class=\"image-item\">\n                <img decoding=\"async\" src=\"https:\/\/upload.cdn.baselinker.com\/products\/14476\/74139468_2.jpg\" \/><br \/>\n            <\/section>\n<\/p><\/div>\n<div class=\"item item-6\">\n<section class=\"text-item\">\n<p>Linia\u0142 powsta\u0142 z aluminium dzi\u0119ki czemu jest lekki i odporny na rdz\u0119. Umo\u017cliwia on dok\u0142adne odczytywanie jak i nanoszenie pomiar\u00f3w.<\/p>\n<p>Nieodzowne narz\u0119dzie ka\u017cdego rzemie\u015blnika,hobbysty.<\/p>\n<\/section><\/div>\n<\/section>\n<section class=\"section\">\n<div class=\"item item-6\">\n<section class=\"image-item\">\n<\/section><\/div>\n<div class=\"item item-6\">\n<section class=\"image-item\">\n<\/section><\/div>\n<\/section>\n<section class=\"section\">\n<div class=\"item item-12\">\n<section class=\"image-item\">\n                <img decoding=\"async\" src=\"https:\/\/upload.cdn.baselinker.com\/products\/14476\/74139468_4.jpg\" \/><br \/>\n            <\/section>\n<\/p><\/div>\n<\/section>\n","protected":false},"excerpt":{"rendered":"<p>\u00a0LINIA\u0141 MIERNICZY ALUMINIOWY LINIJKA MIARA 400 MM Dane Techniczne: D\u0142ugo\u015b\u0107: 400mm Szeroko\u015b\u0107: 40mm Materia\u0142: Aluminium Podzia\u0142 metryczny Linia\u0142 powsta\u0142 z aluminium dzi\u0119ki czemu jest lekki i odporny na rdz\u0119. Umo\u017cliwia on dok\u0142adne odczytywanie jak i nanoszenie pomiar\u00f3w. Nieodzowne narz\u0119dzie ka\u017cdego rzemie\u015blnika,hobbysty.<\/p>\n","protected":false},"featured_media":79095,"template":"","meta":[],"product_cat":[8078],"product_tag":[],"yoast_head":"<!-- This site is optimized with the Yoast SEO plugin v21.0 - https:\/\/yoast.com\/wordpress\/plugins\/seo\/ -->\n<title>LINIA\u0141 MIERNICZY ALUMINIOWY LINIJKA MIARA 400 MM - BOBIMARKET.pl - Remontuj i urz\u0105dzaj z nami<\/title>\n<meta name=\"robots\" content=\"index, follow, max-snippet:-1, max-image-preview:large, max-video-preview:-1\" \/>\n<link rel=\"canonical\" href=\"https:\/\/bobimarket.pl\/index.php\/produkt\/linial-mierniczy-aluminiowy-linijka-miara-400-mm\/\" \/>\n<meta property=\"og:locale\" content=\"pl_PL\" \/>\n<meta property=\"og:type\" content=\"article\" \/>\n<meta property=\"og:title\" content=\"LINIA\u0141 MIERNICZY ALUMINIOWY LINIJKA MIARA 400 MM - BOBIMARKET.pl - Remontuj i urz\u0105dzaj z nami\" \/>\n<meta property=\"og:description\" content=\"\u00a0LINIA\u0141 MIERNICZY ALUMINIOWY LINIJKA MIARA 400 MM Dane Techniczne: D\u0142ugo\u015b\u0107: 400mm Szeroko\u015b\u0107: 40mm Materia\u0142: Aluminium Podzia\u0142 metryczny Linia\u0142 powsta\u0142 z aluminium dzi\u0119ki czemu jest lekki i odporny na rdz\u0119. Umo\u017cliwia on dok\u0142adne odczytywanie jak i nanoszenie pomiar\u00f3w. Nieodzowne narz\u0119dzie ka\u017cdego rzemie\u015blnika,hobbysty.\" \/>\n<meta property=\"og:url\" content=\"https:\/\/bobimarket.pl\/index.php\/produkt\/linial-mierniczy-aluminiowy-linijka-miara-400-mm\/\" \/>\n<meta property=\"og:site_name\" content=\"BOBIMARKET.pl - Remontuj i urz\u0105dzaj z nami\" \/>\n<meta property=\"article:modified_time\" content=\"2025-02-27T13:17:48+00:00\" \/>\n<meta property=\"og:image\" content=\"https:\/\/upload.cdn.baselinker.com\/products\/14476\/74139468_2.jpg\" \/>\n<meta name=\"twitter:card\" content=\"summary_large_image\" \/>\n<script type=\"application\/ld+json\" class=\"yoast-schema-graph\">{\"@context\":\"https:\/\/schema.org\",\"@graph\":[{\"@type\":\"WebPage\",\"@id\":\"https:\/\/bobimarket.pl\/index.php\/produkt\/linial-mierniczy-aluminiowy-linijka-miara-400-mm\/\",\"url\":\"https:\/\/bobimarket.pl\/index.php\/produkt\/linial-mierniczy-aluminiowy-linijka-miara-400-mm\/\",\"name\":\"LINIA\u0141 MIERNICZY ALUMINIOWY LINIJKA MIARA 400 MM - BOBIMARKET.pl - Remontuj i urz\u0105dzaj z nami\",\"isPartOf\":{\"@id\":\"https:\/\/bobimarket.pl\/#website\"},\"datePublished\":\"2023-08-29T13:38:37+00:00\",\"dateModified\":\"2025-02-27T13:17:48+00:00\",\"breadcrumb\":{\"@id\":\"https:\/\/bobimarket.pl\/index.php\/produkt\/linial-mierniczy-aluminiowy-linijka-miara-400-mm\/#breadcrumb\"},\"inLanguage\":\"pl-PL\",\"potentialAction\":[{\"@type\":\"ReadAction\",\"target\":[\"https:\/\/bobimarket.pl\/index.php\/produkt\/linial-mierniczy-aluminiowy-linijka-miara-400-mm\/\"]}]},{\"@type\":\"BreadcrumbList\",\"@id\":\"https:\/\/bobimarket.pl\/index.php\/produkt\/linial-mierniczy-aluminiowy-linijka-miara-400-mm\/#breadcrumb\",\"itemListElement\":[{\"@type\":\"ListItem\",\"position\":1,\"name\":\"Strona g\u0142\u00f3wna\",\"item\":\"https:\/\/bobimarket.pl\/\"},{\"@type\":\"ListItem\",\"position\":2,\"name\":\"Sklep\",\"item\":\"https:\/\/bobimarket.pl\/index.php\/shop\/\"},{\"@type\":\"ListItem\",\"position\":3,\"name\":\"LINIA\u0141 MIERNICZY ALUMINIOWY LINIJKA MIARA 400 MM\"}]},{\"@type\":\"WebSite\",\"@id\":\"https:\/\/bobimarket.pl\/#website\",\"url\":\"https:\/\/bobimarket.pl\/\",\"name\":\"BOBIMARKET.pl - Remontuj i urz\u0105dzaj z nami\",\"description\":\"Remontuj i urz\u0105dzaj z nami\",\"publisher\":{\"@id\":\"https:\/\/bobimarket.pl\/#organization\"},\"potentialAction\":[{\"@type\":\"SearchAction\",\"target\":{\"@type\":\"EntryPoint\",\"urlTemplate\":\"https:\/\/bobimarket.pl\/?s={search_term_string}\"},\"query-input\":\"required name=search_term_string\"}],\"inLanguage\":\"pl-PL\"},{\"@type\":\"Organization\",\"@id\":\"https:\/\/bobimarket.pl\/#organization\",\"name\":\"BOBIMARKET.pl\",\"url\":\"https:\/\/bobimarket.pl\/\",\"logo\":{\"@type\":\"ImageObject\",\"inLanguage\":\"pl-PL\",\"@id\":\"https:\/\/bobimarket.pl\/#\/schema\/logo\/image\/\",\"url\":\"https:\/\/bobimarket.pl\/wp-content\/uploads\/2021\/11\/slogan.png\",\"contentUrl\":\"https:\/\/bobimarket.pl\/wp-content\/uploads\/2021\/11\/slogan.png\",\"width\":2000,\"height\":384,\"caption\":\"BOBIMARKET.pl\"},\"image\":{\"@id\":\"https:\/\/bobimarket.pl\/#\/schema\/logo\/image\/\"}}]}<\/script>\n<!-- \/ Yoast SEO plugin. -->","yoast_head_json":{"title":"LINIA\u0141 MIERNICZY ALUMINIOWY LINIJKA MIARA 400 MM - BOBIMARKET.pl - Remontuj i urz\u0105dzaj z nami","robots":{"index":"index","follow":"follow","max-snippet":"max-snippet:-1","max-image-preview":"max-image-preview:large","max-video-preview":"max-video-preview:-1"},"canonical":"https:\/\/bobimarket.pl\/index.php\/produkt\/linial-mierniczy-aluminiowy-linijka-miara-400-mm\/","og_locale":"pl_PL","og_type":"article","og_title":"LINIA\u0141 MIERNICZY ALUMINIOWY LINIJKA MIARA 400 MM - BOBIMARKET.pl - Remontuj i urz\u0105dzaj z nami","og_description":"\u00a0LINIA\u0141 MIERNICZY ALUMINIOWY LINIJKA MIARA 400 MM Dane Techniczne: D\u0142ugo\u015b\u0107: 400mm Szeroko\u015b\u0107: 40mm Materia\u0142: Aluminium Podzia\u0142 metryczny Linia\u0142 powsta\u0142 z aluminium dzi\u0119ki czemu jest lekki i odporny na rdz\u0119. Umo\u017cliwia on dok\u0142adne odczytywanie jak i nanoszenie pomiar\u00f3w. Nieodzowne narz\u0119dzie ka\u017cdego rzemie\u015blnika,hobbysty.","og_url":"https:\/\/bobimarket.pl\/index.php\/produkt\/linial-mierniczy-aluminiowy-linijka-miara-400-mm\/","og_site_name":"BOBIMARKET.pl - Remontuj i urz\u0105dzaj z nami","article_modified_time":"2025-02-27T13:17:48+00:00","og_image":[{"url":"https:\/\/upload.cdn.baselinker.com\/products\/14476\/74139468_2.jpg"}],"twitter_card":"summary_large_image","schema":{"@context":"https:\/\/schema.org","@graph":[{"@type":"WebPage","@id":"https:\/\/bobimarket.pl\/index.php\/produkt\/linial-mierniczy-aluminiowy-linijka-miara-400-mm\/","url":"https:\/\/bobimarket.pl\/index.php\/produkt\/linial-mierniczy-aluminiowy-linijka-miara-400-mm\/","name":"LINIA\u0141 MIERNICZY ALUMINIOWY LINIJKA MIARA 400 MM - BOBIMARKET.pl - Remontuj i urz\u0105dzaj z nami","isPartOf":{"@id":"https:\/\/bobimarket.pl\/#website"},"datePublished":"2023-08-29T13:38:37+00:00","dateModified":"2025-02-27T13:17:48+00:00","breadcrumb":{"@id":"https:\/\/bobimarket.pl\/index.php\/produkt\/linial-mierniczy-aluminiowy-linijka-miara-400-mm\/#breadcrumb"},"inLanguage":"pl-PL","potentialAction":[{"@type":"ReadAction","target":["https:\/\/bobimarket.pl\/index.php\/produkt\/linial-mierniczy-aluminiowy-linijka-miara-400-mm\/"]}]},{"@type":"BreadcrumbList","@id":"https:\/\/bobimarket.pl\/index.php\/produkt\/linial-mierniczy-aluminiowy-linijka-miara-400-mm\/#breadcrumb","itemListElement":[{"@type":"ListItem","position":1,"name":"Strona g\u0142\u00f3wna","item":"https:\/\/bobimarket.pl\/"},{"@type":"ListItem","position":2,"name":"Sklep","item":"https:\/\/bobimarket.pl\/index.php\/shop\/"},{"@type":"ListItem","position":3,"name":"LINIA\u0141 MIERNICZY ALUMINIOWY LINIJKA MIARA 400 MM"}]},{"@type":"WebSite","@id":"https:\/\/bobimarket.pl\/#website","url":"https:\/\/bobimarket.pl\/","name":"BOBIMARKET.pl - Remontuj i urz\u0105dzaj z nami","description":"Remontuj i urz\u0105dzaj z nami","publisher":{"@id":"https:\/\/bobimarket.pl\/#organization"},"potentialAction":[{"@type":"SearchAction","target":{"@type":"EntryPoint","urlTemplate":"https:\/\/bobimarket.pl\/?s={search_term_string}"},"query-input":"required name=search_term_string"}],"inLanguage":"pl-PL"},{"@type":"Organization","@id":"https:\/\/bobimarket.pl\/#organization","name":"BOBIMARKET.pl","url":"https:\/\/bobimarket.pl\/","logo":{"@type":"ImageObject","inLanguage":"pl-PL","@id":"https:\/\/bobimarket.pl\/#\/schema\/logo\/image\/","url":"https:\/\/bobimarket.pl\/wp-content\/uploads\/2021\/11\/slogan.png","contentUrl":"https:\/\/bobimarket.pl\/wp-content\/uploads\/2021\/11\/slogan.png","width":2000,"height":384,"caption":"BOBIMARKET.pl"},"image":{"@id":"https:\/\/bobimarket.pl\/#\/schema\/logo\/image\/"}}]}},"_links":{"self":[{"href":"https:\/\/bobimarket.pl\/index.php\/wp-json\/wp\/v2\/product\/79097"}],"collection":[{"href":"https:\/\/bobimarket.pl\/index.php\/wp-json\/wp\/v2\/product"}],"about":[{"href":"https:\/\/bobimarket.pl\/index.php\/wp-json\/wp\/v2\/types\/product"}],"wp:featuredmedia":[{"embeddable":true,"href":"https:\/\/bobimarket.pl\/index.php\/wp-json\/wp\/v2\/media\/79095"}],"wp:attachment":[{"href":"https:\/\/bobimarket.pl\/index.php\/wp-json\/wp\/v2\/media?parent=79097"}],"wp:term":[{"taxonomy":"product_cat","embeddable":true,"href":"https:\/\/bobimarket.pl\/index.php\/wp-json\/wp\/v2\/product_cat?post=79097"},{"taxonomy":"product_tag","embeddable":true,"href":"https:\/\/bobimarket.pl\/index.php\/wp-json\/wp\/v2\/product_tag?post=79097"}],"curies":[{"name":"wp","href":"https:\/\/api.w.org\/{rel}","templated":true}]}}