{"id":79154,"date":"2023-08-29T13:44:59","date_gmt":"2023-08-29T13:44:59","guid":{"rendered":"https:\/\/bobimarket.pl\/index.php\/produkt\/filtr-do-rynny-rynien-koszyczek-sitko-4-szt\/"},"modified":"2025-02-27T13:18:18","modified_gmt":"2025-02-27T13:18:18","slug":"filtr-do-rynny-rynien-koszyczek-sitko-4-szt","status":"publish","type":"product","link":"https:\/\/bobimarket.pl\/index.php\/produkt\/filtr-do-rynny-rynien-koszyczek-sitko-4-szt\/","title":{"rendered":"FILTR DO RYNNY RYNIEN KOSZYCZEK SITKO 4 szt"},"content":{"rendered":"<section class=\"section\">\n<div class=\"item item-6\">\n<section class=\"image-item\">\n                <img decoding=\"async\" src=\"https:\/\/upload.cdn.baselinker.com\/products\/14476\/89469893.jpg\"><br \/>\n            <\/section>\n<\/p><\/div>\n<div class=\"item item-6\">\n<section class=\"text-item\">\n<h2>FILTR DO RYNNY RYNIEN KOSZYCZEK SITKO 4 szt<\/h2>\n<p><b>Dane techniczne:<\/b><\/p>\n<ul>\n<li>Wysoko\u015b\u0107: <b>15 cm<\/b><\/li>\n<li>Szeroko\u015b\u0107 na dole: <b>ok. 9 cm<\/b><\/li>\n<li>Szeroko\u015b\u0107 u g\u00f3ry: <b>13 cm<\/b><\/li>\n<li>Producent: Garden Line<\/li>\n<\/ul>\n<p><b>Zestaw zawiera 4 filtry do rynien (sitka).<\/b><\/p>\n<\/section><\/div>\n<\/section>\n<section class=\"section\">\n<div class=\"item item-6\">\n<section class=\"image-item\">\n                <img decoding=\"async\" src=\"https:\/\/upload.cdn.baselinker.com\/products\/14476\/89469893_2.jpg\"><br \/>\n            <\/section>\n<\/p><\/div>\n<div class=\"item item-6\">\n<section class=\"text-item\">\n<p><b>Praktyczny element wyposa\u017cenia domu, kt\u00f3ry u\u0142atwi Twoje \u017cycie!<\/b><\/p>\n<p>Koszyczkowy filtr do rynien zapewnia<b> zabezpieczenie przed zapychaniem rynien<\/b>. Koszyczek zatrzymuje zanieczyszczenia, jednocze\u015bnie zapewniaj\u0105c swobodny przep\u0142yw wody. Wysoka jako\u015b\u0107 gwarantuje trwa\u0142o\u015b\u0107 produktu.\u00a0<\/p>\n<p><b>\u2705 Zalety filtra do rynien:<\/b><\/p>\n<ul>\n<li>prosty i szybki system czyszczenia koszyczka<\/li>\n<li>\u0142atwy do zamontowania<\/li>\n<li>odporny na dzia\u0142anie warunk\u00f3w atmosferycznych<\/li>\n<li>praktycznie niezauwa\u017calny z poziomu ziemi<\/li>\n<\/ul>\n<\/section><\/div>\n<\/section>\n<section class=\"section\">\n<div class=\"item item-6\">\n<section class=\"image-item\">\n                <img decoding=\"async\" src=\"https:\/\/upload.cdn.baselinker.com\/products\/14476\/89469893_1.jpg\"><br \/>\n            <\/section>\n<\/p><\/div>\n<div class=\"item item-6\">\n<section class=\"text-item\">\n<p><b>\u2705 Monta\u017c filtra:<\/b><\/p>\n<p>Wystarczy wcisn\u0105\u0107 koszyk w wylot rynny do sztucera. Uniwersalny rozmiar umo\u017cliwia dostosowania do ka\u017cdej rynny.<\/p>\n<\/section><\/div>\n<\/section>\n","protected":false},"excerpt":{"rendered":"<p>FILTR DO RYNNY RYNIEN KOSZYCZEK SITKO 4 szt Dane techniczne: Wysoko\u015b\u0107: 15 cm Szeroko\u015b\u0107 na dole: ok. 9 cm Szeroko\u015b\u0107 u g\u00f3ry: 13 cm Producent: Garden Line Zestaw zawiera 4 filtry do rynien (sitka). Praktyczny element wyposa\u017cenia domu, kt\u00f3ry u\u0142atwi Twoje \u017cycie! Koszyczkowy filtr do rynien zapewnia zabezpieczenie przed zapychaniem rynien. Koszyczek zatrzymuje zanieczyszczenia, jednocze\u015bnie<br \/><a class=\"more-link\" href=\"https:\/\/bobimarket.pl\/index.php\/produkt\/filtr-do-rynny-rynien-koszyczek-sitko-4-szt\/\"><br \/>\n        Czytaj wi\u0119cej<span class=\"screen-reader-text\"> &#8222;FILTR DO RYNNY RYNIEN KOSZYCZEK SITKO 4 szt&#8221;<\/span><\/a><\/p>\n","protected":false},"featured_media":79151,"template":"","meta":[],"product_cat":[8091],"product_tag":[],"yoast_head":"<!-- This site is optimized with the Yoast SEO plugin v21.0 - https:\/\/yoast.com\/wordpress\/plugins\/seo\/ -->\n<title>FILTR DO RYNNY RYNIEN KOSZYCZEK SITKO 4 szt - BOBIMARKET.pl - Remontuj i urz\u0105dzaj z nami<\/title>\n<meta name=\"robots\" content=\"index, follow, max-snippet:-1, max-image-preview:large, max-video-preview:-1\" \/>\n<link rel=\"canonical\" href=\"https:\/\/bobimarket.pl\/index.php\/produkt\/filtr-do-rynny-rynien-koszyczek-sitko-4-szt\/\" \/>\n<meta property=\"og:locale\" content=\"pl_PL\" \/>\n<meta property=\"og:type\" content=\"article\" \/>\n<meta property=\"og:title\" content=\"FILTR DO RYNNY RYNIEN KOSZYCZEK SITKO 4 szt - BOBIMARKET.pl - Remontuj i urz\u0105dzaj z nami\" \/>\n<meta property=\"og:description\" content=\"FILTR DO RYNNY RYNIEN KOSZYCZEK SITKO 4 szt Dane techniczne: Wysoko\u015b\u0107: 15 cm Szeroko\u015b\u0107 na dole: ok. 9 cm Szeroko\u015b\u0107 u g\u00f3ry: 13 cm Producent: Garden Line Zestaw zawiera 4 filtry do rynien (sitka). Praktyczny element wyposa\u017cenia domu, kt\u00f3ry u\u0142atwi Twoje \u017cycie! Koszyczkowy filtr do rynien zapewnia zabezpieczenie przed zapychaniem rynien. Koszyczek zatrzymuje zanieczyszczenia, jednocze\u015bnie     Czytaj wi\u0119cej &quot;FILTR DO RYNNY RYNIEN KOSZYCZEK SITKO 4 szt&quot;\" \/>\n<meta property=\"og:url\" content=\"https:\/\/bobimarket.pl\/index.php\/produkt\/filtr-do-rynny-rynien-koszyczek-sitko-4-szt\/\" \/>\n<meta property=\"og:site_name\" content=\"BOBIMARKET.pl - Remontuj i urz\u0105dzaj z nami\" \/>\n<meta property=\"article:modified_time\" content=\"2025-02-27T13:18:18+00:00\" \/>\n<meta property=\"og:image\" content=\"https:\/\/upload.cdn.baselinker.com\/products\/14476\/89469893.jpg\" \/>\n<meta name=\"twitter:card\" content=\"summary_large_image\" \/>\n<meta name=\"twitter:label1\" content=\"Szacowany czas czytania\" \/>\n\t<meta name=\"twitter:data1\" content=\"1 minuta\" \/>\n<script type=\"application\/ld+json\" class=\"yoast-schema-graph\">{\"@context\":\"https:\/\/schema.org\",\"@graph\":[{\"@type\":\"WebPage\",\"@id\":\"https:\/\/bobimarket.pl\/index.php\/produkt\/filtr-do-rynny-rynien-koszyczek-sitko-4-szt\/\",\"url\":\"https:\/\/bobimarket.pl\/index.php\/produkt\/filtr-do-rynny-rynien-koszyczek-sitko-4-szt\/\",\"name\":\"FILTR DO RYNNY RYNIEN KOSZYCZEK SITKO 4 szt - BOBIMARKET.pl - Remontuj i urz\u0105dzaj z nami\",\"isPartOf\":{\"@id\":\"https:\/\/bobimarket.pl\/#website\"},\"datePublished\":\"2023-08-29T13:44:59+00:00\",\"dateModified\":\"2025-02-27T13:18:18+00:00\",\"breadcrumb\":{\"@id\":\"https:\/\/bobimarket.pl\/index.php\/produkt\/filtr-do-rynny-rynien-koszyczek-sitko-4-szt\/#breadcrumb\"},\"inLanguage\":\"pl-PL\",\"potentialAction\":[{\"@type\":\"ReadAction\",\"target\":[\"https:\/\/bobimarket.pl\/index.php\/produkt\/filtr-do-rynny-rynien-koszyczek-sitko-4-szt\/\"]}]},{\"@type\":\"BreadcrumbList\",\"@id\":\"https:\/\/bobimarket.pl\/index.php\/produkt\/filtr-do-rynny-rynien-koszyczek-sitko-4-szt\/#breadcrumb\",\"itemListElement\":[{\"@type\":\"ListItem\",\"position\":1,\"name\":\"Strona g\u0142\u00f3wna\",\"item\":\"https:\/\/bobimarket.pl\/\"},{\"@type\":\"ListItem\",\"position\":2,\"name\":\"Sklep\",\"item\":\"https:\/\/bobimarket.pl\/index.php\/shop\/\"},{\"@type\":\"ListItem\",\"position\":3,\"name\":\"FILTR DO RYNNY RYNIEN KOSZYCZEK SITKO 4 szt\"}]},{\"@type\":\"WebSite\",\"@id\":\"https:\/\/bobimarket.pl\/#website\",\"url\":\"https:\/\/bobimarket.pl\/\",\"name\":\"BOBIMARKET.pl - Remontuj i urz\u0105dzaj z nami\",\"description\":\"Remontuj i urz\u0105dzaj z nami\",\"publisher\":{\"@id\":\"https:\/\/bobimarket.pl\/#organization\"},\"potentialAction\":[{\"@type\":\"SearchAction\",\"target\":{\"@type\":\"EntryPoint\",\"urlTemplate\":\"https:\/\/bobimarket.pl\/?s={search_term_string}\"},\"query-input\":\"required name=search_term_string\"}],\"inLanguage\":\"pl-PL\"},{\"@type\":\"Organization\",\"@id\":\"https:\/\/bobimarket.pl\/#organization\",\"name\":\"BOBIMARKET.pl\",\"url\":\"https:\/\/bobimarket.pl\/\",\"logo\":{\"@type\":\"ImageObject\",\"inLanguage\":\"pl-PL\",\"@id\":\"https:\/\/bobimarket.pl\/#\/schema\/logo\/image\/\",\"url\":\"https:\/\/bobimarket.pl\/wp-content\/uploads\/2021\/11\/slogan.png\",\"contentUrl\":\"https:\/\/bobimarket.pl\/wp-content\/uploads\/2021\/11\/slogan.png\",\"width\":2000,\"height\":384,\"caption\":\"BOBIMARKET.pl\"},\"image\":{\"@id\":\"https:\/\/bobimarket.pl\/#\/schema\/logo\/image\/\"}}]}<\/script>\n<!-- \/ Yoast SEO plugin. -->","yoast_head_json":{"title":"FILTR DO RYNNY RYNIEN KOSZYCZEK SITKO 4 szt - BOBIMARKET.pl - Remontuj i urz\u0105dzaj z nami","robots":{"index":"index","follow":"follow","max-snippet":"max-snippet:-1","max-image-preview":"max-image-preview:large","max-video-preview":"max-video-preview:-1"},"canonical":"https:\/\/bobimarket.pl\/index.php\/produkt\/filtr-do-rynny-rynien-koszyczek-sitko-4-szt\/","og_locale":"pl_PL","og_type":"article","og_title":"FILTR DO RYNNY RYNIEN KOSZYCZEK SITKO 4 szt - BOBIMARKET.pl - Remontuj i urz\u0105dzaj z nami","og_description":"FILTR DO RYNNY RYNIEN KOSZYCZEK SITKO 4 szt Dane techniczne: Wysoko\u015b\u0107: 15 cm Szeroko\u015b\u0107 na dole: ok. 9 cm Szeroko\u015b\u0107 u g\u00f3ry: 13 cm Producent: Garden Line Zestaw zawiera 4 filtry do rynien (sitka). Praktyczny element wyposa\u017cenia domu, kt\u00f3ry u\u0142atwi Twoje \u017cycie! Koszyczkowy filtr do rynien zapewnia zabezpieczenie przed zapychaniem rynien. Koszyczek zatrzymuje zanieczyszczenia, jednocze\u015bnie     Czytaj wi\u0119cej \"FILTR DO RYNNY RYNIEN KOSZYCZEK SITKO 4 szt\"","og_url":"https:\/\/bobimarket.pl\/index.php\/produkt\/filtr-do-rynny-rynien-koszyczek-sitko-4-szt\/","og_site_name":"BOBIMARKET.pl - Remontuj i urz\u0105dzaj z nami","article_modified_time":"2025-02-27T13:18:18+00:00","og_image":[{"url":"https:\/\/upload.cdn.baselinker.com\/products\/14476\/89469893.jpg"}],"twitter_card":"summary_large_image","twitter_misc":{"Szacowany czas czytania":"1 minuta"},"schema":{"@context":"https:\/\/schema.org","@graph":[{"@type":"WebPage","@id":"https:\/\/bobimarket.pl\/index.php\/produkt\/filtr-do-rynny-rynien-koszyczek-sitko-4-szt\/","url":"https:\/\/bobimarket.pl\/index.php\/produkt\/filtr-do-rynny-rynien-koszyczek-sitko-4-szt\/","name":"FILTR DO RYNNY RYNIEN KOSZYCZEK SITKO 4 szt - BOBIMARKET.pl - Remontuj i urz\u0105dzaj z nami","isPartOf":{"@id":"https:\/\/bobimarket.pl\/#website"},"datePublished":"2023-08-29T13:44:59+00:00","dateModified":"2025-02-27T13:18:18+00:00","breadcrumb":{"@id":"https:\/\/bobimarket.pl\/index.php\/produkt\/filtr-do-rynny-rynien-koszyczek-sitko-4-szt\/#breadcrumb"},"inLanguage":"pl-PL","potentialAction":[{"@type":"ReadAction","target":["https:\/\/bobimarket.pl\/index.php\/produkt\/filtr-do-rynny-rynien-koszyczek-sitko-4-szt\/"]}]},{"@type":"BreadcrumbList","@id":"https:\/\/bobimarket.pl\/index.php\/produkt\/filtr-do-rynny-rynien-koszyczek-sitko-4-szt\/#breadcrumb","itemListElement":[{"@type":"ListItem","position":1,"name":"Strona g\u0142\u00f3wna","item":"https:\/\/bobimarket.pl\/"},{"@type":"ListItem","position":2,"name":"Sklep","item":"https:\/\/bobimarket.pl\/index.php\/shop\/"},{"@type":"ListItem","position":3,"name":"FILTR DO RYNNY RYNIEN KOSZYCZEK SITKO 4 szt"}]},{"@type":"WebSite","@id":"https:\/\/bobimarket.pl\/#website","url":"https:\/\/bobimarket.pl\/","name":"BOBIMARKET.pl - Remontuj i urz\u0105dzaj z nami","description":"Remontuj i urz\u0105dzaj z nami","publisher":{"@id":"https:\/\/bobimarket.pl\/#organization"},"potentialAction":[{"@type":"SearchAction","target":{"@type":"EntryPoint","urlTemplate":"https:\/\/bobimarket.pl\/?s={search_term_string}"},"query-input":"required name=search_term_string"}],"inLanguage":"pl-PL"},{"@type":"Organization","@id":"https:\/\/bobimarket.pl\/#organization","name":"BOBIMARKET.pl","url":"https:\/\/bobimarket.pl\/","logo":{"@type":"ImageObject","inLanguage":"pl-PL","@id":"https:\/\/bobimarket.pl\/#\/schema\/logo\/image\/","url":"https:\/\/bobimarket.pl\/wp-content\/uploads\/2021\/11\/slogan.png","contentUrl":"https:\/\/bobimarket.pl\/wp-content\/uploads\/2021\/11\/slogan.png","width":2000,"height":384,"caption":"BOBIMARKET.pl"},"image":{"@id":"https:\/\/bobimarket.pl\/#\/schema\/logo\/image\/"}}]}},"_links":{"self":[{"href":"https:\/\/bobimarket.pl\/index.php\/wp-json\/wp\/v2\/product\/79154"}],"collection":[{"href":"https:\/\/bobimarket.pl\/index.php\/wp-json\/wp\/v2\/product"}],"about":[{"href":"https:\/\/bobimarket.pl\/index.php\/wp-json\/wp\/v2\/types\/product"}],"wp:featuredmedia":[{"embeddable":true,"href":"https:\/\/bobimarket.pl\/index.php\/wp-json\/wp\/v2\/media\/79151"}],"wp:attachment":[{"href":"https:\/\/bobimarket.pl\/index.php\/wp-json\/wp\/v2\/media?parent=79154"}],"wp:term":[{"taxonomy":"product_cat","embeddable":true,"href":"https:\/\/bobimarket.pl\/index.php\/wp-json\/wp\/v2\/product_cat?post=79154"},{"taxonomy":"product_tag","embeddable":true,"href":"https:\/\/bobimarket.pl\/index.php\/wp-json\/wp\/v2\/product_tag?post=79154"}],"curies":[{"name":"wp","href":"https:\/\/api.w.org\/{rel}","templated":true}]}}