{"id":79162,"date":"2023-08-29T13:45:45","date_gmt":"2023-08-29T13:45:45","guid":{"rendered":"https:\/\/bobimarket.pl\/index.php\/produkt\/podpora-spiralna-do-roslin-podporka-tyczka-75-cm\/"},"modified":"2025-02-27T13:18:22","modified_gmt":"2025-02-27T13:18:22","slug":"podpora-spiralna-do-roslin-podporka-tyczka-75-cm","status":"publish","type":"product","link":"https:\/\/bobimarket.pl\/index.php\/produkt\/podpora-spiralna-do-roslin-podporka-tyczka-75-cm\/","title":{"rendered":"PODPORA SPIRALNA DO RO\u015aLIN PODP\u00d3RKA TYCZKA 75 cm"},"content":{"rendered":"<section class=\"section\">\n<div class=\"item item-12\">\n<section class=\"text-item\">\n<h2>PODPORA SPIRALNA DO RO\u015aLIN PODP\u00d3RKA TYCZKA 75 cm<\/h2>\n<p><b>Dane techniczne:<\/b><\/p>\n<ul>\n<li>Wysoko\u015b\u0107: <b>75 cm<\/b><\/li>\n<li>Kolor: <b>Zielony<\/b><\/li>\n<li>Producent: <b>Garden Line<\/b><\/li>\n<\/ul>\n<p><b>Zestaw zawiera 3 sztuki. <\/b><\/p>\n<p><b>UWAGA!<\/b><\/p>\n<p>Doniczka oraz kwiatek s\u0142u\u017c\u0105 do ekspozycji towaru i nie s\u0105 elementem oferty. Przedmiotem sprzeda\u017cy jest jedynie podpora.<\/p>\n<\/section><\/div>\n<\/section>\n<section class=\"section\">\n<div class=\"item item-12\">\n<section class=\"image-item\">\n            <img decoding=\"async\" src=\"https:\/\/upload.cdn.baselinker.com\/products\/14476\/89472151.jpg\" \/><br \/>\n        <\/section>\n<\/p><\/div>\n<\/section>\n<section class=\"section\">\n<div class=\"item item-12\">\n<section class=\"text-item\">\n<h2>Podpora spiralna doskona\u0142e rozwi\u0105zanie dla Twoich ro\u015blin!<\/h2>\n<p>Wysokiej jako\u015bci, ozdobna podpora spiralna do ro\u015blin. Praktyczna w zastosowaniu. Tyczka jest <b>elastyczna i gi\u0119tka,<\/b> co umo\u017cliwia tworzenie w\u0142asnych, nietypowych kompozycji.<\/p>\n<ul>\n<li>Doskonale nadaje si\u0119 do r\u00f3\u017cnego rodzaju<b> kwiat\u00f3w doniczkowych. <\/b><\/li>\n<li>Chroni delikatne p\u0119dy przed uszkodzeniem jednocze\u015bnie pe\u0142ni\u0105c funkcj\u0119 dekoracyjn\u0105.<\/li>\n<li>Przydatna do uprawy ro\u015blin maj\u0105cych tendencj\u0119 do krzywienie si\u0119.<\/li>\n<\/ul>\n<\/section><\/div>\n<\/section>\n<section class=\"section\">\n<div class=\"item item-12\">\n<section class=\"image-item\">\n            <img decoding=\"async\" src=\"https:\/\/upload.cdn.baselinker.com\/products\/14476\/89472151_6.jpg\" \/><br \/>\n        <\/section>\n<\/p><\/div>\n<\/section>\n<section class=\"section\">\n<div class=\"item item-12\">\n<section class=\"text-item\">\n<h2>Zastanawiasz si\u0119, czy podpora ogrodowa to rozwi\u0105zanie dla Ciebie ? Zdecydowanie tak!<\/h2>\n<p>\u2705 Podpora sprawdzi si\u0119 w okresie wczesnego wzrostu ro\u015blin lub aby pom\u00f3\u0107 im utrzyma\u0107 si\u0119 w stabilnej pozycji. Mo\u017cna j\u0105 wykorzysta\u0107 do ro\u015blin doniczkowych, ogrodowych oraz uprawnych.<\/p>\n<p><b>\u2705 <\/b>To nie tylko element ozdobny, ma r\u00f3wnie\u017c <b>pozytywny wp\u0142yw na ro\u015blin<\/b>. Przeciwdzia\u0142a \u0142amaniu si\u0119 ro\u015blin oraz gwarantuje prawid\u0142owy wzrost kwiat\u00f3w.<\/p>\n<p>\u2705 Naturalny zielony kolor sprawia, \u017ce jest<b> niemal niewidoczna po\u015br\u00f3d ro\u015blin<\/b>, idealnie si\u0119 z nimi komponuje. Z jej pomoc\u0105 stworzysz oryginaln\u0105 aran\u017cacj\u0119. Ro\u015bliny b\u0119d\u0105 si\u0119 pi\u0119\u0142y tworz\u0105c<b> dekoracyjn\u0105 kolumn\u0119.<\/b><\/p>\n<p><b>\u2705 <\/b>Podp\u00f3rka zosta\u0142a wykonana z wytrzyma\u0142ego materia\u0142u w kolorze zielonym. Stanowi ciekaw\u0105 alternatyw\u0119 dla r\u00f3\u017cnego rodzaju\u00a0 podp\u00f3r pier\u015bcieniowych lub drabinek.<\/p>\n<\/section><\/div>\n<\/section>\n<section class=\"section\">\n<div class=\"item item-12\">\n<section class=\"image-item\">\n            <img decoding=\"async\" src=\"https:\/\/upload.cdn.baselinker.com\/products\/14476\/89472151_5.jpg\" \/><br \/>\n        <\/section>\n<\/p><\/div>\n<\/section>\n","protected":false},"excerpt":{"rendered":"<p>PODPORA SPIRALNA DO RO\u015aLIN PODP\u00d3RKA TYCZKA 75 cm Dane techniczne: Wysoko\u015b\u0107: 75 cm Kolor: Zielony Producent: Garden Line Zestaw zawiera 3 sztuki. UWAGA! Doniczka oraz kwiatek s\u0142u\u017c\u0105 do ekspozycji towaru i nie s\u0105 elementem oferty. Przedmiotem sprzeda\u017cy jest jedynie podpora. Podpora spiralna doskona\u0142e rozwi\u0105zanie dla Twoich ro\u015blin! Wysokiej jako\u015bci, ozdobna podpora spiralna do ro\u015blin. Praktyczna<br \/><a class=\"more-link\" href=\"https:\/\/bobimarket.pl\/index.php\/produkt\/podpora-spiralna-do-roslin-podporka-tyczka-75-cm\/\"><br \/>\n        Czytaj wi\u0119cej<span class=\"screen-reader-text\"> &#8222;PODPORA SPIRALNA DO RO\u015aLIN PODP\u00d3RKA TYCZKA 75 cm&#8221;<\/span><\/a><\/p>\n","protected":false},"featured_media":79155,"template":"","meta":[],"product_cat":[8089],"product_tag":[],"yoast_head":"<!-- This site is optimized with the Yoast SEO plugin v21.0 - https:\/\/yoast.com\/wordpress\/plugins\/seo\/ -->\n<title>PODPORA SPIRALNA DO RO\u015aLIN PODP\u00d3RKA TYCZKA 75 cm - BOBIMARKET.pl - Remontuj i urz\u0105dzaj z nami<\/title>\n<meta name=\"robots\" content=\"index, follow, max-snippet:-1, max-image-preview:large, max-video-preview:-1\" \/>\n<link rel=\"canonical\" href=\"https:\/\/bobimarket.pl\/index.php\/produkt\/podpora-spiralna-do-roslin-podporka-tyczka-75-cm\/\" \/>\n<meta property=\"og:locale\" content=\"pl_PL\" \/>\n<meta property=\"og:type\" content=\"article\" \/>\n<meta property=\"og:title\" content=\"PODPORA SPIRALNA DO RO\u015aLIN PODP\u00d3RKA TYCZKA 75 cm - BOBIMARKET.pl - Remontuj i urz\u0105dzaj z nami\" \/>\n<meta property=\"og:description\" content=\"PODPORA SPIRALNA DO RO\u015aLIN PODP\u00d3RKA TYCZKA 75 cm Dane techniczne: Wysoko\u015b\u0107: 75 cm Kolor: Zielony Producent: Garden Line Zestaw zawiera 3 sztuki. UWAGA! Doniczka oraz kwiatek s\u0142u\u017c\u0105 do ekspozycji towaru i nie s\u0105 elementem oferty. Przedmiotem sprzeda\u017cy jest jedynie podpora. Podpora spiralna doskona\u0142e rozwi\u0105zanie dla Twoich ro\u015blin! Wysokiej jako\u015bci, ozdobna podpora spiralna do ro\u015blin. Praktyczna     Czytaj wi\u0119cej &quot;PODPORA SPIRALNA DO RO\u015aLIN PODP\u00d3RKA TYCZKA 75 cm&quot;\" \/>\n<meta property=\"og:url\" content=\"https:\/\/bobimarket.pl\/index.php\/produkt\/podpora-spiralna-do-roslin-podporka-tyczka-75-cm\/\" \/>\n<meta property=\"og:site_name\" content=\"BOBIMARKET.pl - Remontuj i urz\u0105dzaj z nami\" \/>\n<meta property=\"article:modified_time\" content=\"2025-02-27T13:18:22+00:00\" \/>\n<meta property=\"og:image\" content=\"https:\/\/upload.cdn.baselinker.com\/products\/14476\/89472151.jpg\" \/>\n<meta name=\"twitter:card\" content=\"summary_large_image\" \/>\n<meta name=\"twitter:label1\" content=\"Szacowany czas czytania\" \/>\n\t<meta name=\"twitter:data1\" content=\"1 minuta\" \/>\n<script type=\"application\/ld+json\" class=\"yoast-schema-graph\">{\"@context\":\"https:\/\/schema.org\",\"@graph\":[{\"@type\":\"WebPage\",\"@id\":\"https:\/\/bobimarket.pl\/index.php\/produkt\/podpora-spiralna-do-roslin-podporka-tyczka-75-cm\/\",\"url\":\"https:\/\/bobimarket.pl\/index.php\/produkt\/podpora-spiralna-do-roslin-podporka-tyczka-75-cm\/\",\"name\":\"PODPORA SPIRALNA DO RO\u015aLIN PODP\u00d3RKA TYCZKA 75 cm - BOBIMARKET.pl - Remontuj i urz\u0105dzaj z nami\",\"isPartOf\":{\"@id\":\"https:\/\/bobimarket.pl\/#website\"},\"datePublished\":\"2023-08-29T13:45:45+00:00\",\"dateModified\":\"2025-02-27T13:18:22+00:00\",\"breadcrumb\":{\"@id\":\"https:\/\/bobimarket.pl\/index.php\/produkt\/podpora-spiralna-do-roslin-podporka-tyczka-75-cm\/#breadcrumb\"},\"inLanguage\":\"pl-PL\",\"potentialAction\":[{\"@type\":\"ReadAction\",\"target\":[\"https:\/\/bobimarket.pl\/index.php\/produkt\/podpora-spiralna-do-roslin-podporka-tyczka-75-cm\/\"]}]},{\"@type\":\"BreadcrumbList\",\"@id\":\"https:\/\/bobimarket.pl\/index.php\/produkt\/podpora-spiralna-do-roslin-podporka-tyczka-75-cm\/#breadcrumb\",\"itemListElement\":[{\"@type\":\"ListItem\",\"position\":1,\"name\":\"Strona g\u0142\u00f3wna\",\"item\":\"https:\/\/bobimarket.pl\/\"},{\"@type\":\"ListItem\",\"position\":2,\"name\":\"Sklep\",\"item\":\"https:\/\/bobimarket.pl\/index.php\/shop\/\"},{\"@type\":\"ListItem\",\"position\":3,\"name\":\"PODPORA SPIRALNA DO RO\u015aLIN PODP\u00d3RKA TYCZKA 75 cm\"}]},{\"@type\":\"WebSite\",\"@id\":\"https:\/\/bobimarket.pl\/#website\",\"url\":\"https:\/\/bobimarket.pl\/\",\"name\":\"BOBIMARKET.pl - Remontuj i urz\u0105dzaj z nami\",\"description\":\"Remontuj i urz\u0105dzaj z nami\",\"publisher\":{\"@id\":\"https:\/\/bobimarket.pl\/#organization\"},\"potentialAction\":[{\"@type\":\"SearchAction\",\"target\":{\"@type\":\"EntryPoint\",\"urlTemplate\":\"https:\/\/bobimarket.pl\/?s={search_term_string}\"},\"query-input\":\"required name=search_term_string\"}],\"inLanguage\":\"pl-PL\"},{\"@type\":\"Organization\",\"@id\":\"https:\/\/bobimarket.pl\/#organization\",\"name\":\"BOBIMARKET.pl\",\"url\":\"https:\/\/bobimarket.pl\/\",\"logo\":{\"@type\":\"ImageObject\",\"inLanguage\":\"pl-PL\",\"@id\":\"https:\/\/bobimarket.pl\/#\/schema\/logo\/image\/\",\"url\":\"https:\/\/bobimarket.pl\/wp-content\/uploads\/2021\/11\/slogan.png\",\"contentUrl\":\"https:\/\/bobimarket.pl\/wp-content\/uploads\/2021\/11\/slogan.png\",\"width\":2000,\"height\":384,\"caption\":\"BOBIMARKET.pl\"},\"image\":{\"@id\":\"https:\/\/bobimarket.pl\/#\/schema\/logo\/image\/\"}}]}<\/script>\n<!-- \/ Yoast SEO plugin. -->","yoast_head_json":{"title":"PODPORA SPIRALNA DO RO\u015aLIN PODP\u00d3RKA TYCZKA 75 cm - BOBIMARKET.pl - Remontuj i urz\u0105dzaj z nami","robots":{"index":"index","follow":"follow","max-snippet":"max-snippet:-1","max-image-preview":"max-image-preview:large","max-video-preview":"max-video-preview:-1"},"canonical":"https:\/\/bobimarket.pl\/index.php\/produkt\/podpora-spiralna-do-roslin-podporka-tyczka-75-cm\/","og_locale":"pl_PL","og_type":"article","og_title":"PODPORA SPIRALNA DO RO\u015aLIN PODP\u00d3RKA TYCZKA 75 cm - BOBIMARKET.pl - Remontuj i urz\u0105dzaj z nami","og_description":"PODPORA SPIRALNA DO RO\u015aLIN PODP\u00d3RKA TYCZKA 75 cm Dane techniczne: Wysoko\u015b\u0107: 75 cm Kolor: Zielony Producent: Garden Line Zestaw zawiera 3 sztuki. UWAGA! Doniczka oraz kwiatek s\u0142u\u017c\u0105 do ekspozycji towaru i nie s\u0105 elementem oferty. Przedmiotem sprzeda\u017cy jest jedynie podpora. Podpora spiralna doskona\u0142e rozwi\u0105zanie dla Twoich ro\u015blin! Wysokiej jako\u015bci, ozdobna podpora spiralna do ro\u015blin. Praktyczna     Czytaj wi\u0119cej \"PODPORA SPIRALNA DO RO\u015aLIN PODP\u00d3RKA TYCZKA 75 cm\"","og_url":"https:\/\/bobimarket.pl\/index.php\/produkt\/podpora-spiralna-do-roslin-podporka-tyczka-75-cm\/","og_site_name":"BOBIMARKET.pl - Remontuj i urz\u0105dzaj z nami","article_modified_time":"2025-02-27T13:18:22+00:00","og_image":[{"url":"https:\/\/upload.cdn.baselinker.com\/products\/14476\/89472151.jpg"}],"twitter_card":"summary_large_image","twitter_misc":{"Szacowany czas czytania":"1 minuta"},"schema":{"@context":"https:\/\/schema.org","@graph":[{"@type":"WebPage","@id":"https:\/\/bobimarket.pl\/index.php\/produkt\/podpora-spiralna-do-roslin-podporka-tyczka-75-cm\/","url":"https:\/\/bobimarket.pl\/index.php\/produkt\/podpora-spiralna-do-roslin-podporka-tyczka-75-cm\/","name":"PODPORA SPIRALNA DO RO\u015aLIN PODP\u00d3RKA TYCZKA 75 cm - BOBIMARKET.pl - Remontuj i urz\u0105dzaj z nami","isPartOf":{"@id":"https:\/\/bobimarket.pl\/#website"},"datePublished":"2023-08-29T13:45:45+00:00","dateModified":"2025-02-27T13:18:22+00:00","breadcrumb":{"@id":"https:\/\/bobimarket.pl\/index.php\/produkt\/podpora-spiralna-do-roslin-podporka-tyczka-75-cm\/#breadcrumb"},"inLanguage":"pl-PL","potentialAction":[{"@type":"ReadAction","target":["https:\/\/bobimarket.pl\/index.php\/produkt\/podpora-spiralna-do-roslin-podporka-tyczka-75-cm\/"]}]},{"@type":"BreadcrumbList","@id":"https:\/\/bobimarket.pl\/index.php\/produkt\/podpora-spiralna-do-roslin-podporka-tyczka-75-cm\/#breadcrumb","itemListElement":[{"@type":"ListItem","position":1,"name":"Strona g\u0142\u00f3wna","item":"https:\/\/bobimarket.pl\/"},{"@type":"ListItem","position":2,"name":"Sklep","item":"https:\/\/bobimarket.pl\/index.php\/shop\/"},{"@type":"ListItem","position":3,"name":"PODPORA SPIRALNA DO RO\u015aLIN PODP\u00d3RKA TYCZKA 75 cm"}]},{"@type":"WebSite","@id":"https:\/\/bobimarket.pl\/#website","url":"https:\/\/bobimarket.pl\/","name":"BOBIMARKET.pl - Remontuj i urz\u0105dzaj z nami","description":"Remontuj i urz\u0105dzaj z nami","publisher":{"@id":"https:\/\/bobimarket.pl\/#organization"},"potentialAction":[{"@type":"SearchAction","target":{"@type":"EntryPoint","urlTemplate":"https:\/\/bobimarket.pl\/?s={search_term_string}"},"query-input":"required name=search_term_string"}],"inLanguage":"pl-PL"},{"@type":"Organization","@id":"https:\/\/bobimarket.pl\/#organization","name":"BOBIMARKET.pl","url":"https:\/\/bobimarket.pl\/","logo":{"@type":"ImageObject","inLanguage":"pl-PL","@id":"https:\/\/bobimarket.pl\/#\/schema\/logo\/image\/","url":"https:\/\/bobimarket.pl\/wp-content\/uploads\/2021\/11\/slogan.png","contentUrl":"https:\/\/bobimarket.pl\/wp-content\/uploads\/2021\/11\/slogan.png","width":2000,"height":384,"caption":"BOBIMARKET.pl"},"image":{"@id":"https:\/\/bobimarket.pl\/#\/schema\/logo\/image\/"}}]}},"_links":{"self":[{"href":"https:\/\/bobimarket.pl\/index.php\/wp-json\/wp\/v2\/product\/79162"}],"collection":[{"href":"https:\/\/bobimarket.pl\/index.php\/wp-json\/wp\/v2\/product"}],"about":[{"href":"https:\/\/bobimarket.pl\/index.php\/wp-json\/wp\/v2\/types\/product"}],"wp:featuredmedia":[{"embeddable":true,"href":"https:\/\/bobimarket.pl\/index.php\/wp-json\/wp\/v2\/media\/79155"}],"wp:attachment":[{"href":"https:\/\/bobimarket.pl\/index.php\/wp-json\/wp\/v2\/media?parent=79162"}],"wp:term":[{"taxonomy":"product_cat","embeddable":true,"href":"https:\/\/bobimarket.pl\/index.php\/wp-json\/wp\/v2\/product_cat?post=79162"},{"taxonomy":"product_tag","embeddable":true,"href":"https:\/\/bobimarket.pl\/index.php\/wp-json\/wp\/v2\/product_tag?post=79162"}],"curies":[{"name":"wp","href":"https:\/\/api.w.org\/{rel}","templated":true}]}}