{"id":79240,"date":"2023-08-29T14:16:16","date_gmt":"2023-08-29T14:16:16","guid":{"rendered":"https:\/\/bobimarket.pl\/index.php\/produkt\/kratka-wentylacyjna-wypukla-nierdzewna-fi-100-mm\/"},"modified":"2025-02-27T13:19:37","modified_gmt":"2025-02-27T13:19:37","slug":"kratka-wentylacyjna-wypukla-nierdzewna-fi-100-mm","status":"publish","type":"product","link":"https:\/\/bobimarket.pl\/index.php\/produkt\/kratka-wentylacyjna-wypukla-nierdzewna-fi-100-mm\/","title":{"rendered":"KRATKA WENTYLACYJNA WYPUK\u0141A NIERDZEWNA fi 100 mm"},"content":{"rendered":"<section class=\"section\">\n<div class=\"item item-6\">\n<section class=\"image-item\">\n                <img decoding=\"async\" src=\"https:\/\/upload.cdn.baselinker.com\/products\/14476\/92541282.jpg\" \/><br \/>\n            <\/section>\n<\/p><\/div>\n<div class=\"item item-6\">\n<section class=\"text-item\">\n<h2>KRATKA WENTYLACYJNA WYPUK\u0141A NIERDZEWNA fi 100 mm<\/h2>\n<ul>\n<li>Wymiary zewn\u0119trzne: <b>150 mm x 170 mm<\/b><\/li>\n<li>\u015arednica kr\u00f3\u0107ca monta\u017cowego:<b>\u00a0100 mm<\/b><\/li>\n<li>Materia\u0142:<b>\u00a0stal nierdzewny<\/b><\/li>\n<li>Kolor: <b>chrom po\u0142ysk\u00a0<\/b><\/li>\n<\/ul>\n<p>Klasyczna wypuk\u0142a kratka wentylacyjna wykonana w ca\u0142o\u015bci ze stali nierdzewnej i kwasoodpornej.\u00a0<\/p>\n<p>Kratka posiada siatk\u0119 metalow\u0105 oraz kr\u00f3\u0107ce monta\u017cowe na rur\u0119 o \u015brednicy 100 mm. Wymiary czo\u0142a 170 mm x 150 mm<\/p>\n<\/section><\/div>\n<\/section>\n<section class=\"section\">\n<div class=\"item item-12\">\n<section class=\"image-item\">\n                <img decoding=\"async\" src=\"https:\/\/upload.cdn.baselinker.com\/products\/14476\/92541282.jpg\" \/><br \/>\n            <\/section>\n<\/p><\/div>\n<\/section>\n","protected":false},"excerpt":{"rendered":"<p>KRATKA WENTYLACYJNA WYPUK\u0141A NIERDZEWNA fi 100 mm Wymiary zewn\u0119trzne: 150 mm x 170 mm \u015arednica kr\u00f3\u0107ca monta\u017cowego:\u00a0100 mm Materia\u0142:\u00a0stal nierdzewny Kolor: chrom po\u0142ysk\u00a0 Klasyczna wypuk\u0142a kratka wentylacyjna wykonana w ca\u0142o\u015bci ze stali nierdzewnej i kwasoodpornej.\u00a0 Kratka posiada siatk\u0119 metalow\u0105 oraz kr\u00f3\u0107ce monta\u017cowe na rur\u0119 o \u015brednicy 100 mm. Wymiary czo\u0142a 170 mm x 150 mm<\/p>\n","protected":false},"featured_media":79239,"template":"","meta":[],"product_cat":[8093],"product_tag":[],"yoast_head":"<!-- This site is optimized with the Yoast SEO plugin v21.0 - https:\/\/yoast.com\/wordpress\/plugins\/seo\/ -->\n<title>KRATKA WENTYLACYJNA WYPUK\u0141A NIERDZEWNA fi 100 mm - BOBIMARKET.pl - Remontuj i urz\u0105dzaj z nami<\/title>\n<meta name=\"robots\" content=\"index, follow, max-snippet:-1, max-image-preview:large, max-video-preview:-1\" \/>\n<link rel=\"canonical\" href=\"https:\/\/bobimarket.pl\/index.php\/produkt\/kratka-wentylacyjna-wypukla-nierdzewna-fi-100-mm\/\" \/>\n<meta property=\"og:locale\" content=\"pl_PL\" \/>\n<meta property=\"og:type\" content=\"article\" \/>\n<meta property=\"og:title\" content=\"KRATKA WENTYLACYJNA WYPUK\u0141A NIERDZEWNA fi 100 mm - BOBIMARKET.pl - Remontuj i urz\u0105dzaj z nami\" \/>\n<meta property=\"og:description\" content=\"KRATKA WENTYLACYJNA WYPUK\u0141A NIERDZEWNA fi 100 mm Wymiary zewn\u0119trzne: 150 mm x 170 mm \u015arednica kr\u00f3\u0107ca monta\u017cowego:\u00a0100 mm Materia\u0142:\u00a0stal nierdzewny Kolor: chrom po\u0142ysk\u00a0 Klasyczna wypuk\u0142a kratka wentylacyjna wykonana w ca\u0142o\u015bci ze stali nierdzewnej i kwasoodpornej.\u00a0 Kratka posiada siatk\u0119 metalow\u0105 oraz kr\u00f3\u0107ce monta\u017cowe na rur\u0119 o \u015brednicy 100 mm. Wymiary czo\u0142a 170 mm x 150 mm\" \/>\n<meta property=\"og:url\" content=\"https:\/\/bobimarket.pl\/index.php\/produkt\/kratka-wentylacyjna-wypukla-nierdzewna-fi-100-mm\/\" \/>\n<meta property=\"og:site_name\" content=\"BOBIMARKET.pl - Remontuj i urz\u0105dzaj z nami\" \/>\n<meta property=\"article:modified_time\" content=\"2025-02-27T13:19:37+00:00\" \/>\n<meta property=\"og:image\" content=\"https:\/\/upload.cdn.baselinker.com\/products\/14476\/92541282.jpg\" \/>\n<meta name=\"twitter:card\" content=\"summary_large_image\" \/>\n<script type=\"application\/ld+json\" class=\"yoast-schema-graph\">{\"@context\":\"https:\/\/schema.org\",\"@graph\":[{\"@type\":\"WebPage\",\"@id\":\"https:\/\/bobimarket.pl\/index.php\/produkt\/kratka-wentylacyjna-wypukla-nierdzewna-fi-100-mm\/\",\"url\":\"https:\/\/bobimarket.pl\/index.php\/produkt\/kratka-wentylacyjna-wypukla-nierdzewna-fi-100-mm\/\",\"name\":\"KRATKA WENTYLACYJNA WYPUK\u0141A NIERDZEWNA fi 100 mm - BOBIMARKET.pl - Remontuj i urz\u0105dzaj z nami\",\"isPartOf\":{\"@id\":\"https:\/\/bobimarket.pl\/#website\"},\"datePublished\":\"2023-08-29T14:16:16+00:00\",\"dateModified\":\"2025-02-27T13:19:37+00:00\",\"breadcrumb\":{\"@id\":\"https:\/\/bobimarket.pl\/index.php\/produkt\/kratka-wentylacyjna-wypukla-nierdzewna-fi-100-mm\/#breadcrumb\"},\"inLanguage\":\"pl-PL\",\"potentialAction\":[{\"@type\":\"ReadAction\",\"target\":[\"https:\/\/bobimarket.pl\/index.php\/produkt\/kratka-wentylacyjna-wypukla-nierdzewna-fi-100-mm\/\"]}]},{\"@type\":\"BreadcrumbList\",\"@id\":\"https:\/\/bobimarket.pl\/index.php\/produkt\/kratka-wentylacyjna-wypukla-nierdzewna-fi-100-mm\/#breadcrumb\",\"itemListElement\":[{\"@type\":\"ListItem\",\"position\":1,\"name\":\"Strona g\u0142\u00f3wna\",\"item\":\"https:\/\/bobimarket.pl\/\"},{\"@type\":\"ListItem\",\"position\":2,\"name\":\"Sklep\",\"item\":\"https:\/\/bobimarket.pl\/index.php\/shop\/\"},{\"@type\":\"ListItem\",\"position\":3,\"name\":\"KRATKA WENTYLACYJNA WYPUK\u0141A NIERDZEWNA fi 100 mm\"}]},{\"@type\":\"WebSite\",\"@id\":\"https:\/\/bobimarket.pl\/#website\",\"url\":\"https:\/\/bobimarket.pl\/\",\"name\":\"BOBIMARKET.pl - Remontuj i urz\u0105dzaj z nami\",\"description\":\"Remontuj i urz\u0105dzaj z nami\",\"publisher\":{\"@id\":\"https:\/\/bobimarket.pl\/#organization\"},\"potentialAction\":[{\"@type\":\"SearchAction\",\"target\":{\"@type\":\"EntryPoint\",\"urlTemplate\":\"https:\/\/bobimarket.pl\/?s={search_term_string}\"},\"query-input\":\"required name=search_term_string\"}],\"inLanguage\":\"pl-PL\"},{\"@type\":\"Organization\",\"@id\":\"https:\/\/bobimarket.pl\/#organization\",\"name\":\"BOBIMARKET.pl\",\"url\":\"https:\/\/bobimarket.pl\/\",\"logo\":{\"@type\":\"ImageObject\",\"inLanguage\":\"pl-PL\",\"@id\":\"https:\/\/bobimarket.pl\/#\/schema\/logo\/image\/\",\"url\":\"https:\/\/bobimarket.pl\/wp-content\/uploads\/2021\/11\/slogan.png\",\"contentUrl\":\"https:\/\/bobimarket.pl\/wp-content\/uploads\/2021\/11\/slogan.png\",\"width\":2000,\"height\":384,\"caption\":\"BOBIMARKET.pl\"},\"image\":{\"@id\":\"https:\/\/bobimarket.pl\/#\/schema\/logo\/image\/\"}}]}<\/script>\n<!-- \/ Yoast SEO plugin. -->","yoast_head_json":{"title":"KRATKA WENTYLACYJNA WYPUK\u0141A NIERDZEWNA fi 100 mm - BOBIMARKET.pl - Remontuj i urz\u0105dzaj z nami","robots":{"index":"index","follow":"follow","max-snippet":"max-snippet:-1","max-image-preview":"max-image-preview:large","max-video-preview":"max-video-preview:-1"},"canonical":"https:\/\/bobimarket.pl\/index.php\/produkt\/kratka-wentylacyjna-wypukla-nierdzewna-fi-100-mm\/","og_locale":"pl_PL","og_type":"article","og_title":"KRATKA WENTYLACYJNA WYPUK\u0141A NIERDZEWNA fi 100 mm - BOBIMARKET.pl - Remontuj i urz\u0105dzaj z nami","og_description":"KRATKA WENTYLACYJNA WYPUK\u0141A NIERDZEWNA fi 100 mm Wymiary zewn\u0119trzne: 150 mm x 170 mm \u015arednica kr\u00f3\u0107ca monta\u017cowego:\u00a0100 mm Materia\u0142:\u00a0stal nierdzewny Kolor: chrom po\u0142ysk\u00a0 Klasyczna wypuk\u0142a kratka wentylacyjna wykonana w ca\u0142o\u015bci ze stali nierdzewnej i kwasoodpornej.\u00a0 Kratka posiada siatk\u0119 metalow\u0105 oraz kr\u00f3\u0107ce monta\u017cowe na rur\u0119 o \u015brednicy 100 mm. Wymiary czo\u0142a 170 mm x 150 mm","og_url":"https:\/\/bobimarket.pl\/index.php\/produkt\/kratka-wentylacyjna-wypukla-nierdzewna-fi-100-mm\/","og_site_name":"BOBIMARKET.pl - Remontuj i urz\u0105dzaj z nami","article_modified_time":"2025-02-27T13:19:37+00:00","og_image":[{"url":"https:\/\/upload.cdn.baselinker.com\/products\/14476\/92541282.jpg"}],"twitter_card":"summary_large_image","schema":{"@context":"https:\/\/schema.org","@graph":[{"@type":"WebPage","@id":"https:\/\/bobimarket.pl\/index.php\/produkt\/kratka-wentylacyjna-wypukla-nierdzewna-fi-100-mm\/","url":"https:\/\/bobimarket.pl\/index.php\/produkt\/kratka-wentylacyjna-wypukla-nierdzewna-fi-100-mm\/","name":"KRATKA WENTYLACYJNA WYPUK\u0141A NIERDZEWNA fi 100 mm - BOBIMARKET.pl - Remontuj i urz\u0105dzaj z nami","isPartOf":{"@id":"https:\/\/bobimarket.pl\/#website"},"datePublished":"2023-08-29T14:16:16+00:00","dateModified":"2025-02-27T13:19:37+00:00","breadcrumb":{"@id":"https:\/\/bobimarket.pl\/index.php\/produkt\/kratka-wentylacyjna-wypukla-nierdzewna-fi-100-mm\/#breadcrumb"},"inLanguage":"pl-PL","potentialAction":[{"@type":"ReadAction","target":["https:\/\/bobimarket.pl\/index.php\/produkt\/kratka-wentylacyjna-wypukla-nierdzewna-fi-100-mm\/"]}]},{"@type":"BreadcrumbList","@id":"https:\/\/bobimarket.pl\/index.php\/produkt\/kratka-wentylacyjna-wypukla-nierdzewna-fi-100-mm\/#breadcrumb","itemListElement":[{"@type":"ListItem","position":1,"name":"Strona g\u0142\u00f3wna","item":"https:\/\/bobimarket.pl\/"},{"@type":"ListItem","position":2,"name":"Sklep","item":"https:\/\/bobimarket.pl\/index.php\/shop\/"},{"@type":"ListItem","position":3,"name":"KRATKA WENTYLACYJNA WYPUK\u0141A NIERDZEWNA fi 100 mm"}]},{"@type":"WebSite","@id":"https:\/\/bobimarket.pl\/#website","url":"https:\/\/bobimarket.pl\/","name":"BOBIMARKET.pl - Remontuj i urz\u0105dzaj z nami","description":"Remontuj i urz\u0105dzaj z nami","publisher":{"@id":"https:\/\/bobimarket.pl\/#organization"},"potentialAction":[{"@type":"SearchAction","target":{"@type":"EntryPoint","urlTemplate":"https:\/\/bobimarket.pl\/?s={search_term_string}"},"query-input":"required name=search_term_string"}],"inLanguage":"pl-PL"},{"@type":"Organization","@id":"https:\/\/bobimarket.pl\/#organization","name":"BOBIMARKET.pl","url":"https:\/\/bobimarket.pl\/","logo":{"@type":"ImageObject","inLanguage":"pl-PL","@id":"https:\/\/bobimarket.pl\/#\/schema\/logo\/image\/","url":"https:\/\/bobimarket.pl\/wp-content\/uploads\/2021\/11\/slogan.png","contentUrl":"https:\/\/bobimarket.pl\/wp-content\/uploads\/2021\/11\/slogan.png","width":2000,"height":384,"caption":"BOBIMARKET.pl"},"image":{"@id":"https:\/\/bobimarket.pl\/#\/schema\/logo\/image\/"}}]}},"_links":{"self":[{"href":"https:\/\/bobimarket.pl\/index.php\/wp-json\/wp\/v2\/product\/79240"}],"collection":[{"href":"https:\/\/bobimarket.pl\/index.php\/wp-json\/wp\/v2\/product"}],"about":[{"href":"https:\/\/bobimarket.pl\/index.php\/wp-json\/wp\/v2\/types\/product"}],"wp:featuredmedia":[{"embeddable":true,"href":"https:\/\/bobimarket.pl\/index.php\/wp-json\/wp\/v2\/media\/79239"}],"wp:attachment":[{"href":"https:\/\/bobimarket.pl\/index.php\/wp-json\/wp\/v2\/media?parent=79240"}],"wp:term":[{"taxonomy":"product_cat","embeddable":true,"href":"https:\/\/bobimarket.pl\/index.php\/wp-json\/wp\/v2\/product_cat?post=79240"},{"taxonomy":"product_tag","embeddable":true,"href":"https:\/\/bobimarket.pl\/index.php\/wp-json\/wp\/v2\/product_tag?post=79240"}],"curies":[{"name":"wp","href":"https:\/\/api.w.org\/{rel}","templated":true}]}}