{"id":79402,"date":"2023-08-29T14:28:59","date_gmt":"2023-08-29T14:28:59","guid":{"rendered":"https:\/\/bobimarket.pl\/index.php\/produkt\/slizgawka-wodna-podwojna-tor-slizg-448-cm\/"},"modified":"2025-02-27T13:21:40","modified_gmt":"2025-02-27T13:21:40","slug":"slizgawka-wodna-podwojna-tor-slizg-448-cm","status":"publish","type":"product","link":"https:\/\/bobimarket.pl\/index.php\/produkt\/slizgawka-wodna-podwojna-tor-slizg-448-cm\/","title":{"rendered":"\u015aLIZGAWKA WODNA PODW\u00d3JNA TOR \u015aLIZG 448 CM"},"content":{"rendered":"<section class=\"section\">\n<div class=\"item item-12\">\n<section class=\"text-item\">\n<h2>\u015aLIZGAWKA WODNA PODW\u00d3JNA TOR \u015aLIZG 448 CM BESTWAY<\/h2>\n<p><b>Informacje og\u00f3lne: <\/b><\/p>\n<ul>\n<li>D\u0142ugo\u015b\u0107: <b>448 cm<\/b><\/li>\n<li>Materia\u0142: wysokiej jako\u015bci, przetestowany winyl<\/li>\n<li>Wiek: <b>powy\u017cej 3 lat<\/b><\/li>\n<li>Marka: BESTWAY<\/li>\n<\/ul>\n<h2>Zestaw zawiera \u015blizgawk\u0119 wodn\u0105 oraz zestaw naprawczy ( \u0142at\u0119).\u00a0<\/h2>\n<\/section><\/div>\n<\/section>\n<section class=\"section\">\n<div class=\"item item-12\">\n<section class=\"image-item\">\n            <img decoding=\"async\" src=\"https:\/\/upload.cdn.baselinker.com\/products\/14476\/1005265824_2.png\"><br \/>\n        <\/section>\n<\/p><\/div>\n<\/section>\n<section class=\"section\">\n<div class=\"item item-12\">\n<section class=\"text-item\">\n<h2>Wakacyjny hit, kt\u00f3ry gwarantuje \u015bwietnie sp\u0119dzony czas!<\/h2>\n<p>\u015alizgawka wodna to\u00a0gad\u017cet, kt\u00f3ry doskonale sprawdzi si\u0119 podczas upalnych, letnich dni! Idealnie nadaje si\u0119 zar\u00f3wno dla dzieci jak i doros\u0142ych. Tor pozwala jeszcze bardziej nacieszy\u0107 si\u0119 czasem sp\u0119dzonym na \u015bwie\u017cym powietrzu! Gwarantuje mi\u0142o i aktywnie sp\u0119dzony czas!<\/p>\n<ul>\n<li>Pozwoli Ci w pe\u0142ni wykorzysta\u0107 wakacyjn\u0105, s\u0142oneczn\u0105 pogod\u0119.\u00a0<\/li>\n<li>Sprawia, \u017ce dzieci nie b\u0119d\u0105 si\u0119 nudzi\u0107 i z ch\u0119ci\u0105 b\u0119d\u0105 si\u0119 wsp\u00f3lnie bawi\u0107 z rodze\u0144stwem lub przyjaci\u00f3\u0142mi!<\/li>\n<\/ul>\n<\/section><\/div>\n<\/section>\n<section class=\"section\">\n<div class=\"item item-12\">\n<section class=\"image-item\">\n            <img decoding=\"async\" src=\"https:\/\/upload.cdn.baselinker.com\/products\/14476\/1005265824_1.jpg\"><br \/>\n        <\/section>\n<\/p><\/div>\n<\/section>\n<section class=\"section\">\n<div class=\"item item-12\">\n<section class=\"text-item\">\n<h2>\u2705 P\u0142y\u0144 w stron\u0119 dobrej zabawy!<\/h2>\n<p>Tor wodny jest prosty w monta\u017cu i u\u017cytkowaniu. Wystarczy roz\u0142o\u017cy\u0107 go na trawie lub piasku.\u00a0Wbudowane spryskiwacze zapewniaj\u0105 efekt kaskady i utrzymuj\u0105 \u015blisk\u0105 powierzchni\u0119 \u015blizgawki.\u00a0Do natrysk\u00f3w umieszczonych w zje\u017cd\u017calni wystarczy pod\u0142\u0105czy\u0107 w\u0105\u017c ogrodowy.\u00a0<\/p>\n<ul>\n<li><b>\u015alizgawka jest podw\u00f3jna<\/b> &#8211; dzieci mog\u0105 si\u0119 \u015blizga\u0107 na zmian\u0119 lub urz\u0105dza\u0107 wy\u015bcigi. Podw\u00f3jny tor podw\u00f3jna zabawa!<\/li>\n<li>Wbudowana <b>zatoczka<\/b> pozwala bezpiecznie si\u0119 zatrzyma\u0107 po sko\u0144czonej przeja\u017cd\u017cce.\u00a0\u00a0<\/li>\n<li>Wbudowane <b>natryski<\/b> stale nawadniaj\u0105 powierzchni\u0119 toru zapewniaj\u0105c odpowiedni\u0105 pr\u0119dko\u015b\u0107. Dodatkowo s\u0105 \u017ar\u00f3d\u0142em och\u0142ody w gor\u0105ce dni!<\/li>\n<li>Do zje\u017cd\u017canie nie s\u0105 potrzebne <b>\u017cadne dodatkowe akcesoria.<\/b> Jednak dla urozmaicenia zjazdu mo\u017cesz u\u017cy\u0107 np. ma\u0142ych ponton\u00f3w.\u00a0<\/li>\n<li>Tor ma 448 cm d\u0142ugo\u015bci.\u00a0<\/li>\n<\/ul>\n<\/section><\/div>\n<\/section>\n<section class=\"section\">\n<div class=\"item item-12\">\n<section class=\"image-item\">\n            <img decoding=\"async\" src=\"https:\/\/upload.cdn.baselinker.com\/products\/14476\/ad6f69b188a8421fc9811ec0f94de3bf.jpg\"><br \/>\n        <\/section>\n<\/p><\/div>\n<\/section>\n<section class=\"section\">\n<div class=\"item item-12\">\n<section class=\"text-item\">\n<h2>\u2705 Wytrzyma\u0142y i solidny<\/h2>\n<ul>\n<li>Pasy \u015blizgowe s\u0105 wykonane z UltraSlick \u2122 PVC <b>dla wi\u0119kszego po\u015blizgu, mniejszej przyczepno\u015bci i szybszej jazdy.<\/b><\/li>\n<li>Lejki wodne w baseniku na ko\u0144cu powoduj\u0105ce l\u0105dowanie z wielkim pluskiem na linii mety.<\/li>\n<li><b>Wbudowane spryskiwacze<\/b> SplashBoost \u2122 s\u0105 specjalnie zaprojektowane w celu bardziej wydajnego pokrycia i zapewniaj\u0105 efekt kaskadowy, utrzymuj\u0105c \u015bliski tor.<\/li>\n<li>\u015alizg mo\u017ce pos\u0142u\u017cy\u0107 przez kilka sezon\u00f3w, a w razie drobnych uszkodze\u0144 do toru do\u0142\u0105czono\u00a0zestaw naprawczy.<\/li>\n<\/ul>\n<\/section><\/div>\n<\/section>\n<section class=\"section\">\n<div class=\"item item-12\">\n<section class=\"image-item\">\n            <img decoding=\"async\" src=\"https:\/\/upload.cdn.baselinker.com\/products\/14476\/8e32f5a7574ffeb749c512a2a14d891d.jpg\"><br \/>\n        <\/section>\n<\/p><\/div>\n<\/section>\n<section class=\"section\">\n<div class=\"item item-12\">\n<section class=\"text-item\">\n<h2>Postaw na dobr\u0105 zabaw\u0119 i ju\u017c dzi\u015b zam\u00f3w wodn\u0105 \u015blizgawk\u0119!<\/h2>\n<ol>\n<li>Pod\u0142\u0105cz w\u0105\u017c ogrodowy do \u015blizgawki i szykuj si\u0119 do startu.<\/li>\n<li>Tor jest wytrzyma\u0142y, wykonany z mocnego tworzywa i gwarantuje dobr\u0105 zabaw\u0119!<\/li>\n<li>Specjalnie zaprojektowane spryskiwacze zapewniaj\u0105 efekt kaskadowy, utrzymuj\u0105c \u015bliski tor.<\/li>\n<li>Baw si\u0119 i sp\u0119d\u017a czas na \u015bwie\u017cym powietrzu! Wodna zabawka idealna do wy\u015bcig\u00f3w.<\/li>\n<li>Po ko\u0144czonej zabawie \u0142atwy do demonta\u017cu, zajmuje ma\u0142o miejsca.\u00a0<\/li>\n<li>Je\u017celi zdarzy si\u0119 przykra niespodzianka i tor zostanie uszkodzony to skorzystaj z zestawu naprawczego.<\/li>\n<\/ol>\n<\/section><\/div>\n<\/section>\n<section class=\"section\">\n<div class=\"item item-12\">\n<section class=\"image-item\">\n            <img decoding=\"async\" src=\"https:\/\/upload.cdn.baselinker.com\/products\/14476\/4ac128082453198f6a1fb6bca56504c2.jpg\"><br \/>\n        <\/section>\n<\/p><\/div>\n<\/section>\n","protected":false},"excerpt":{"rendered":"<p>\u015aLIZGAWKA WODNA PODW\u00d3JNA TOR \u015aLIZG 448 CM BESTWAY Informacje og\u00f3lne: D\u0142ugo\u015b\u0107: 448 cm Materia\u0142: wysokiej jako\u015bci, przetestowany winyl Wiek: powy\u017cej 3 lat Marka: BESTWAY Zestaw zawiera \u015blizgawk\u0119 wodn\u0105 oraz zestaw naprawczy ( \u0142at\u0119).\u00a0 Wakacyjny hit, kt\u00f3ry gwarantuje \u015bwietnie sp\u0119dzony czas! \u015alizgawka wodna to\u00a0gad\u017cet, kt\u00f3ry doskonale sprawdzi si\u0119 podczas upalnych, letnich dni! Idealnie nadaje si\u0119 zar\u00f3wno<br \/><a class=\"more-link\" href=\"https:\/\/bobimarket.pl\/index.php\/produkt\/slizgawka-wodna-podwojna-tor-slizg-448-cm\/\"><br \/>\n        Czytaj wi\u0119cej<span class=\"screen-reader-text\"> &#8222;\u015aLIZGAWKA WODNA PODW\u00d3JNA TOR \u015aLIZG 448 CM&#8221;<\/span><\/a><\/p>\n","protected":false},"featured_media":79391,"template":"","meta":[],"product_cat":[8106],"product_tag":[],"yoast_head":"<!-- This site is optimized with the Yoast SEO plugin v21.0 - https:\/\/yoast.com\/wordpress\/plugins\/seo\/ -->\n<title>\u015aLIZGAWKA WODNA PODW\u00d3JNA TOR \u015aLIZG 448 CM - BOBIMARKET.pl - Remontuj i urz\u0105dzaj z nami<\/title>\n<meta name=\"robots\" content=\"index, follow, max-snippet:-1, max-image-preview:large, max-video-preview:-1\" \/>\n<link rel=\"canonical\" href=\"https:\/\/bobimarket.pl\/index.php\/produkt\/slizgawka-wodna-podwojna-tor-slizg-448-cm\/\" \/>\n<meta property=\"og:locale\" content=\"pl_PL\" \/>\n<meta property=\"og:type\" content=\"article\" \/>\n<meta property=\"og:title\" content=\"\u015aLIZGAWKA WODNA PODW\u00d3JNA TOR \u015aLIZG 448 CM - BOBIMARKET.pl - Remontuj i urz\u0105dzaj z nami\" \/>\n<meta property=\"og:description\" content=\"\u015aLIZGAWKA WODNA PODW\u00d3JNA TOR \u015aLIZG 448 CM BESTWAY Informacje og\u00f3lne: D\u0142ugo\u015b\u0107: 448 cm Materia\u0142: wysokiej jako\u015bci, przetestowany winyl Wiek: powy\u017cej 3 lat Marka: BESTWAY Zestaw zawiera \u015blizgawk\u0119 wodn\u0105 oraz zestaw naprawczy ( \u0142at\u0119).\u00a0 Wakacyjny hit, kt\u00f3ry gwarantuje \u015bwietnie sp\u0119dzony czas! \u015alizgawka wodna to\u00a0gad\u017cet, kt\u00f3ry doskonale sprawdzi si\u0119 podczas upalnych, letnich dni! Idealnie nadaje si\u0119 zar\u00f3wno     Czytaj wi\u0119cej &quot;\u015aLIZGAWKA WODNA PODW\u00d3JNA TOR \u015aLIZG 448 CM&quot;\" \/>\n<meta property=\"og:url\" content=\"https:\/\/bobimarket.pl\/index.php\/produkt\/slizgawka-wodna-podwojna-tor-slizg-448-cm\/\" \/>\n<meta property=\"og:site_name\" content=\"BOBIMARKET.pl - Remontuj i urz\u0105dzaj z nami\" \/>\n<meta property=\"article:modified_time\" content=\"2025-02-27T13:21:40+00:00\" \/>\n<meta property=\"og:image\" content=\"https:\/\/upload.cdn.baselinker.com\/products\/14476\/1005265824_2.png\" \/>\n<meta name=\"twitter:card\" content=\"summary_large_image\" \/>\n<meta name=\"twitter:label1\" content=\"Szacowany czas czytania\" \/>\n\t<meta name=\"twitter:data1\" content=\"2 minuty\" \/>\n<script type=\"application\/ld+json\" class=\"yoast-schema-graph\">{\"@context\":\"https:\/\/schema.org\",\"@graph\":[{\"@type\":\"WebPage\",\"@id\":\"https:\/\/bobimarket.pl\/index.php\/produkt\/slizgawka-wodna-podwojna-tor-slizg-448-cm\/\",\"url\":\"https:\/\/bobimarket.pl\/index.php\/produkt\/slizgawka-wodna-podwojna-tor-slizg-448-cm\/\",\"name\":\"\u015aLIZGAWKA WODNA PODW\u00d3JNA TOR \u015aLIZG 448 CM - BOBIMARKET.pl - Remontuj i urz\u0105dzaj z nami\",\"isPartOf\":{\"@id\":\"https:\/\/bobimarket.pl\/#website\"},\"datePublished\":\"2023-08-29T14:28:59+00:00\",\"dateModified\":\"2025-02-27T13:21:40+00:00\",\"breadcrumb\":{\"@id\":\"https:\/\/bobimarket.pl\/index.php\/produkt\/slizgawka-wodna-podwojna-tor-slizg-448-cm\/#breadcrumb\"},\"inLanguage\":\"pl-PL\",\"potentialAction\":[{\"@type\":\"ReadAction\",\"target\":[\"https:\/\/bobimarket.pl\/index.php\/produkt\/slizgawka-wodna-podwojna-tor-slizg-448-cm\/\"]}]},{\"@type\":\"BreadcrumbList\",\"@id\":\"https:\/\/bobimarket.pl\/index.php\/produkt\/slizgawka-wodna-podwojna-tor-slizg-448-cm\/#breadcrumb\",\"itemListElement\":[{\"@type\":\"ListItem\",\"position\":1,\"name\":\"Strona g\u0142\u00f3wna\",\"item\":\"https:\/\/bobimarket.pl\/\"},{\"@type\":\"ListItem\",\"position\":2,\"name\":\"Sklep\",\"item\":\"https:\/\/bobimarket.pl\/index.php\/shop\/\"},{\"@type\":\"ListItem\",\"position\":3,\"name\":\"\u015aLIZGAWKA WODNA PODW\u00d3JNA TOR \u015aLIZG 448 CM\"}]},{\"@type\":\"WebSite\",\"@id\":\"https:\/\/bobimarket.pl\/#website\",\"url\":\"https:\/\/bobimarket.pl\/\",\"name\":\"BOBIMARKET.pl - Remontuj i urz\u0105dzaj z nami\",\"description\":\"Remontuj i urz\u0105dzaj z nami\",\"publisher\":{\"@id\":\"https:\/\/bobimarket.pl\/#organization\"},\"potentialAction\":[{\"@type\":\"SearchAction\",\"target\":{\"@type\":\"EntryPoint\",\"urlTemplate\":\"https:\/\/bobimarket.pl\/?s={search_term_string}\"},\"query-input\":\"required name=search_term_string\"}],\"inLanguage\":\"pl-PL\"},{\"@type\":\"Organization\",\"@id\":\"https:\/\/bobimarket.pl\/#organization\",\"name\":\"BOBIMARKET.pl\",\"url\":\"https:\/\/bobimarket.pl\/\",\"logo\":{\"@type\":\"ImageObject\",\"inLanguage\":\"pl-PL\",\"@id\":\"https:\/\/bobimarket.pl\/#\/schema\/logo\/image\/\",\"url\":\"https:\/\/bobimarket.pl\/wp-content\/uploads\/2021\/11\/slogan.png\",\"contentUrl\":\"https:\/\/bobimarket.pl\/wp-content\/uploads\/2021\/11\/slogan.png\",\"width\":2000,\"height\":384,\"caption\":\"BOBIMARKET.pl\"},\"image\":{\"@id\":\"https:\/\/bobimarket.pl\/#\/schema\/logo\/image\/\"}}]}<\/script>\n<!-- \/ Yoast SEO plugin. -->","yoast_head_json":{"title":"\u015aLIZGAWKA WODNA PODW\u00d3JNA TOR \u015aLIZG 448 CM - BOBIMARKET.pl - Remontuj i urz\u0105dzaj z nami","robots":{"index":"index","follow":"follow","max-snippet":"max-snippet:-1","max-image-preview":"max-image-preview:large","max-video-preview":"max-video-preview:-1"},"canonical":"https:\/\/bobimarket.pl\/index.php\/produkt\/slizgawka-wodna-podwojna-tor-slizg-448-cm\/","og_locale":"pl_PL","og_type":"article","og_title":"\u015aLIZGAWKA WODNA PODW\u00d3JNA TOR \u015aLIZG 448 CM - BOBIMARKET.pl - Remontuj i urz\u0105dzaj z nami","og_description":"\u015aLIZGAWKA WODNA PODW\u00d3JNA TOR \u015aLIZG 448 CM BESTWAY Informacje og\u00f3lne: D\u0142ugo\u015b\u0107: 448 cm Materia\u0142: wysokiej jako\u015bci, przetestowany winyl Wiek: powy\u017cej 3 lat Marka: BESTWAY Zestaw zawiera \u015blizgawk\u0119 wodn\u0105 oraz zestaw naprawczy ( \u0142at\u0119).\u00a0 Wakacyjny hit, kt\u00f3ry gwarantuje \u015bwietnie sp\u0119dzony czas! \u015alizgawka wodna to\u00a0gad\u017cet, kt\u00f3ry doskonale sprawdzi si\u0119 podczas upalnych, letnich dni! Idealnie nadaje si\u0119 zar\u00f3wno     Czytaj wi\u0119cej \"\u015aLIZGAWKA WODNA PODW\u00d3JNA TOR \u015aLIZG 448 CM\"","og_url":"https:\/\/bobimarket.pl\/index.php\/produkt\/slizgawka-wodna-podwojna-tor-slizg-448-cm\/","og_site_name":"BOBIMARKET.pl - Remontuj i urz\u0105dzaj z nami","article_modified_time":"2025-02-27T13:21:40+00:00","og_image":[{"url":"https:\/\/upload.cdn.baselinker.com\/products\/14476\/1005265824_2.png"}],"twitter_card":"summary_large_image","twitter_misc":{"Szacowany czas czytania":"2 minuty"},"schema":{"@context":"https:\/\/schema.org","@graph":[{"@type":"WebPage","@id":"https:\/\/bobimarket.pl\/index.php\/produkt\/slizgawka-wodna-podwojna-tor-slizg-448-cm\/","url":"https:\/\/bobimarket.pl\/index.php\/produkt\/slizgawka-wodna-podwojna-tor-slizg-448-cm\/","name":"\u015aLIZGAWKA WODNA PODW\u00d3JNA TOR \u015aLIZG 448 CM - BOBIMARKET.pl - Remontuj i urz\u0105dzaj z nami","isPartOf":{"@id":"https:\/\/bobimarket.pl\/#website"},"datePublished":"2023-08-29T14:28:59+00:00","dateModified":"2025-02-27T13:21:40+00:00","breadcrumb":{"@id":"https:\/\/bobimarket.pl\/index.php\/produkt\/slizgawka-wodna-podwojna-tor-slizg-448-cm\/#breadcrumb"},"inLanguage":"pl-PL","potentialAction":[{"@type":"ReadAction","target":["https:\/\/bobimarket.pl\/index.php\/produkt\/slizgawka-wodna-podwojna-tor-slizg-448-cm\/"]}]},{"@type":"BreadcrumbList","@id":"https:\/\/bobimarket.pl\/index.php\/produkt\/slizgawka-wodna-podwojna-tor-slizg-448-cm\/#breadcrumb","itemListElement":[{"@type":"ListItem","position":1,"name":"Strona g\u0142\u00f3wna","item":"https:\/\/bobimarket.pl\/"},{"@type":"ListItem","position":2,"name":"Sklep","item":"https:\/\/bobimarket.pl\/index.php\/shop\/"},{"@type":"ListItem","position":3,"name":"\u015aLIZGAWKA WODNA PODW\u00d3JNA TOR \u015aLIZG 448 CM"}]},{"@type":"WebSite","@id":"https:\/\/bobimarket.pl\/#website","url":"https:\/\/bobimarket.pl\/","name":"BOBIMARKET.pl - Remontuj i urz\u0105dzaj z nami","description":"Remontuj i urz\u0105dzaj z nami","publisher":{"@id":"https:\/\/bobimarket.pl\/#organization"},"potentialAction":[{"@type":"SearchAction","target":{"@type":"EntryPoint","urlTemplate":"https:\/\/bobimarket.pl\/?s={search_term_string}"},"query-input":"required name=search_term_string"}],"inLanguage":"pl-PL"},{"@type":"Organization","@id":"https:\/\/bobimarket.pl\/#organization","name":"BOBIMARKET.pl","url":"https:\/\/bobimarket.pl\/","logo":{"@type":"ImageObject","inLanguage":"pl-PL","@id":"https:\/\/bobimarket.pl\/#\/schema\/logo\/image\/","url":"https:\/\/bobimarket.pl\/wp-content\/uploads\/2021\/11\/slogan.png","contentUrl":"https:\/\/bobimarket.pl\/wp-content\/uploads\/2021\/11\/slogan.png","width":2000,"height":384,"caption":"BOBIMARKET.pl"},"image":{"@id":"https:\/\/bobimarket.pl\/#\/schema\/logo\/image\/"}}]}},"_links":{"self":[{"href":"https:\/\/bobimarket.pl\/index.php\/wp-json\/wp\/v2\/product\/79402"}],"collection":[{"href":"https:\/\/bobimarket.pl\/index.php\/wp-json\/wp\/v2\/product"}],"about":[{"href":"https:\/\/bobimarket.pl\/index.php\/wp-json\/wp\/v2\/types\/product"}],"wp:featuredmedia":[{"embeddable":true,"href":"https:\/\/bobimarket.pl\/index.php\/wp-json\/wp\/v2\/media\/79391"}],"wp:attachment":[{"href":"https:\/\/bobimarket.pl\/index.php\/wp-json\/wp\/v2\/media?parent=79402"}],"wp:term":[{"taxonomy":"product_cat","embeddable":true,"href":"https:\/\/bobimarket.pl\/index.php\/wp-json\/wp\/v2\/product_cat?post=79402"},{"taxonomy":"product_tag","embeddable":true,"href":"https:\/\/bobimarket.pl\/index.php\/wp-json\/wp\/v2\/product_tag?post=79402"}],"curies":[{"name":"wp","href":"https:\/\/api.w.org\/{rel}","templated":true}]}}