{"id":79457,"date":"2023-08-29T14:32:27","date_gmt":"2023-08-29T14:32:27","guid":{"rendered":"https:\/\/bobimarket.pl\/index.php\/produkt\/wiertlo-do-szkla-luster-glazury-widia-6-mm\/"},"modified":"2025-02-27T13:22:17","modified_gmt":"2025-02-27T13:22:17","slug":"wiertlo-do-szkla-luster-glazury-widia-6-mm","status":"publish","type":"product","link":"https:\/\/bobimarket.pl\/index.php\/produkt\/wiertlo-do-szkla-luster-glazury-widia-6-mm\/","title":{"rendered":"WIERT\u0141O DO SZK\u0141A LUSTER GLAZURY WIDIA 6 mm"},"content":{"rendered":"<section class=\"section\">\n<div class=\"item item-12\">\n<section class=\"text-item\">\n<h2>WIERT\u0141O DO SZK\u0141A LUSTER GLAZURY WIDIA 6 mm<\/h2>\n<p><b>Dane techniczne:<\/b><\/p>\n<ul>\n<li>\u015arednica: <b>6 mm<\/b><\/li>\n<li>Materia\u0142: <b>stal\/widia<\/b><\/li>\n<li>Typ mocowania: <b>uchwyt cylindryczny<\/b><\/li>\n<\/ul>\n<\/section><\/div>\n<\/section>\n<section class=\"section\">\n<div class=\"item item-12\">\n<section class=\"image-item\">\n            <img decoding=\"async\" src=\"https:\/\/upload.cdn.baselinker.com\/products\/14476\/1008803140_1.jpg\" \/><br \/>\n        <\/section>\n<\/p><\/div>\n<\/section>\n<section class=\"section\">\n<div class=\"item item-12\">\n<section class=\"text-item\">\n<p>Wiert\u0142o do szk\u0142a <b>o \u015brednicy 4 mm<\/b>. Przeznaczone do wiercenia w szkle i mi\u0119kkich wyrobach ceramicznych. Specjalnie skonstruowana wk\u0142adka widiowa sprawia, \u017ce wiert\u0142o charakteryzuje si\u0119 d\u0142u\u017csz\u0105 \u017cywotno\u015bci\u0105 i wysok\u0105 wydajno\u015bci\u0105.<\/p>\n<p>Wiert\u0142o umo\u017cliwia przewiercanie czu\u0142ych na uszkodzenia mechaniczne materia\u0142\u00f3w, a powsta\u0142e kraw\u0119dzie pozbawione s\u0105 od\u0142amk\u00f3w i \u015blad\u00f3w p\u0119kni\u0119\u0107.<\/p>\n<p><b>\u2705 Zastosowanie:<\/b><\/p>\n<p>Wiert\u0142o przeznaczone jest do wykonywania otwor\u00f3w przy wykorzystaniu wiertarki ( praca na morko, z wy\u0142\u0105czonym udarem)<\/p>\n<ul>\n<li>S\u0142u\u017cy do wiercenia\u00a0 we wszelkiego rodzaju szklanych materia\u0142ach (tj. \u00a0szyby, lustra, butelki ) i mi\u0119kkich wyrobach ceramicznych.<\/li>\n<\/ul>\n<\/section><\/div>\n<\/section>\n<section class=\"section\">\n<div class=\"item item-6\">\n<section class=\"image-item\">\n            <img decoding=\"async\" src=\"https:\/\/upload.cdn.baselinker.com\/products\/14476\/1008803140_1.jpg\" \/><br \/>\n        <\/section>\n<\/p><\/div>\n<div class=\"item item-6\">\n<section class=\"image-item\">\n            <img decoding=\"async\" src=\"https:\/\/upload.cdn.baselinker.com\/products\/14476\/1008803140_3.jpg\" \/><br \/>\n        <\/section>\n<\/p><\/div>\n<\/section>\n","protected":false},"excerpt":{"rendered":"<p>WIERT\u0141O DO SZK\u0141A LUSTER GLAZURY WIDIA 6 mm Dane techniczne: \u015arednica: 6 mm Materia\u0142: stal\/widia Typ mocowania: uchwyt cylindryczny Wiert\u0142o do szk\u0142a o \u015brednicy 4 mm. Przeznaczone do wiercenia w szkle i mi\u0119kkich wyrobach ceramicznych. Specjalnie skonstruowana wk\u0142adka widiowa sprawia, \u017ce wiert\u0142o charakteryzuje si\u0119 d\u0142u\u017csz\u0105 \u017cywotno\u015bci\u0105 i wysok\u0105 wydajno\u015bci\u0105. Wiert\u0142o umo\u017cliwia przewiercanie czu\u0142ych na uszkodzenia<br \/><a class=\"more-link\" href=\"https:\/\/bobimarket.pl\/index.php\/produkt\/wiertlo-do-szkla-luster-glazury-widia-6-mm\/\"><br \/>\n        Czytaj wi\u0119cej<span class=\"screen-reader-text\"> &#8222;WIERT\u0141O DO SZK\u0141A LUSTER GLAZURY WIDIA 6 mm&#8221;<\/span><\/a><\/p>\n","protected":false},"featured_media":79453,"template":"","meta":[],"product_cat":[8108],"product_tag":[],"yoast_head":"<!-- This site is optimized with the Yoast SEO plugin v21.0 - https:\/\/yoast.com\/wordpress\/plugins\/seo\/ -->\n<title>WIERT\u0141O DO SZK\u0141A LUSTER GLAZURY WIDIA 6 mm - BOBIMARKET.pl - Remontuj i urz\u0105dzaj z nami<\/title>\n<meta name=\"robots\" content=\"index, follow, max-snippet:-1, max-image-preview:large, max-video-preview:-1\" \/>\n<link rel=\"canonical\" href=\"https:\/\/bobimarket.pl\/index.php\/produkt\/wiertlo-do-szkla-luster-glazury-widia-6-mm\/\" \/>\n<meta property=\"og:locale\" content=\"pl_PL\" \/>\n<meta property=\"og:type\" content=\"article\" \/>\n<meta property=\"og:title\" content=\"WIERT\u0141O DO SZK\u0141A LUSTER GLAZURY WIDIA 6 mm - BOBIMARKET.pl - Remontuj i urz\u0105dzaj z nami\" \/>\n<meta property=\"og:description\" content=\"WIERT\u0141O DO SZK\u0141A LUSTER GLAZURY WIDIA 6 mm Dane techniczne: \u015arednica: 6 mm Materia\u0142: stal\/widia Typ mocowania: uchwyt cylindryczny Wiert\u0142o do szk\u0142a o \u015brednicy 4 mm. Przeznaczone do wiercenia w szkle i mi\u0119kkich wyrobach ceramicznych. Specjalnie skonstruowana wk\u0142adka widiowa sprawia, \u017ce wiert\u0142o charakteryzuje si\u0119 d\u0142u\u017csz\u0105 \u017cywotno\u015bci\u0105 i wysok\u0105 wydajno\u015bci\u0105. Wiert\u0142o umo\u017cliwia przewiercanie czu\u0142ych na uszkodzenia     Czytaj wi\u0119cej &quot;WIERT\u0141O DO SZK\u0141A LUSTER GLAZURY WIDIA 6 mm&quot;\" \/>\n<meta property=\"og:url\" content=\"https:\/\/bobimarket.pl\/index.php\/produkt\/wiertlo-do-szkla-luster-glazury-widia-6-mm\/\" \/>\n<meta property=\"og:site_name\" content=\"BOBIMARKET.pl - Remontuj i urz\u0105dzaj z nami\" \/>\n<meta property=\"article:modified_time\" content=\"2025-02-27T13:22:17+00:00\" \/>\n<meta property=\"og:image\" content=\"https:\/\/upload.cdn.baselinker.com\/products\/14476\/1008803140_1.jpg\" \/>\n<meta name=\"twitter:card\" content=\"summary_large_image\" \/>\n<meta name=\"twitter:label1\" content=\"Szacowany czas czytania\" \/>\n\t<meta name=\"twitter:data1\" content=\"1 minuta\" \/>\n<script type=\"application\/ld+json\" class=\"yoast-schema-graph\">{\"@context\":\"https:\/\/schema.org\",\"@graph\":[{\"@type\":\"WebPage\",\"@id\":\"https:\/\/bobimarket.pl\/index.php\/produkt\/wiertlo-do-szkla-luster-glazury-widia-6-mm\/\",\"url\":\"https:\/\/bobimarket.pl\/index.php\/produkt\/wiertlo-do-szkla-luster-glazury-widia-6-mm\/\",\"name\":\"WIERT\u0141O DO SZK\u0141A LUSTER GLAZURY WIDIA 6 mm - BOBIMARKET.pl - Remontuj i urz\u0105dzaj z nami\",\"isPartOf\":{\"@id\":\"https:\/\/bobimarket.pl\/#website\"},\"datePublished\":\"2023-08-29T14:32:27+00:00\",\"dateModified\":\"2025-02-27T13:22:17+00:00\",\"breadcrumb\":{\"@id\":\"https:\/\/bobimarket.pl\/index.php\/produkt\/wiertlo-do-szkla-luster-glazury-widia-6-mm\/#breadcrumb\"},\"inLanguage\":\"pl-PL\",\"potentialAction\":[{\"@type\":\"ReadAction\",\"target\":[\"https:\/\/bobimarket.pl\/index.php\/produkt\/wiertlo-do-szkla-luster-glazury-widia-6-mm\/\"]}]},{\"@type\":\"BreadcrumbList\",\"@id\":\"https:\/\/bobimarket.pl\/index.php\/produkt\/wiertlo-do-szkla-luster-glazury-widia-6-mm\/#breadcrumb\",\"itemListElement\":[{\"@type\":\"ListItem\",\"position\":1,\"name\":\"Strona g\u0142\u00f3wna\",\"item\":\"https:\/\/bobimarket.pl\/\"},{\"@type\":\"ListItem\",\"position\":2,\"name\":\"Sklep\",\"item\":\"https:\/\/bobimarket.pl\/index.php\/shop\/\"},{\"@type\":\"ListItem\",\"position\":3,\"name\":\"WIERT\u0141O DO SZK\u0141A LUSTER GLAZURY WIDIA 6 mm\"}]},{\"@type\":\"WebSite\",\"@id\":\"https:\/\/bobimarket.pl\/#website\",\"url\":\"https:\/\/bobimarket.pl\/\",\"name\":\"BOBIMARKET.pl - Remontuj i urz\u0105dzaj z nami\",\"description\":\"Remontuj i urz\u0105dzaj z nami\",\"publisher\":{\"@id\":\"https:\/\/bobimarket.pl\/#organization\"},\"potentialAction\":[{\"@type\":\"SearchAction\",\"target\":{\"@type\":\"EntryPoint\",\"urlTemplate\":\"https:\/\/bobimarket.pl\/?s={search_term_string}\"},\"query-input\":\"required name=search_term_string\"}],\"inLanguage\":\"pl-PL\"},{\"@type\":\"Organization\",\"@id\":\"https:\/\/bobimarket.pl\/#organization\",\"name\":\"BOBIMARKET.pl\",\"url\":\"https:\/\/bobimarket.pl\/\",\"logo\":{\"@type\":\"ImageObject\",\"inLanguage\":\"pl-PL\",\"@id\":\"https:\/\/bobimarket.pl\/#\/schema\/logo\/image\/\",\"url\":\"https:\/\/bobimarket.pl\/wp-content\/uploads\/2021\/11\/slogan.png\",\"contentUrl\":\"https:\/\/bobimarket.pl\/wp-content\/uploads\/2021\/11\/slogan.png\",\"width\":2000,\"height\":384,\"caption\":\"BOBIMARKET.pl\"},\"image\":{\"@id\":\"https:\/\/bobimarket.pl\/#\/schema\/logo\/image\/\"}}]}<\/script>\n<!-- \/ Yoast SEO plugin. -->","yoast_head_json":{"title":"WIERT\u0141O DO SZK\u0141A LUSTER GLAZURY WIDIA 6 mm - BOBIMARKET.pl - Remontuj i urz\u0105dzaj z nami","robots":{"index":"index","follow":"follow","max-snippet":"max-snippet:-1","max-image-preview":"max-image-preview:large","max-video-preview":"max-video-preview:-1"},"canonical":"https:\/\/bobimarket.pl\/index.php\/produkt\/wiertlo-do-szkla-luster-glazury-widia-6-mm\/","og_locale":"pl_PL","og_type":"article","og_title":"WIERT\u0141O DO SZK\u0141A LUSTER GLAZURY WIDIA 6 mm - BOBIMARKET.pl - Remontuj i urz\u0105dzaj z nami","og_description":"WIERT\u0141O DO SZK\u0141A LUSTER GLAZURY WIDIA 6 mm Dane techniczne: \u015arednica: 6 mm Materia\u0142: stal\/widia Typ mocowania: uchwyt cylindryczny Wiert\u0142o do szk\u0142a o \u015brednicy 4 mm. Przeznaczone do wiercenia w szkle i mi\u0119kkich wyrobach ceramicznych. Specjalnie skonstruowana wk\u0142adka widiowa sprawia, \u017ce wiert\u0142o charakteryzuje si\u0119 d\u0142u\u017csz\u0105 \u017cywotno\u015bci\u0105 i wysok\u0105 wydajno\u015bci\u0105. Wiert\u0142o umo\u017cliwia przewiercanie czu\u0142ych na uszkodzenia     Czytaj wi\u0119cej \"WIERT\u0141O DO SZK\u0141A LUSTER GLAZURY WIDIA 6 mm\"","og_url":"https:\/\/bobimarket.pl\/index.php\/produkt\/wiertlo-do-szkla-luster-glazury-widia-6-mm\/","og_site_name":"BOBIMARKET.pl - Remontuj i urz\u0105dzaj z nami","article_modified_time":"2025-02-27T13:22:17+00:00","og_image":[{"url":"https:\/\/upload.cdn.baselinker.com\/products\/14476\/1008803140_1.jpg"}],"twitter_card":"summary_large_image","twitter_misc":{"Szacowany czas czytania":"1 minuta"},"schema":{"@context":"https:\/\/schema.org","@graph":[{"@type":"WebPage","@id":"https:\/\/bobimarket.pl\/index.php\/produkt\/wiertlo-do-szkla-luster-glazury-widia-6-mm\/","url":"https:\/\/bobimarket.pl\/index.php\/produkt\/wiertlo-do-szkla-luster-glazury-widia-6-mm\/","name":"WIERT\u0141O DO SZK\u0141A LUSTER GLAZURY WIDIA 6 mm - BOBIMARKET.pl - Remontuj i urz\u0105dzaj z nami","isPartOf":{"@id":"https:\/\/bobimarket.pl\/#website"},"datePublished":"2023-08-29T14:32:27+00:00","dateModified":"2025-02-27T13:22:17+00:00","breadcrumb":{"@id":"https:\/\/bobimarket.pl\/index.php\/produkt\/wiertlo-do-szkla-luster-glazury-widia-6-mm\/#breadcrumb"},"inLanguage":"pl-PL","potentialAction":[{"@type":"ReadAction","target":["https:\/\/bobimarket.pl\/index.php\/produkt\/wiertlo-do-szkla-luster-glazury-widia-6-mm\/"]}]},{"@type":"BreadcrumbList","@id":"https:\/\/bobimarket.pl\/index.php\/produkt\/wiertlo-do-szkla-luster-glazury-widia-6-mm\/#breadcrumb","itemListElement":[{"@type":"ListItem","position":1,"name":"Strona g\u0142\u00f3wna","item":"https:\/\/bobimarket.pl\/"},{"@type":"ListItem","position":2,"name":"Sklep","item":"https:\/\/bobimarket.pl\/index.php\/shop\/"},{"@type":"ListItem","position":3,"name":"WIERT\u0141O DO SZK\u0141A LUSTER GLAZURY WIDIA 6 mm"}]},{"@type":"WebSite","@id":"https:\/\/bobimarket.pl\/#website","url":"https:\/\/bobimarket.pl\/","name":"BOBIMARKET.pl - Remontuj i urz\u0105dzaj z nami","description":"Remontuj i urz\u0105dzaj z nami","publisher":{"@id":"https:\/\/bobimarket.pl\/#organization"},"potentialAction":[{"@type":"SearchAction","target":{"@type":"EntryPoint","urlTemplate":"https:\/\/bobimarket.pl\/?s={search_term_string}"},"query-input":"required name=search_term_string"}],"inLanguage":"pl-PL"},{"@type":"Organization","@id":"https:\/\/bobimarket.pl\/#organization","name":"BOBIMARKET.pl","url":"https:\/\/bobimarket.pl\/","logo":{"@type":"ImageObject","inLanguage":"pl-PL","@id":"https:\/\/bobimarket.pl\/#\/schema\/logo\/image\/","url":"https:\/\/bobimarket.pl\/wp-content\/uploads\/2021\/11\/slogan.png","contentUrl":"https:\/\/bobimarket.pl\/wp-content\/uploads\/2021\/11\/slogan.png","width":2000,"height":384,"caption":"BOBIMARKET.pl"},"image":{"@id":"https:\/\/bobimarket.pl\/#\/schema\/logo\/image\/"}}]}},"_links":{"self":[{"href":"https:\/\/bobimarket.pl\/index.php\/wp-json\/wp\/v2\/product\/79457"}],"collection":[{"href":"https:\/\/bobimarket.pl\/index.php\/wp-json\/wp\/v2\/product"}],"about":[{"href":"https:\/\/bobimarket.pl\/index.php\/wp-json\/wp\/v2\/types\/product"}],"wp:featuredmedia":[{"embeddable":true,"href":"https:\/\/bobimarket.pl\/index.php\/wp-json\/wp\/v2\/media\/79453"}],"wp:attachment":[{"href":"https:\/\/bobimarket.pl\/index.php\/wp-json\/wp\/v2\/media?parent=79457"}],"wp:term":[{"taxonomy":"product_cat","embeddable":true,"href":"https:\/\/bobimarket.pl\/index.php\/wp-json\/wp\/v2\/product_cat?post=79457"},{"taxonomy":"product_tag","embeddable":true,"href":"https:\/\/bobimarket.pl\/index.php\/wp-json\/wp\/v2\/product_tag?post=79457"}],"curies":[{"name":"wp","href":"https:\/\/api.w.org\/{rel}","templated":true}]}}