{"id":79461,"date":"2023-08-29T14:32:46","date_gmt":"2023-08-29T14:32:46","guid":{"rendered":"https:\/\/bobimarket.pl\/index.php\/produkt\/pila-do-drewna-pila-widiowa-450-x-32mm-60t\/"},"modified":"2025-02-27T13:22:21","modified_gmt":"2025-02-27T13:22:21","slug":"pila-do-drewna-pila-widiowa-450-x-32mm-60t","status":"publish","type":"product","link":"https:\/\/bobimarket.pl\/index.php\/produkt\/pila-do-drewna-pila-widiowa-450-x-32mm-60t\/","title":{"rendered":"PI\u0141A DO DREWNA PI\u0141A WIDIOWA 450 x 32mm 60T"},"content":{"rendered":"<section class=\"section\">\n<div class=\"item item-6\">\n<section class=\"image-item\">\n            <img decoding=\"async\" src=\"https:\/\/upload.cdn.baselinker.com\/products\/14476\/363392a7f8a108b715293afad490d5cf.jpg\" \/><br \/>\n        <\/section>\n<\/p><\/div>\n<div class=\"item item-6\">\n<section class=\"text-item\">\n<h2>PI\u0141A DO DREWNA PI\u0141A WIDIOWA 450 x 32mm 60T<\/h2>\n<p><b>Dane techniczne:<\/b><\/p>\n<ul>\n<li>\u015arednica tarczy: <b>450 mm<\/b><\/li>\n<li>Otw\u00f3r wewn\u0119trzny:<b> 32 mm<\/b><\/li>\n<li>Grubo\u015b\u0107 tarczy:<b> 2,5 mm<\/b><\/li>\n<li>Parametry widii: <b>6,0 x 1,8 x 3,2 mm<\/b><\/li>\n<li>Pier\u015bcienie redukcyjne: <b>30 mm, 25,4 mm, 20mm<\/b><\/li>\n<li>Liczba z\u0119b\u00f3w:<b> 60<\/b><\/li>\n<li><b>MAX RPM: 3500<\/b><\/li>\n<\/ul>\n<\/section><\/div>\n<\/section>\n<section class=\"section\">\n<div class=\"item item-6\">\n<section class=\"image-item\">\n            <img decoding=\"async\" src=\"https:\/\/upload.cdn.baselinker.com\/products\/14476\/1009334927_2.jpg\" \/><br \/>\n        <\/section>\n<\/p><\/div>\n<div class=\"item item-6\">\n<section class=\"text-item\">\n<p><b>Praktyczny element wyposa\u017cenia Twojej skrzynki narz\u0119dziowej!<\/b><\/p>\n<p>Pi\u0142a tarczowa widiowa przeznaczona do drewna. <b>Ostrze z w\u0119glika spiekanego<\/b> gwarantuje d\u0142ug\u0105 \u017cywotno\u015b\u0107 narz\u0119dzia i umo\u017cliwiaj\u0105 wielokrotne ostrzenie.<\/p>\n<ul>\n<li>Odpowiednio dobrana grubo\u015b\u0107 i geometria tarczy zapewnia optymaln\u0105 jako\u015b\u0107 obr\u00f3bki podczas ci\u0119cia drewna.<\/li>\n<\/ul>\n<\/section><\/div>\n<\/section>\n<section class=\"section\">\n<div class=\"item item-6\">\n<section class=\"image-item\">\n            <img decoding=\"async\" src=\"https:\/\/upload.cdn.baselinker.com\/products\/14476\/363392a7f8a108b715293afad490d5cf.jpg\" \/><br \/>\n        <\/section>\n<\/p><\/div>\n<div class=\"item item-6\">\n<section class=\"text-item\">\n<p><b>\u2705 Zastosowanie:<\/b><\/p>\n<p>Pi\u0142a tarczowa doskonale przyda si\u0119 podczas wykonywania wszelkich prac budowlanych i remontowych wymagaj\u0105cych obr\u00f3bki drewna. Narz\u0119dzie umo\u017cliwia sprawne i szybkie ci\u0119cie.<\/p>\n<p>Przeznaczona <b>do ci\u0119cia materia\u0142\u00f3w drewnianych i drewnopodobnych<\/b> tj. p\u0142yta laminowana czy sklejka.<\/p>\n<ul>\n<li>Z jej pomoc\u0105 \u00a0sprawnie przetniesz drewniane elementy, z kt\u00f3rych b\u0119dziesz m\u00f3g\u0142 wykona\u0107 drewniane meble, hu\u015btawki itp.<\/li>\n<\/ul>\n<ul>\n<li>Sprawdzi si\u0119 r\u00f3wnie\u017c podczas budowania tarasy czy altany.<\/li>\n<\/ul>\n<\/section><\/div>\n<\/section>\n","protected":false},"excerpt":{"rendered":"<p>PI\u0141A DO DREWNA PI\u0141A WIDIOWA 450 x 32mm 60T Dane techniczne: \u015arednica tarczy: 450 mm Otw\u00f3r wewn\u0119trzny: 32 mm Grubo\u015b\u0107 tarczy: 2,5 mm Parametry widii: 6,0 x 1,8 x 3,2 mm Pier\u015bcienie redukcyjne: 30 mm, 25,4 mm, 20mm Liczba z\u0119b\u00f3w: 60 MAX RPM: 3500 Praktyczny element wyposa\u017cenia Twojej skrzynki narz\u0119dziowej! Pi\u0142a tarczowa widiowa przeznaczona do<br \/><a class=\"more-link\" href=\"https:\/\/bobimarket.pl\/index.php\/produkt\/pila-do-drewna-pila-widiowa-450-x-32mm-60t\/\"><br \/>\n        Czytaj wi\u0119cej<span class=\"screen-reader-text\"> &#8222;PI\u0141A DO DREWNA PI\u0141A WIDIOWA 450 x 32mm 60T&#8221;<\/span><\/a><\/p>\n","protected":false},"featured_media":79458,"template":"","meta":[],"product_cat":[8110],"product_tag":[],"yoast_head":"<!-- This site is optimized with the Yoast SEO plugin v21.0 - https:\/\/yoast.com\/wordpress\/plugins\/seo\/ -->\n<title>PI\u0141A DO DREWNA PI\u0141A WIDIOWA 450 x 32mm 60T - BOBIMARKET.pl - Remontuj i urz\u0105dzaj z nami<\/title>\n<meta name=\"robots\" content=\"index, follow, max-snippet:-1, max-image-preview:large, max-video-preview:-1\" \/>\n<link rel=\"canonical\" href=\"https:\/\/bobimarket.pl\/index.php\/produkt\/pila-do-drewna-pila-widiowa-450-x-32mm-60t\/\" \/>\n<meta property=\"og:locale\" content=\"pl_PL\" \/>\n<meta property=\"og:type\" content=\"article\" \/>\n<meta property=\"og:title\" content=\"PI\u0141A DO DREWNA PI\u0141A WIDIOWA 450 x 32mm 60T - BOBIMARKET.pl - Remontuj i urz\u0105dzaj z nami\" \/>\n<meta property=\"og:description\" content=\"PI\u0141A DO DREWNA PI\u0141A WIDIOWA 450 x 32mm 60T Dane techniczne: \u015arednica tarczy: 450 mm Otw\u00f3r wewn\u0119trzny: 32 mm Grubo\u015b\u0107 tarczy: 2,5 mm Parametry widii: 6,0 x 1,8 x 3,2 mm Pier\u015bcienie redukcyjne: 30 mm, 25,4 mm, 20mm Liczba z\u0119b\u00f3w: 60 MAX RPM: 3500 Praktyczny element wyposa\u017cenia Twojej skrzynki narz\u0119dziowej! Pi\u0142a tarczowa widiowa przeznaczona do     Czytaj wi\u0119cej &quot;PI\u0141A DO DREWNA PI\u0141A WIDIOWA 450 x 32mm 60T&quot;\" \/>\n<meta property=\"og:url\" content=\"https:\/\/bobimarket.pl\/index.php\/produkt\/pila-do-drewna-pila-widiowa-450-x-32mm-60t\/\" \/>\n<meta property=\"og:site_name\" content=\"BOBIMARKET.pl - Remontuj i urz\u0105dzaj z nami\" \/>\n<meta property=\"article:modified_time\" content=\"2025-02-27T13:22:21+00:00\" \/>\n<meta property=\"og:image\" content=\"https:\/\/upload.cdn.baselinker.com\/products\/14476\/363392a7f8a108b715293afad490d5cf.jpg\" \/>\n<meta name=\"twitter:card\" content=\"summary_large_image\" \/>\n<meta name=\"twitter:label1\" content=\"Szacowany czas czytania\" \/>\n\t<meta name=\"twitter:data1\" content=\"1 minuta\" \/>\n<script type=\"application\/ld+json\" class=\"yoast-schema-graph\">{\"@context\":\"https:\/\/schema.org\",\"@graph\":[{\"@type\":\"WebPage\",\"@id\":\"https:\/\/bobimarket.pl\/index.php\/produkt\/pila-do-drewna-pila-widiowa-450-x-32mm-60t\/\",\"url\":\"https:\/\/bobimarket.pl\/index.php\/produkt\/pila-do-drewna-pila-widiowa-450-x-32mm-60t\/\",\"name\":\"PI\u0141A DO DREWNA PI\u0141A WIDIOWA 450 x 32mm 60T - BOBIMARKET.pl - Remontuj i urz\u0105dzaj z nami\",\"isPartOf\":{\"@id\":\"https:\/\/bobimarket.pl\/#website\"},\"datePublished\":\"2023-08-29T14:32:46+00:00\",\"dateModified\":\"2025-02-27T13:22:21+00:00\",\"breadcrumb\":{\"@id\":\"https:\/\/bobimarket.pl\/index.php\/produkt\/pila-do-drewna-pila-widiowa-450-x-32mm-60t\/#breadcrumb\"},\"inLanguage\":\"pl-PL\",\"potentialAction\":[{\"@type\":\"ReadAction\",\"target\":[\"https:\/\/bobimarket.pl\/index.php\/produkt\/pila-do-drewna-pila-widiowa-450-x-32mm-60t\/\"]}]},{\"@type\":\"BreadcrumbList\",\"@id\":\"https:\/\/bobimarket.pl\/index.php\/produkt\/pila-do-drewna-pila-widiowa-450-x-32mm-60t\/#breadcrumb\",\"itemListElement\":[{\"@type\":\"ListItem\",\"position\":1,\"name\":\"Strona g\u0142\u00f3wna\",\"item\":\"https:\/\/bobimarket.pl\/\"},{\"@type\":\"ListItem\",\"position\":2,\"name\":\"Sklep\",\"item\":\"https:\/\/bobimarket.pl\/index.php\/shop\/\"},{\"@type\":\"ListItem\",\"position\":3,\"name\":\"PI\u0141A DO DREWNA PI\u0141A WIDIOWA 450 x 32mm 60T\"}]},{\"@type\":\"WebSite\",\"@id\":\"https:\/\/bobimarket.pl\/#website\",\"url\":\"https:\/\/bobimarket.pl\/\",\"name\":\"BOBIMARKET.pl - Remontuj i urz\u0105dzaj z nami\",\"description\":\"Remontuj i urz\u0105dzaj z nami\",\"publisher\":{\"@id\":\"https:\/\/bobimarket.pl\/#organization\"},\"potentialAction\":[{\"@type\":\"SearchAction\",\"target\":{\"@type\":\"EntryPoint\",\"urlTemplate\":\"https:\/\/bobimarket.pl\/?s={search_term_string}\"},\"query-input\":\"required name=search_term_string\"}],\"inLanguage\":\"pl-PL\"},{\"@type\":\"Organization\",\"@id\":\"https:\/\/bobimarket.pl\/#organization\",\"name\":\"BOBIMARKET.pl\",\"url\":\"https:\/\/bobimarket.pl\/\",\"logo\":{\"@type\":\"ImageObject\",\"inLanguage\":\"pl-PL\",\"@id\":\"https:\/\/bobimarket.pl\/#\/schema\/logo\/image\/\",\"url\":\"https:\/\/bobimarket.pl\/wp-content\/uploads\/2021\/11\/slogan.png\",\"contentUrl\":\"https:\/\/bobimarket.pl\/wp-content\/uploads\/2021\/11\/slogan.png\",\"width\":2000,\"height\":384,\"caption\":\"BOBIMARKET.pl\"},\"image\":{\"@id\":\"https:\/\/bobimarket.pl\/#\/schema\/logo\/image\/\"}}]}<\/script>\n<!-- \/ Yoast SEO plugin. -->","yoast_head_json":{"title":"PI\u0141A DO DREWNA PI\u0141A WIDIOWA 450 x 32mm 60T - BOBIMARKET.pl - Remontuj i urz\u0105dzaj z nami","robots":{"index":"index","follow":"follow","max-snippet":"max-snippet:-1","max-image-preview":"max-image-preview:large","max-video-preview":"max-video-preview:-1"},"canonical":"https:\/\/bobimarket.pl\/index.php\/produkt\/pila-do-drewna-pila-widiowa-450-x-32mm-60t\/","og_locale":"pl_PL","og_type":"article","og_title":"PI\u0141A DO DREWNA PI\u0141A WIDIOWA 450 x 32mm 60T - BOBIMARKET.pl - Remontuj i urz\u0105dzaj z nami","og_description":"PI\u0141A DO DREWNA PI\u0141A WIDIOWA 450 x 32mm 60T Dane techniczne: \u015arednica tarczy: 450 mm Otw\u00f3r wewn\u0119trzny: 32 mm Grubo\u015b\u0107 tarczy: 2,5 mm Parametry widii: 6,0 x 1,8 x 3,2 mm Pier\u015bcienie redukcyjne: 30 mm, 25,4 mm, 20mm Liczba z\u0119b\u00f3w: 60 MAX RPM: 3500 Praktyczny element wyposa\u017cenia Twojej skrzynki narz\u0119dziowej! Pi\u0142a tarczowa widiowa przeznaczona do     Czytaj wi\u0119cej \"PI\u0141A DO DREWNA PI\u0141A WIDIOWA 450 x 32mm 60T\"","og_url":"https:\/\/bobimarket.pl\/index.php\/produkt\/pila-do-drewna-pila-widiowa-450-x-32mm-60t\/","og_site_name":"BOBIMARKET.pl - Remontuj i urz\u0105dzaj z nami","article_modified_time":"2025-02-27T13:22:21+00:00","og_image":[{"url":"https:\/\/upload.cdn.baselinker.com\/products\/14476\/363392a7f8a108b715293afad490d5cf.jpg"}],"twitter_card":"summary_large_image","twitter_misc":{"Szacowany czas czytania":"1 minuta"},"schema":{"@context":"https:\/\/schema.org","@graph":[{"@type":"WebPage","@id":"https:\/\/bobimarket.pl\/index.php\/produkt\/pila-do-drewna-pila-widiowa-450-x-32mm-60t\/","url":"https:\/\/bobimarket.pl\/index.php\/produkt\/pila-do-drewna-pila-widiowa-450-x-32mm-60t\/","name":"PI\u0141A DO DREWNA PI\u0141A WIDIOWA 450 x 32mm 60T - BOBIMARKET.pl - Remontuj i urz\u0105dzaj z nami","isPartOf":{"@id":"https:\/\/bobimarket.pl\/#website"},"datePublished":"2023-08-29T14:32:46+00:00","dateModified":"2025-02-27T13:22:21+00:00","breadcrumb":{"@id":"https:\/\/bobimarket.pl\/index.php\/produkt\/pila-do-drewna-pila-widiowa-450-x-32mm-60t\/#breadcrumb"},"inLanguage":"pl-PL","potentialAction":[{"@type":"ReadAction","target":["https:\/\/bobimarket.pl\/index.php\/produkt\/pila-do-drewna-pila-widiowa-450-x-32mm-60t\/"]}]},{"@type":"BreadcrumbList","@id":"https:\/\/bobimarket.pl\/index.php\/produkt\/pila-do-drewna-pila-widiowa-450-x-32mm-60t\/#breadcrumb","itemListElement":[{"@type":"ListItem","position":1,"name":"Strona g\u0142\u00f3wna","item":"https:\/\/bobimarket.pl\/"},{"@type":"ListItem","position":2,"name":"Sklep","item":"https:\/\/bobimarket.pl\/index.php\/shop\/"},{"@type":"ListItem","position":3,"name":"PI\u0141A DO DREWNA PI\u0141A WIDIOWA 450 x 32mm 60T"}]},{"@type":"WebSite","@id":"https:\/\/bobimarket.pl\/#website","url":"https:\/\/bobimarket.pl\/","name":"BOBIMARKET.pl - Remontuj i urz\u0105dzaj z nami","description":"Remontuj i urz\u0105dzaj z nami","publisher":{"@id":"https:\/\/bobimarket.pl\/#organization"},"potentialAction":[{"@type":"SearchAction","target":{"@type":"EntryPoint","urlTemplate":"https:\/\/bobimarket.pl\/?s={search_term_string}"},"query-input":"required name=search_term_string"}],"inLanguage":"pl-PL"},{"@type":"Organization","@id":"https:\/\/bobimarket.pl\/#organization","name":"BOBIMARKET.pl","url":"https:\/\/bobimarket.pl\/","logo":{"@type":"ImageObject","inLanguage":"pl-PL","@id":"https:\/\/bobimarket.pl\/#\/schema\/logo\/image\/","url":"https:\/\/bobimarket.pl\/wp-content\/uploads\/2021\/11\/slogan.png","contentUrl":"https:\/\/bobimarket.pl\/wp-content\/uploads\/2021\/11\/slogan.png","width":2000,"height":384,"caption":"BOBIMARKET.pl"},"image":{"@id":"https:\/\/bobimarket.pl\/#\/schema\/logo\/image\/"}}]}},"_links":{"self":[{"href":"https:\/\/bobimarket.pl\/index.php\/wp-json\/wp\/v2\/product\/79461"}],"collection":[{"href":"https:\/\/bobimarket.pl\/index.php\/wp-json\/wp\/v2\/product"}],"about":[{"href":"https:\/\/bobimarket.pl\/index.php\/wp-json\/wp\/v2\/types\/product"}],"wp:featuredmedia":[{"embeddable":true,"href":"https:\/\/bobimarket.pl\/index.php\/wp-json\/wp\/v2\/media\/79458"}],"wp:attachment":[{"href":"https:\/\/bobimarket.pl\/index.php\/wp-json\/wp\/v2\/media?parent=79461"}],"wp:term":[{"taxonomy":"product_cat","embeddable":true,"href":"https:\/\/bobimarket.pl\/index.php\/wp-json\/wp\/v2\/product_cat?post=79461"},{"taxonomy":"product_tag","embeddable":true,"href":"https:\/\/bobimarket.pl\/index.php\/wp-json\/wp\/v2\/product_tag?post=79461"}],"curies":[{"name":"wp","href":"https:\/\/api.w.org\/{rel}","templated":true}]}}