{"id":80157,"date":"2023-08-29T15:15:33","date_gmt":"2023-08-29T15:15:33","guid":{"rendered":"https:\/\/bobimarket.pl\/index.php\/produkt\/podest-podnozek-antyposlizgowy-dwustopniowy\/"},"modified":"2025-02-27T13:27:07","modified_gmt":"2025-02-27T13:27:07","slug":"podest-podnozek-antyposlizgowy-dwustopniowy","status":"publish","type":"product","link":"https:\/\/bobimarket.pl\/index.php\/produkt\/podest-podnozek-antyposlizgowy-dwustopniowy\/","title":{"rendered":"PODEST PODN\u00d3\u017bEK ANTYPO\u015aLIZGOWY DWUSTOPNIOWY"},"content":{"rendered":"<section class=\"section\">\n<div class=\"item item-12\">\n<section class=\"text-item\">\n<h2>PODEST PODN\u00d3\u017bEK ANTYPO\u015aLIZGOWY DWUSTOPNIOWY<\/h2>\n<p><b>Dane techniczne:<\/b><\/p>\n<ul>\n<li>Wysoko\u015b\u0107: <b>28 cm<\/b><\/li>\n<li>Szeroko\u015b\u0107 ca\u0142kowita: <b>43 cm<\/b><\/li>\n<li>D\u0142ugo\u015b\u0107: <b>37,5 cm<\/b><\/li>\n<li>Maksymalne obci\u0105\u017cenie:<b>120 kg<\/b><\/li>\n<li>Wymiary g\u00f3rnego stopnia: <b>30 cm x 21 cm<\/b><\/li>\n<li>Wymiary dolnego stopnia: <b>31 cm x 15 cm<\/b><\/li>\n<\/ul>\n<h1>UWAGA!<\/h1>\n<h2>Aktualnie na stanie dost\u0119pne s\u0105 kolory:<\/h2>\n<ul>\n<li><b>kawowy <\/b><\/li>\n<li><b>ciemny grafit<\/b><\/li>\n<li><b>jasny szary<\/b><\/li>\n<li><b>bia\u0142y <\/b><\/li>\n<\/ul>\n<\/section><\/div>\n<\/section>\n<section class=\"section\">\n<div class=\"item item-12\">\n<section class=\"image-item\">\n            <img decoding=\"async\" src=\"https:\/\/upload.cdn.baselinker.com\/products\/14476\/a7387bb93b4ad3d18ab969c6b9438ddf.jpg\" \/><br \/>\n        <\/section>\n<\/p><\/div>\n<\/section>\n<section class=\"section\">\n<div class=\"item item-12\">\n<section class=\"text-item\">\n<p><b>Niezb\u0119dny element wyposa\u017cenia Twojego domu! Wygodny i wytrzyma\u0142y antypo\u015blizgowy podest.<\/b><\/p>\n<p>Solidny i wielofunkcyjny podest antypo\u015blizgowy! Podn\u00f3\u017cek wykonano z <b>wysokiej jako\u015bci tworzywa sztucznego<\/b>, co b\u0119dzie owocowa\u0142o d\u0142ugim okresem u\u017cytkowania.<\/p>\n<p><b>Minimalistyczny design<\/b>, sprawia, \u017ce \u0142atwo wpasowuje si\u0119 w wystr\u00f3j wn\u0119trza i mo\u017ce by\u0107 wykorzystany w \u0142azience, kuchni, pokoju, a nawet w ogrodzie!<\/p>\n<p><b>\u2705<\/b> Idealny sprawdzi si\u0119 dla doros\u0142ego jak i najm\u0142odszych.<\/p>\n<ul>\n<li>Podest jest \u0142atwy w przechowywaniu i zajmuje ma\u0142o miejsca. Sam podn\u00f3\u017cek jest lekkie, ale jego <b>max. obci\u0105\u017cenie wynosi 120 kg.<\/b><\/li>\n<li><b>Szeroki nogi<\/b> oraz dodatkowo wzmocniona konstrukcja zapewniaj\u0105 stabilno\u015b\u0107.<\/li>\n<li><b>Antypo\u015blizgowa powierzchnia<\/b> zmniejsza ryzyko po\u015blizgni\u0119cia. mebel sprawdzi si\u0119 w \u0142azience lub kuchni.<\/li>\n<li>Lekki, praktyczny i wygodny. \u0141atwy do przenoszenia i czyszczenia<\/li>\n<\/ul>\n<\/section><\/div>\n<\/section>\n<section class=\"section\">\n<div class=\"item item-12\">\n<section class=\"image-item\">\n            <img decoding=\"async\" src=\"https:\/\/upload.cdn.baselinker.com\/products\/14476\/fa4ec2318b35bb08889c067adef99882.jpg\" \/><br \/>\n        <\/section>\n<\/p><\/div>\n<\/section>\n<section class=\"section\">\n<div class=\"item item-12\">\n<section class=\"text-item\">\n<p>\u2705 Podest ma wiele zastosowa\u0144. Jest to<b> wielofunkcyjny element wyposa\u017cenie<\/b> Twojego domu i mo\u017ce by\u0107 wykorzystywany w wielu pomieszczeniach.<\/p>\n<ul>\n<li>Podest <b>u\u0142atwi dost\u0119p do wy\u017cej po\u0142o\u017conych, trudno dost\u0119pnych miejsc<\/b> lub przedmiot\u00f3w. Mo\u017ce by\u0107 wykorzystany w domu np. w kuchni, \u0142azience lub gara\u017cu.<\/li>\n<li><b>Idealny dla najm\u0142odszych.<\/b> Dziecko samodzielnie i z \u0142atwo\u015bci\u0105 b\u0119dzie mog\u0142o dosi\u0119gn\u0105\u0107 do umywalki, sto\u0142u czy blatu w kuchni. Podest jest lekki i por\u0119czny.<\/li>\n<li>Nadaje si\u0119 zar\u00f3wno jako<b> schodek w kuchni lub jako sto\u0142ek pod prysznic<\/b>. Sprawdzi si\u0119 r\u00f3wnie\u017c w ogr\u00f3dku.<\/li>\n<\/ul>\n<\/section><\/div>\n<\/section>\n<section class=\"section\">\n<div class=\"item item-12\">\n<section class=\"image-item\">\n            <img decoding=\"async\" src=\"https:\/\/upload.cdn.baselinker.com\/products\/14476\/7c704be197de57a97a37d3cfebd8fb35.jpg\" \/><br \/>\n        <\/section>\n<\/p><\/div>\n<\/section>\n<section class=\"section\">\n<div class=\"item item-12\">\n<section class=\"text-item\">\n<p><b>Wygodny i wytrzyma\u0142y antypo\u015blizgowy podest!<\/b><\/p>\n<ol>\n<li>Antypo\u015blizgowa powierzchnia.<\/li>\n<li>Szeroki, stabilne n\u00f3\u017cki.<\/li>\n<li>Wzmocniona konstrukcja.<\/li>\n<li>Max. obci\u0105\u017cenie wynosi 120 kg.<\/li>\n<\/ol>\n<\/section><\/div>\n<\/section>\n<section class=\"section\">\n<div class=\"item item-12\">\n<section class=\"text-item\">\n<h2>Nie czekaj i ju\u017c dzi\u015b zam\u00f3w sw\u00f3j podest!<\/h2>\n<\/section><\/div>\n<\/section>\n","protected":false},"excerpt":{"rendered":"<p>PODEST PODN\u00d3\u017bEK ANTYPO\u015aLIZGOWY DWUSTOPNIOWY Dane techniczne: Wysoko\u015b\u0107: 28 cm Szeroko\u015b\u0107 ca\u0142kowita: 43 cm D\u0142ugo\u015b\u0107: 37,5 cm Maksymalne obci\u0105\u017cenie:120 kg Wymiary g\u00f3rnego stopnia: 30 cm x 21 cm Wymiary dolnego stopnia: 31 cm x 15 cm UWAGA! Aktualnie na stanie dost\u0119pne s\u0105 kolory: kawowy ciemny grafit jasny szary bia\u0142y Niezb\u0119dny element wyposa\u017cenia Twojego domu! Wygodny i<br \/><a class=\"more-link\" href=\"https:\/\/bobimarket.pl\/index.php\/produkt\/podest-podnozek-antyposlizgowy-dwustopniowy\/\"><br \/>\n        Czytaj wi\u0119cej<span class=\"screen-reader-text\"> &#8222;PODEST PODN\u00d3\u017bEK ANTYPO\u015aLIZGOWY DWUSTOPNIOWY&#8221;<\/span><\/a><\/p>\n","protected":false},"featured_media":80145,"template":"","meta":[],"product_cat":[8131],"product_tag":[],"yoast_head":"<!-- This site is optimized with the Yoast SEO plugin v21.0 - https:\/\/yoast.com\/wordpress\/plugins\/seo\/ -->\n<title>PODEST PODN\u00d3\u017bEK ANTYPO\u015aLIZGOWY DWUSTOPNIOWY - BOBIMARKET.pl - Remontuj i urz\u0105dzaj z nami<\/title>\n<meta name=\"robots\" content=\"index, follow, max-snippet:-1, max-image-preview:large, max-video-preview:-1\" \/>\n<link rel=\"canonical\" href=\"https:\/\/bobimarket.pl\/index.php\/produkt\/podest-podnozek-antyposlizgowy-dwustopniowy\/\" \/>\n<meta property=\"og:locale\" content=\"pl_PL\" \/>\n<meta property=\"og:type\" content=\"article\" \/>\n<meta property=\"og:title\" content=\"PODEST PODN\u00d3\u017bEK ANTYPO\u015aLIZGOWY DWUSTOPNIOWY - BOBIMARKET.pl - Remontuj i urz\u0105dzaj z nami\" \/>\n<meta property=\"og:description\" content=\"PODEST PODN\u00d3\u017bEK ANTYPO\u015aLIZGOWY DWUSTOPNIOWY Dane techniczne: Wysoko\u015b\u0107: 28 cm Szeroko\u015b\u0107 ca\u0142kowita: 43 cm D\u0142ugo\u015b\u0107: 37,5 cm Maksymalne obci\u0105\u017cenie:120 kg Wymiary g\u00f3rnego stopnia: 30 cm x 21 cm Wymiary dolnego stopnia: 31 cm x 15 cm UWAGA! Aktualnie na stanie dost\u0119pne s\u0105 kolory: kawowy ciemny grafit jasny szary bia\u0142y Niezb\u0119dny element wyposa\u017cenia Twojego domu! Wygodny i     Czytaj wi\u0119cej &quot;PODEST PODN\u00d3\u017bEK ANTYPO\u015aLIZGOWY DWUSTOPNIOWY&quot;\" \/>\n<meta property=\"og:url\" content=\"https:\/\/bobimarket.pl\/index.php\/produkt\/podest-podnozek-antyposlizgowy-dwustopniowy\/\" \/>\n<meta property=\"og:site_name\" content=\"BOBIMARKET.pl - Remontuj i urz\u0105dzaj z nami\" \/>\n<meta property=\"article:modified_time\" content=\"2025-02-27T13:27:07+00:00\" \/>\n<meta property=\"og:image\" content=\"https:\/\/bobimarket.pl\/wp-content\/uploads\/2023\/08\/a7387bb93b4ad3d18ab969c6b9438ddf.jpg\" \/>\n\t<meta property=\"og:image:width\" content=\"792\" \/>\n\t<meta property=\"og:image:height\" content=\"785\" \/>\n\t<meta property=\"og:image:type\" content=\"image\/jpeg\" \/>\n<meta name=\"twitter:card\" content=\"summary_large_image\" \/>\n<meta name=\"twitter:label1\" content=\"Szacowany czas czytania\" \/>\n\t<meta name=\"twitter:data1\" content=\"2 minuty\" \/>\n<script type=\"application\/ld+json\" class=\"yoast-schema-graph\">{\"@context\":\"https:\/\/schema.org\",\"@graph\":[{\"@type\":\"WebPage\",\"@id\":\"https:\/\/bobimarket.pl\/index.php\/produkt\/podest-podnozek-antyposlizgowy-dwustopniowy\/\",\"url\":\"https:\/\/bobimarket.pl\/index.php\/produkt\/podest-podnozek-antyposlizgowy-dwustopniowy\/\",\"name\":\"PODEST PODN\u00d3\u017bEK ANTYPO\u015aLIZGOWY DWUSTOPNIOWY - BOBIMARKET.pl - Remontuj i urz\u0105dzaj z nami\",\"isPartOf\":{\"@id\":\"https:\/\/bobimarket.pl\/#website\"},\"datePublished\":\"2023-08-29T15:15:33+00:00\",\"dateModified\":\"2025-02-27T13:27:07+00:00\",\"breadcrumb\":{\"@id\":\"https:\/\/bobimarket.pl\/index.php\/produkt\/podest-podnozek-antyposlizgowy-dwustopniowy\/#breadcrumb\"},\"inLanguage\":\"pl-PL\",\"potentialAction\":[{\"@type\":\"ReadAction\",\"target\":[\"https:\/\/bobimarket.pl\/index.php\/produkt\/podest-podnozek-antyposlizgowy-dwustopniowy\/\"]}]},{\"@type\":\"BreadcrumbList\",\"@id\":\"https:\/\/bobimarket.pl\/index.php\/produkt\/podest-podnozek-antyposlizgowy-dwustopniowy\/#breadcrumb\",\"itemListElement\":[{\"@type\":\"ListItem\",\"position\":1,\"name\":\"Strona g\u0142\u00f3wna\",\"item\":\"https:\/\/bobimarket.pl\/\"},{\"@type\":\"ListItem\",\"position\":2,\"name\":\"Sklep\",\"item\":\"https:\/\/bobimarket.pl\/index.php\/shop\/\"},{\"@type\":\"ListItem\",\"position\":3,\"name\":\"PODEST PODN\u00d3\u017bEK ANTYPO\u015aLIZGOWY DWUSTOPNIOWY\"}]},{\"@type\":\"WebSite\",\"@id\":\"https:\/\/bobimarket.pl\/#website\",\"url\":\"https:\/\/bobimarket.pl\/\",\"name\":\"BOBIMARKET.pl - Remontuj i urz\u0105dzaj z nami\",\"description\":\"Remontuj i urz\u0105dzaj z nami\",\"publisher\":{\"@id\":\"https:\/\/bobimarket.pl\/#organization\"},\"potentialAction\":[{\"@type\":\"SearchAction\",\"target\":{\"@type\":\"EntryPoint\",\"urlTemplate\":\"https:\/\/bobimarket.pl\/?s={search_term_string}\"},\"query-input\":\"required name=search_term_string\"}],\"inLanguage\":\"pl-PL\"},{\"@type\":\"Organization\",\"@id\":\"https:\/\/bobimarket.pl\/#organization\",\"name\":\"BOBIMARKET.pl\",\"url\":\"https:\/\/bobimarket.pl\/\",\"logo\":{\"@type\":\"ImageObject\",\"inLanguage\":\"pl-PL\",\"@id\":\"https:\/\/bobimarket.pl\/#\/schema\/logo\/image\/\",\"url\":\"https:\/\/bobimarket.pl\/wp-content\/uploads\/2021\/11\/slogan.png\",\"contentUrl\":\"https:\/\/bobimarket.pl\/wp-content\/uploads\/2021\/11\/slogan.png\",\"width\":2000,\"height\":384,\"caption\":\"BOBIMARKET.pl\"},\"image\":{\"@id\":\"https:\/\/bobimarket.pl\/#\/schema\/logo\/image\/\"}}]}<\/script>\n<!-- \/ Yoast SEO plugin. -->","yoast_head_json":{"title":"PODEST PODN\u00d3\u017bEK ANTYPO\u015aLIZGOWY DWUSTOPNIOWY - BOBIMARKET.pl - Remontuj i urz\u0105dzaj z nami","robots":{"index":"index","follow":"follow","max-snippet":"max-snippet:-1","max-image-preview":"max-image-preview:large","max-video-preview":"max-video-preview:-1"},"canonical":"https:\/\/bobimarket.pl\/index.php\/produkt\/podest-podnozek-antyposlizgowy-dwustopniowy\/","og_locale":"pl_PL","og_type":"article","og_title":"PODEST PODN\u00d3\u017bEK ANTYPO\u015aLIZGOWY DWUSTOPNIOWY - BOBIMARKET.pl - Remontuj i urz\u0105dzaj z nami","og_description":"PODEST PODN\u00d3\u017bEK ANTYPO\u015aLIZGOWY DWUSTOPNIOWY Dane techniczne: Wysoko\u015b\u0107: 28 cm Szeroko\u015b\u0107 ca\u0142kowita: 43 cm D\u0142ugo\u015b\u0107: 37,5 cm Maksymalne obci\u0105\u017cenie:120 kg Wymiary g\u00f3rnego stopnia: 30 cm x 21 cm Wymiary dolnego stopnia: 31 cm x 15 cm UWAGA! Aktualnie na stanie dost\u0119pne s\u0105 kolory: kawowy ciemny grafit jasny szary bia\u0142y Niezb\u0119dny element wyposa\u017cenia Twojego domu! Wygodny i     Czytaj wi\u0119cej \"PODEST PODN\u00d3\u017bEK ANTYPO\u015aLIZGOWY DWUSTOPNIOWY\"","og_url":"https:\/\/bobimarket.pl\/index.php\/produkt\/podest-podnozek-antyposlizgowy-dwustopniowy\/","og_site_name":"BOBIMARKET.pl - Remontuj i urz\u0105dzaj z nami","article_modified_time":"2025-02-27T13:27:07+00:00","og_image":[{"width":792,"height":785,"url":"https:\/\/bobimarket.pl\/wp-content\/uploads\/2023\/08\/a7387bb93b4ad3d18ab969c6b9438ddf.jpg","type":"image\/jpeg"}],"twitter_card":"summary_large_image","twitter_misc":{"Szacowany czas czytania":"2 minuty"},"schema":{"@context":"https:\/\/schema.org","@graph":[{"@type":"WebPage","@id":"https:\/\/bobimarket.pl\/index.php\/produkt\/podest-podnozek-antyposlizgowy-dwustopniowy\/","url":"https:\/\/bobimarket.pl\/index.php\/produkt\/podest-podnozek-antyposlizgowy-dwustopniowy\/","name":"PODEST PODN\u00d3\u017bEK ANTYPO\u015aLIZGOWY DWUSTOPNIOWY - BOBIMARKET.pl - Remontuj i urz\u0105dzaj z nami","isPartOf":{"@id":"https:\/\/bobimarket.pl\/#website"},"datePublished":"2023-08-29T15:15:33+00:00","dateModified":"2025-02-27T13:27:07+00:00","breadcrumb":{"@id":"https:\/\/bobimarket.pl\/index.php\/produkt\/podest-podnozek-antyposlizgowy-dwustopniowy\/#breadcrumb"},"inLanguage":"pl-PL","potentialAction":[{"@type":"ReadAction","target":["https:\/\/bobimarket.pl\/index.php\/produkt\/podest-podnozek-antyposlizgowy-dwustopniowy\/"]}]},{"@type":"BreadcrumbList","@id":"https:\/\/bobimarket.pl\/index.php\/produkt\/podest-podnozek-antyposlizgowy-dwustopniowy\/#breadcrumb","itemListElement":[{"@type":"ListItem","position":1,"name":"Strona g\u0142\u00f3wna","item":"https:\/\/bobimarket.pl\/"},{"@type":"ListItem","position":2,"name":"Sklep","item":"https:\/\/bobimarket.pl\/index.php\/shop\/"},{"@type":"ListItem","position":3,"name":"PODEST PODN\u00d3\u017bEK ANTYPO\u015aLIZGOWY DWUSTOPNIOWY"}]},{"@type":"WebSite","@id":"https:\/\/bobimarket.pl\/#website","url":"https:\/\/bobimarket.pl\/","name":"BOBIMARKET.pl - Remontuj i urz\u0105dzaj z nami","description":"Remontuj i urz\u0105dzaj z nami","publisher":{"@id":"https:\/\/bobimarket.pl\/#organization"},"potentialAction":[{"@type":"SearchAction","target":{"@type":"EntryPoint","urlTemplate":"https:\/\/bobimarket.pl\/?s={search_term_string}"},"query-input":"required name=search_term_string"}],"inLanguage":"pl-PL"},{"@type":"Organization","@id":"https:\/\/bobimarket.pl\/#organization","name":"BOBIMARKET.pl","url":"https:\/\/bobimarket.pl\/","logo":{"@type":"ImageObject","inLanguage":"pl-PL","@id":"https:\/\/bobimarket.pl\/#\/schema\/logo\/image\/","url":"https:\/\/bobimarket.pl\/wp-content\/uploads\/2021\/11\/slogan.png","contentUrl":"https:\/\/bobimarket.pl\/wp-content\/uploads\/2021\/11\/slogan.png","width":2000,"height":384,"caption":"BOBIMARKET.pl"},"image":{"@id":"https:\/\/bobimarket.pl\/#\/schema\/logo\/image\/"}}]}},"_links":{"self":[{"href":"https:\/\/bobimarket.pl\/index.php\/wp-json\/wp\/v2\/product\/80157"}],"collection":[{"href":"https:\/\/bobimarket.pl\/index.php\/wp-json\/wp\/v2\/product"}],"about":[{"href":"https:\/\/bobimarket.pl\/index.php\/wp-json\/wp\/v2\/types\/product"}],"wp:featuredmedia":[{"embeddable":true,"href":"https:\/\/bobimarket.pl\/index.php\/wp-json\/wp\/v2\/media\/80145"}],"wp:attachment":[{"href":"https:\/\/bobimarket.pl\/index.php\/wp-json\/wp\/v2\/media?parent=80157"}],"wp:term":[{"taxonomy":"product_cat","embeddable":true,"href":"https:\/\/bobimarket.pl\/index.php\/wp-json\/wp\/v2\/product_cat?post=80157"},{"taxonomy":"product_tag","embeddable":true,"href":"https:\/\/bobimarket.pl\/index.php\/wp-json\/wp\/v2\/product_tag?post=80157"}],"curies":[{"name":"wp","href":"https:\/\/api.w.org\/{rel}","templated":true}]}}