{"id":80441,"date":"2023-08-29T15:31:22","date_gmt":"2023-08-29T15:31:22","guid":{"rendered":"https:\/\/bobimarket.pl\/index.php\/produkt\/pedzel-profesjonalny-angielski-malarski-calowy-3\/"},"modified":"2025-02-27T13:30:45","modified_gmt":"2025-02-27T13:30:45","slug":"pedzel-profesjonalny-angielski-malarski-calowy-3","status":"publish","type":"product","link":"https:\/\/bobimarket.pl\/index.php\/produkt\/pedzel-profesjonalny-angielski-malarski-calowy-3\/","title":{"rendered":"P\u0118DZEL PROFESJONALNY ANGIELSKI MALARSKI CALOWY 3&#8242;"},"content":{"rendered":"<section class=\"section\">\n<div class=\"item item-12\">\n<section class=\"text-item\">\n<h2>P\u0118DZEL PROFESJONALNY ANGIELSKI MALARSKI CALOWY3<\/h2>\n<ul>\n<li><b>Rozmiar:<\/b>\u00a0 3&#8243; x 19 mm<\/li>\n<li><b>Uchwyt:<\/b> lakierowany, drewniany<\/li>\n<li><b>W\u0142osie:<\/b> g\u0119ste, z naturalnej szczeciny<\/li>\n<li>PRODUKT POLSKI<\/li>\n<\/ul>\n<p>P\u0119dzel angielski profesjonalny <b>3 calowy ( 76 mm).<\/b> Wyprofilowany drewniany uchwyt jest dodatkowo lakierowany. G\u0119ste w\u0142osie p\u0119dzla wykonane zosta\u0142o z <b>wysokiej jako\u015bci naturalnej szczeciny<\/b>.<\/p>\n<\/section><\/div>\n<\/section>\n<section class=\"section\">\n<div class=\"item item-12\">\n<section class=\"image-item\">\n            <img decoding=\"async\" src=\"https:\/\/upload.cdn.baselinker.com\/products\/14476\/f51f790560bd3289b9a6ca558acd9380.jpg\" \/><br \/>\n        <\/section>\n<\/p><\/div>\n<\/section>\n<section class=\"section\">\n<div class=\"item item-12\">\n<section class=\"text-item\">\n<p><b>\u2705 ZASTOSOWANIE:<\/b><\/p>\n<ul>\n<li>Produkt jest przystosowany do aplikacji wszystkich rodzaj\u00f3w farb i lakier\u00f3w, dzi\u0119ki czemu posiada <b>uniwersalne <\/b>zastosowanie.<\/li>\n<li>Mo\u017cna go czy\u015bci\u0107 za pomoc\u0105 rozpuszczalnik\u00f3w, co sprawia, \u017ce sprz\u0105tanie po zako\u0144czeniu prac przebiega komfortowo.<\/li>\n<\/ul>\n<p><b>Sprawd\u017a r\u00f3wnie\u017c inne p\u0119dzle dost\u0119pne w naszym sklepie!<\/b><\/p>\n<\/section><\/div>\n<\/section>\n<section class=\"section\">\n<div class=\"item item-12\">\n<section class=\"image-item\">\n            <img decoding=\"async\" src=\"https:\/\/upload.cdn.baselinker.com\/products\/14476\/887209604e33c8f106d5097ed67e863d.jpg\" \/><br \/>\n        <\/section>\n<\/p><\/div>\n<\/section>\n<section class=\"section\">\n<div class=\"item item-12\">\n<section class=\"image-item\">\n            <img decoding=\"async\" src=\"https:\/\/upload.cdn.baselinker.com\/products\/14476\/59716cfa155bfb25bc106b41045a3b7e.jpg\" \/><br \/>\n        <\/section>\n<\/p><\/div>\n<\/section>\n","protected":false},"excerpt":{"rendered":"<p>P\u0118DZEL PROFESJONALNY ANGIELSKI MALARSKI CALOWY3 Rozmiar:\u00a0 3&#8243; x 19 mm Uchwyt: lakierowany, drewniany W\u0142osie: g\u0119ste, z naturalnej szczeciny PRODUKT POLSKI P\u0119dzel angielski profesjonalny 3 calowy ( 76 mm). Wyprofilowany drewniany uchwyt jest dodatkowo lakierowany. G\u0119ste w\u0142osie p\u0119dzla wykonane zosta\u0142o z wysokiej jako\u015bci naturalnej szczeciny. \u2705 ZASTOSOWANIE: Produkt jest przystosowany do aplikacji wszystkich rodzaj\u00f3w farb i<br \/><a class=\"more-link\" href=\"https:\/\/bobimarket.pl\/index.php\/produkt\/pedzel-profesjonalny-angielski-malarski-calowy-3\/\"><br \/>\n        Czytaj wi\u0119cej<span class=\"screen-reader-text\"> &#8222;P\u0118DZEL PROFESJONALNY ANGIELSKI MALARSKI CALOWY 3&#8242;&#8221;<\/span><\/a><\/p>\n","protected":false},"featured_media":80432,"template":"","meta":[],"product_cat":[8132],"product_tag":[],"yoast_head":"<!-- This site is optimized with the Yoast SEO plugin v21.0 - https:\/\/yoast.com\/wordpress\/plugins\/seo\/ -->\n<title>P\u0118DZEL PROFESJONALNY ANGIELSKI MALARSKI CALOWY 3&#039; - BOBIMARKET.pl - Remontuj i urz\u0105dzaj z nami<\/title>\n<meta name=\"robots\" content=\"index, follow, max-snippet:-1, max-image-preview:large, max-video-preview:-1\" \/>\n<link rel=\"canonical\" href=\"https:\/\/bobimarket.pl\/index.php\/produkt\/pedzel-profesjonalny-angielski-malarski-calowy-3\/\" \/>\n<meta property=\"og:locale\" content=\"pl_PL\" \/>\n<meta property=\"og:type\" content=\"article\" \/>\n<meta property=\"og:title\" content=\"P\u0118DZEL PROFESJONALNY ANGIELSKI MALARSKI CALOWY 3&#039; - BOBIMARKET.pl - Remontuj i urz\u0105dzaj z nami\" \/>\n<meta property=\"og:description\" content=\"P\u0118DZEL PROFESJONALNY ANGIELSKI MALARSKI CALOWY3 Rozmiar:\u00a0 3&#8243; x 19 mm Uchwyt: lakierowany, drewniany W\u0142osie: g\u0119ste, z naturalnej szczeciny PRODUKT POLSKI P\u0119dzel angielski profesjonalny 3 calowy ( 76 mm). Wyprofilowany drewniany uchwyt jest dodatkowo lakierowany. G\u0119ste w\u0142osie p\u0119dzla wykonane zosta\u0142o z wysokiej jako\u015bci naturalnej szczeciny. \u2705 ZASTOSOWANIE: Produkt jest przystosowany do aplikacji wszystkich rodzaj\u00f3w farb i     Czytaj wi\u0119cej &quot;P\u0118DZEL PROFESJONALNY ANGIELSKI MALARSKI CALOWY 3&#8242;&quot;\" \/>\n<meta property=\"og:url\" content=\"https:\/\/bobimarket.pl\/index.php\/produkt\/pedzel-profesjonalny-angielski-malarski-calowy-3\/\" \/>\n<meta property=\"og:site_name\" content=\"BOBIMARKET.pl - Remontuj i urz\u0105dzaj z nami\" \/>\n<meta property=\"article:modified_time\" content=\"2025-02-27T13:30:45+00:00\" \/>\n<meta property=\"og:image\" content=\"https:\/\/upload.cdn.baselinker.com\/products\/14476\/f51f790560bd3289b9a6ca558acd9380.jpg\" \/>\n<meta name=\"twitter:card\" content=\"summary_large_image\" \/>\n<script type=\"application\/ld+json\" class=\"yoast-schema-graph\">{\"@context\":\"https:\/\/schema.org\",\"@graph\":[{\"@type\":\"WebPage\",\"@id\":\"https:\/\/bobimarket.pl\/index.php\/produkt\/pedzel-profesjonalny-angielski-malarski-calowy-3\/\",\"url\":\"https:\/\/bobimarket.pl\/index.php\/produkt\/pedzel-profesjonalny-angielski-malarski-calowy-3\/\",\"name\":\"P\u0118DZEL PROFESJONALNY ANGIELSKI MALARSKI CALOWY 3' - BOBIMARKET.pl - Remontuj i urz\u0105dzaj z nami\",\"isPartOf\":{\"@id\":\"https:\/\/bobimarket.pl\/#website\"},\"datePublished\":\"2023-08-29T15:31:22+00:00\",\"dateModified\":\"2025-02-27T13:30:45+00:00\",\"breadcrumb\":{\"@id\":\"https:\/\/bobimarket.pl\/index.php\/produkt\/pedzel-profesjonalny-angielski-malarski-calowy-3\/#breadcrumb\"},\"inLanguage\":\"pl-PL\",\"potentialAction\":[{\"@type\":\"ReadAction\",\"target\":[\"https:\/\/bobimarket.pl\/index.php\/produkt\/pedzel-profesjonalny-angielski-malarski-calowy-3\/\"]}]},{\"@type\":\"BreadcrumbList\",\"@id\":\"https:\/\/bobimarket.pl\/index.php\/produkt\/pedzel-profesjonalny-angielski-malarski-calowy-3\/#breadcrumb\",\"itemListElement\":[{\"@type\":\"ListItem\",\"position\":1,\"name\":\"Strona g\u0142\u00f3wna\",\"item\":\"https:\/\/bobimarket.pl\/\"},{\"@type\":\"ListItem\",\"position\":2,\"name\":\"Sklep\",\"item\":\"https:\/\/bobimarket.pl\/index.php\/shop\/\"},{\"@type\":\"ListItem\",\"position\":3,\"name\":\"P\u0118DZEL PROFESJONALNY ANGIELSKI MALARSKI CALOWY 3&#8242;\"}]},{\"@type\":\"WebSite\",\"@id\":\"https:\/\/bobimarket.pl\/#website\",\"url\":\"https:\/\/bobimarket.pl\/\",\"name\":\"BOBIMARKET.pl - Remontuj i urz\u0105dzaj z nami\",\"description\":\"Remontuj i urz\u0105dzaj z nami\",\"publisher\":{\"@id\":\"https:\/\/bobimarket.pl\/#organization\"},\"potentialAction\":[{\"@type\":\"SearchAction\",\"target\":{\"@type\":\"EntryPoint\",\"urlTemplate\":\"https:\/\/bobimarket.pl\/?s={search_term_string}\"},\"query-input\":\"required name=search_term_string\"}],\"inLanguage\":\"pl-PL\"},{\"@type\":\"Organization\",\"@id\":\"https:\/\/bobimarket.pl\/#organization\",\"name\":\"BOBIMARKET.pl\",\"url\":\"https:\/\/bobimarket.pl\/\",\"logo\":{\"@type\":\"ImageObject\",\"inLanguage\":\"pl-PL\",\"@id\":\"https:\/\/bobimarket.pl\/#\/schema\/logo\/image\/\",\"url\":\"https:\/\/bobimarket.pl\/wp-content\/uploads\/2021\/11\/slogan.png\",\"contentUrl\":\"https:\/\/bobimarket.pl\/wp-content\/uploads\/2021\/11\/slogan.png\",\"width\":2000,\"height\":384,\"caption\":\"BOBIMARKET.pl\"},\"image\":{\"@id\":\"https:\/\/bobimarket.pl\/#\/schema\/logo\/image\/\"}}]}<\/script>\n<!-- \/ Yoast SEO plugin. -->","yoast_head_json":{"title":"P\u0118DZEL PROFESJONALNY ANGIELSKI MALARSKI CALOWY 3' - BOBIMARKET.pl - Remontuj i urz\u0105dzaj z nami","robots":{"index":"index","follow":"follow","max-snippet":"max-snippet:-1","max-image-preview":"max-image-preview:large","max-video-preview":"max-video-preview:-1"},"canonical":"https:\/\/bobimarket.pl\/index.php\/produkt\/pedzel-profesjonalny-angielski-malarski-calowy-3\/","og_locale":"pl_PL","og_type":"article","og_title":"P\u0118DZEL PROFESJONALNY ANGIELSKI MALARSKI CALOWY 3' - BOBIMARKET.pl - Remontuj i urz\u0105dzaj z nami","og_description":"P\u0118DZEL PROFESJONALNY ANGIELSKI MALARSKI CALOWY3 Rozmiar:\u00a0 3&#8243; x 19 mm Uchwyt: lakierowany, drewniany W\u0142osie: g\u0119ste, z naturalnej szczeciny PRODUKT POLSKI P\u0119dzel angielski profesjonalny 3 calowy ( 76 mm). Wyprofilowany drewniany uchwyt jest dodatkowo lakierowany. G\u0119ste w\u0142osie p\u0119dzla wykonane zosta\u0142o z wysokiej jako\u015bci naturalnej szczeciny. \u2705 ZASTOSOWANIE: Produkt jest przystosowany do aplikacji wszystkich rodzaj\u00f3w farb i     Czytaj wi\u0119cej \"P\u0118DZEL PROFESJONALNY ANGIELSKI MALARSKI CALOWY 3&#8242;\"","og_url":"https:\/\/bobimarket.pl\/index.php\/produkt\/pedzel-profesjonalny-angielski-malarski-calowy-3\/","og_site_name":"BOBIMARKET.pl - Remontuj i urz\u0105dzaj z nami","article_modified_time":"2025-02-27T13:30:45+00:00","og_image":[{"url":"https:\/\/upload.cdn.baselinker.com\/products\/14476\/f51f790560bd3289b9a6ca558acd9380.jpg"}],"twitter_card":"summary_large_image","schema":{"@context":"https:\/\/schema.org","@graph":[{"@type":"WebPage","@id":"https:\/\/bobimarket.pl\/index.php\/produkt\/pedzel-profesjonalny-angielski-malarski-calowy-3\/","url":"https:\/\/bobimarket.pl\/index.php\/produkt\/pedzel-profesjonalny-angielski-malarski-calowy-3\/","name":"P\u0118DZEL PROFESJONALNY ANGIELSKI MALARSKI CALOWY 3' - BOBIMARKET.pl - Remontuj i urz\u0105dzaj z nami","isPartOf":{"@id":"https:\/\/bobimarket.pl\/#website"},"datePublished":"2023-08-29T15:31:22+00:00","dateModified":"2025-02-27T13:30:45+00:00","breadcrumb":{"@id":"https:\/\/bobimarket.pl\/index.php\/produkt\/pedzel-profesjonalny-angielski-malarski-calowy-3\/#breadcrumb"},"inLanguage":"pl-PL","potentialAction":[{"@type":"ReadAction","target":["https:\/\/bobimarket.pl\/index.php\/produkt\/pedzel-profesjonalny-angielski-malarski-calowy-3\/"]}]},{"@type":"BreadcrumbList","@id":"https:\/\/bobimarket.pl\/index.php\/produkt\/pedzel-profesjonalny-angielski-malarski-calowy-3\/#breadcrumb","itemListElement":[{"@type":"ListItem","position":1,"name":"Strona g\u0142\u00f3wna","item":"https:\/\/bobimarket.pl\/"},{"@type":"ListItem","position":2,"name":"Sklep","item":"https:\/\/bobimarket.pl\/index.php\/shop\/"},{"@type":"ListItem","position":3,"name":"P\u0118DZEL PROFESJONALNY ANGIELSKI MALARSKI CALOWY 3&#8242;"}]},{"@type":"WebSite","@id":"https:\/\/bobimarket.pl\/#website","url":"https:\/\/bobimarket.pl\/","name":"BOBIMARKET.pl - Remontuj i urz\u0105dzaj z nami","description":"Remontuj i urz\u0105dzaj z nami","publisher":{"@id":"https:\/\/bobimarket.pl\/#organization"},"potentialAction":[{"@type":"SearchAction","target":{"@type":"EntryPoint","urlTemplate":"https:\/\/bobimarket.pl\/?s={search_term_string}"},"query-input":"required name=search_term_string"}],"inLanguage":"pl-PL"},{"@type":"Organization","@id":"https:\/\/bobimarket.pl\/#organization","name":"BOBIMARKET.pl","url":"https:\/\/bobimarket.pl\/","logo":{"@type":"ImageObject","inLanguage":"pl-PL","@id":"https:\/\/bobimarket.pl\/#\/schema\/logo\/image\/","url":"https:\/\/bobimarket.pl\/wp-content\/uploads\/2021\/11\/slogan.png","contentUrl":"https:\/\/bobimarket.pl\/wp-content\/uploads\/2021\/11\/slogan.png","width":2000,"height":384,"caption":"BOBIMARKET.pl"},"image":{"@id":"https:\/\/bobimarket.pl\/#\/schema\/logo\/image\/"}}]}},"_links":{"self":[{"href":"https:\/\/bobimarket.pl\/index.php\/wp-json\/wp\/v2\/product\/80441"}],"collection":[{"href":"https:\/\/bobimarket.pl\/index.php\/wp-json\/wp\/v2\/product"}],"about":[{"href":"https:\/\/bobimarket.pl\/index.php\/wp-json\/wp\/v2\/types\/product"}],"wp:featuredmedia":[{"embeddable":true,"href":"https:\/\/bobimarket.pl\/index.php\/wp-json\/wp\/v2\/media\/80432"}],"wp:attachment":[{"href":"https:\/\/bobimarket.pl\/index.php\/wp-json\/wp\/v2\/media?parent=80441"}],"wp:term":[{"taxonomy":"product_cat","embeddable":true,"href":"https:\/\/bobimarket.pl\/index.php\/wp-json\/wp\/v2\/product_cat?post=80441"},{"taxonomy":"product_tag","embeddable":true,"href":"https:\/\/bobimarket.pl\/index.php\/wp-json\/wp\/v2\/product_tag?post=80441"}],"curies":[{"name":"wp","href":"https:\/\/api.w.org\/{rel}","templated":true}]}}