{"id":80536,"date":"2023-08-29T15:39:19","date_gmt":"2023-08-29T15:39:19","guid":{"rendered":"https:\/\/bobimarket.pl\/index.php\/produkt\/krazek-scierny-papier-do-zyrafy-225mm-gr-120\/"},"modified":"2025-02-27T13:32:11","modified_gmt":"2025-02-27T13:32:11","slug":"krazek-scierny-papier-do-zyrafy-225mm-gr-120","status":"publish","type":"product","link":"https:\/\/bobimarket.pl\/index.php\/produkt\/krazek-scierny-papier-do-zyrafy-225mm-gr-120\/","title":{"rendered":"KR\u0104\u017bEK \u015aCIERNY PAPIER DO \u017bYRAFY 225MM GR 120"},"content":{"rendered":"<section class=\"section\">\n<div class=\"item item-6\">\n<section class=\"image-item\">\n            <img decoding=\"async\" src=\"https:\/\/upload.cdn.baselinker.com\/products\/14476\/f298e717d2385e91b78940efeb799005.jpg\" \/><br \/>\n        <\/section>\n<\/p><\/div>\n<div class=\"item item-6\">\n<section class=\"text-item\">\n<h2>KR\u0104\u017bEK \u015aCIERNY PAPIER DO \u017bYRAFY 225MM GR 120<\/h2>\n<p><b>DANE TECHNICZNE:<\/b><\/p>\n<ul>\n<li>Rozmiar:<b> 225mm<\/b><\/li>\n<li>gradacja<b> 120<\/b><\/li>\n<li>dobrej jako\u015bci papier \u015bcierny<\/li>\n<li>wytrzyma\u0142y podk\u0142ad i welur<\/li>\n<li>ziarno \u015bcierne o dobrej ostro\u015bci<\/li>\n<\/ul>\n<p>\u00a0<b>NA INNYCH AUKCJACH INNE GRADACJE<\/b><\/p>\n<\/section><\/div>\n<\/section>\n<section class=\"section\">\n<div class=\"item item-6\">\n<section class=\"image-item\">\n            <img decoding=\"async\" src=\"https:\/\/upload.cdn.baselinker.com\/products\/14476\/62787689d06dac19b06edf8031c7f100.jpg\" \/><br \/>\n        <\/section>\n<\/p><\/div>\n<div class=\"item item-6\">\n<section class=\"text-item\">\n<p>Praktyczny kr\u0105\u017cek perforowany \u015bcierny do szlifierek typu \u017cyrafa. Dzi\u0119ki otwor\u0105 na ca\u0142ej powierzchni, py\u0142 zostaje odessany nie blokuj\u0105c pracy \u017cyrafy.<\/p>\n<ul>\n<li>Wed\u0142ug producenta jeden kr\u0105\u017cek wystarcza na oko\u0142o <b>200 m2<\/b> szlifowanej powierzchni.<\/li>\n<\/ul>\n<p><b>\u2705 Zastosowanie:<\/b><\/p>\n<ul>\n<li>gipsy<\/li>\n<li>tynki<\/li>\n<li>lakiery<\/li>\n<\/ul>\n<\/section><\/div>\n<\/section>\n<section class=\"section\">\n<div class=\"item item-6\">\n<section class=\"image-item\">\n            <img decoding=\"async\" src=\"https:\/\/upload.cdn.baselinker.com\/products\/14476\/0c608d2203f923a3014c62b4b148bfaf.jpg\" \/><br \/>\n        <\/section>\n<\/p><\/div>\n<div class=\"item item-6\">\n<section class=\"image-item\">\n            <img decoding=\"async\" src=\"https:\/\/upload.cdn.baselinker.com\/products\/14476\/f298e717d2385e91b78940efeb799005.jpg\" \/><br \/>\n        <\/section>\n<\/p><\/div>\n<\/section>\n","protected":false},"excerpt":{"rendered":"<p>KR\u0104\u017bEK \u015aCIERNY PAPIER DO \u017bYRAFY 225MM GR 120 DANE TECHNICZNE: Rozmiar: 225mm gradacja 120 dobrej jako\u015bci papier \u015bcierny wytrzyma\u0142y podk\u0142ad i welur ziarno \u015bcierne o dobrej ostro\u015bci \u00a0NA INNYCH AUKCJACH INNE GRADACJE Praktyczny kr\u0105\u017cek perforowany \u015bcierny do szlifierek typu \u017cyrafa. Dzi\u0119ki otwor\u0105 na ca\u0142ej powierzchni, py\u0142 zostaje odessany nie blokuj\u0105c pracy \u017cyrafy. Wed\u0142ug producenta jeden<br \/><a class=\"more-link\" href=\"https:\/\/bobimarket.pl\/index.php\/produkt\/krazek-scierny-papier-do-zyrafy-225mm-gr-120\/\"><br \/>\n        Czytaj wi\u0119cej<span class=\"screen-reader-text\"> &#8222;KR\u0104\u017bEK \u015aCIERNY PAPIER DO \u017bYRAFY 225MM GR 120&#8221;<\/span><\/a><\/p>\n","protected":false},"featured_media":80533,"template":"","meta":[],"product_cat":[8138],"product_tag":[],"yoast_head":"<!-- This site is optimized with the Yoast SEO plugin v21.0 - https:\/\/yoast.com\/wordpress\/plugins\/seo\/ -->\n<title>KR\u0104\u017bEK \u015aCIERNY PAPIER DO \u017bYRAFY 225MM GR 120 - BOBIMARKET.pl - Remontuj i urz\u0105dzaj z nami<\/title>\n<meta name=\"robots\" content=\"index, follow, max-snippet:-1, max-image-preview:large, max-video-preview:-1\" \/>\n<link rel=\"canonical\" href=\"https:\/\/bobimarket.pl\/index.php\/produkt\/krazek-scierny-papier-do-zyrafy-225mm-gr-120\/\" \/>\n<meta property=\"og:locale\" content=\"pl_PL\" \/>\n<meta property=\"og:type\" content=\"article\" \/>\n<meta property=\"og:title\" content=\"KR\u0104\u017bEK \u015aCIERNY PAPIER DO \u017bYRAFY 225MM GR 120 - BOBIMARKET.pl - Remontuj i urz\u0105dzaj z nami\" \/>\n<meta property=\"og:description\" content=\"KR\u0104\u017bEK \u015aCIERNY PAPIER DO \u017bYRAFY 225MM GR 120 DANE TECHNICZNE: Rozmiar: 225mm gradacja 120 dobrej jako\u015bci papier \u015bcierny wytrzyma\u0142y podk\u0142ad i welur ziarno \u015bcierne o dobrej ostro\u015bci \u00a0NA INNYCH AUKCJACH INNE GRADACJE Praktyczny kr\u0105\u017cek perforowany \u015bcierny do szlifierek typu \u017cyrafa. Dzi\u0119ki otwor\u0105 na ca\u0142ej powierzchni, py\u0142 zostaje odessany nie blokuj\u0105c pracy \u017cyrafy. Wed\u0142ug producenta jeden     Czytaj wi\u0119cej &quot;KR\u0104\u017bEK \u015aCIERNY PAPIER DO \u017bYRAFY 225MM GR 120&quot;\" \/>\n<meta property=\"og:url\" content=\"https:\/\/bobimarket.pl\/index.php\/produkt\/krazek-scierny-papier-do-zyrafy-225mm-gr-120\/\" \/>\n<meta property=\"og:site_name\" content=\"BOBIMARKET.pl - Remontuj i urz\u0105dzaj z nami\" \/>\n<meta property=\"article:modified_time\" content=\"2025-02-27T13:32:11+00:00\" \/>\n<meta property=\"og:image\" content=\"https:\/\/upload.cdn.baselinker.com\/products\/14476\/f298e717d2385e91b78940efeb799005.jpg\" \/>\n<meta name=\"twitter:card\" content=\"summary_large_image\" \/>\n<script type=\"application\/ld+json\" class=\"yoast-schema-graph\">{\"@context\":\"https:\/\/schema.org\",\"@graph\":[{\"@type\":\"WebPage\",\"@id\":\"https:\/\/bobimarket.pl\/index.php\/produkt\/krazek-scierny-papier-do-zyrafy-225mm-gr-120\/\",\"url\":\"https:\/\/bobimarket.pl\/index.php\/produkt\/krazek-scierny-papier-do-zyrafy-225mm-gr-120\/\",\"name\":\"KR\u0104\u017bEK \u015aCIERNY PAPIER DO \u017bYRAFY 225MM GR 120 - BOBIMARKET.pl - Remontuj i urz\u0105dzaj z nami\",\"isPartOf\":{\"@id\":\"https:\/\/bobimarket.pl\/#website\"},\"datePublished\":\"2023-08-29T15:39:19+00:00\",\"dateModified\":\"2025-02-27T13:32:11+00:00\",\"breadcrumb\":{\"@id\":\"https:\/\/bobimarket.pl\/index.php\/produkt\/krazek-scierny-papier-do-zyrafy-225mm-gr-120\/#breadcrumb\"},\"inLanguage\":\"pl-PL\",\"potentialAction\":[{\"@type\":\"ReadAction\",\"target\":[\"https:\/\/bobimarket.pl\/index.php\/produkt\/krazek-scierny-papier-do-zyrafy-225mm-gr-120\/\"]}]},{\"@type\":\"BreadcrumbList\",\"@id\":\"https:\/\/bobimarket.pl\/index.php\/produkt\/krazek-scierny-papier-do-zyrafy-225mm-gr-120\/#breadcrumb\",\"itemListElement\":[{\"@type\":\"ListItem\",\"position\":1,\"name\":\"Strona g\u0142\u00f3wna\",\"item\":\"https:\/\/bobimarket.pl\/\"},{\"@type\":\"ListItem\",\"position\":2,\"name\":\"Sklep\",\"item\":\"https:\/\/bobimarket.pl\/index.php\/shop\/\"},{\"@type\":\"ListItem\",\"position\":3,\"name\":\"KR\u0104\u017bEK \u015aCIERNY PAPIER DO \u017bYRAFY 225MM GR 120\"}]},{\"@type\":\"WebSite\",\"@id\":\"https:\/\/bobimarket.pl\/#website\",\"url\":\"https:\/\/bobimarket.pl\/\",\"name\":\"BOBIMARKET.pl - Remontuj i urz\u0105dzaj z nami\",\"description\":\"Remontuj i urz\u0105dzaj z nami\",\"publisher\":{\"@id\":\"https:\/\/bobimarket.pl\/#organization\"},\"potentialAction\":[{\"@type\":\"SearchAction\",\"target\":{\"@type\":\"EntryPoint\",\"urlTemplate\":\"https:\/\/bobimarket.pl\/?s={search_term_string}\"},\"query-input\":\"required name=search_term_string\"}],\"inLanguage\":\"pl-PL\"},{\"@type\":\"Organization\",\"@id\":\"https:\/\/bobimarket.pl\/#organization\",\"name\":\"BOBIMARKET.pl\",\"url\":\"https:\/\/bobimarket.pl\/\",\"logo\":{\"@type\":\"ImageObject\",\"inLanguage\":\"pl-PL\",\"@id\":\"https:\/\/bobimarket.pl\/#\/schema\/logo\/image\/\",\"url\":\"https:\/\/bobimarket.pl\/wp-content\/uploads\/2021\/11\/slogan.png\",\"contentUrl\":\"https:\/\/bobimarket.pl\/wp-content\/uploads\/2021\/11\/slogan.png\",\"width\":2000,\"height\":384,\"caption\":\"BOBIMARKET.pl\"},\"image\":{\"@id\":\"https:\/\/bobimarket.pl\/#\/schema\/logo\/image\/\"}}]}<\/script>\n<!-- \/ Yoast SEO plugin. -->","yoast_head_json":{"title":"KR\u0104\u017bEK \u015aCIERNY PAPIER DO \u017bYRAFY 225MM GR 120 - BOBIMARKET.pl - Remontuj i urz\u0105dzaj z nami","robots":{"index":"index","follow":"follow","max-snippet":"max-snippet:-1","max-image-preview":"max-image-preview:large","max-video-preview":"max-video-preview:-1"},"canonical":"https:\/\/bobimarket.pl\/index.php\/produkt\/krazek-scierny-papier-do-zyrafy-225mm-gr-120\/","og_locale":"pl_PL","og_type":"article","og_title":"KR\u0104\u017bEK \u015aCIERNY PAPIER DO \u017bYRAFY 225MM GR 120 - BOBIMARKET.pl - Remontuj i urz\u0105dzaj z nami","og_description":"KR\u0104\u017bEK \u015aCIERNY PAPIER DO \u017bYRAFY 225MM GR 120 DANE TECHNICZNE: Rozmiar: 225mm gradacja 120 dobrej jako\u015bci papier \u015bcierny wytrzyma\u0142y podk\u0142ad i welur ziarno \u015bcierne o dobrej ostro\u015bci \u00a0NA INNYCH AUKCJACH INNE GRADACJE Praktyczny kr\u0105\u017cek perforowany \u015bcierny do szlifierek typu \u017cyrafa. Dzi\u0119ki otwor\u0105 na ca\u0142ej powierzchni, py\u0142 zostaje odessany nie blokuj\u0105c pracy \u017cyrafy. Wed\u0142ug producenta jeden     Czytaj wi\u0119cej \"KR\u0104\u017bEK \u015aCIERNY PAPIER DO \u017bYRAFY 225MM GR 120\"","og_url":"https:\/\/bobimarket.pl\/index.php\/produkt\/krazek-scierny-papier-do-zyrafy-225mm-gr-120\/","og_site_name":"BOBIMARKET.pl - Remontuj i urz\u0105dzaj z nami","article_modified_time":"2025-02-27T13:32:11+00:00","og_image":[{"url":"https:\/\/upload.cdn.baselinker.com\/products\/14476\/f298e717d2385e91b78940efeb799005.jpg"}],"twitter_card":"summary_large_image","schema":{"@context":"https:\/\/schema.org","@graph":[{"@type":"WebPage","@id":"https:\/\/bobimarket.pl\/index.php\/produkt\/krazek-scierny-papier-do-zyrafy-225mm-gr-120\/","url":"https:\/\/bobimarket.pl\/index.php\/produkt\/krazek-scierny-papier-do-zyrafy-225mm-gr-120\/","name":"KR\u0104\u017bEK \u015aCIERNY PAPIER DO \u017bYRAFY 225MM GR 120 - BOBIMARKET.pl - Remontuj i urz\u0105dzaj z nami","isPartOf":{"@id":"https:\/\/bobimarket.pl\/#website"},"datePublished":"2023-08-29T15:39:19+00:00","dateModified":"2025-02-27T13:32:11+00:00","breadcrumb":{"@id":"https:\/\/bobimarket.pl\/index.php\/produkt\/krazek-scierny-papier-do-zyrafy-225mm-gr-120\/#breadcrumb"},"inLanguage":"pl-PL","potentialAction":[{"@type":"ReadAction","target":["https:\/\/bobimarket.pl\/index.php\/produkt\/krazek-scierny-papier-do-zyrafy-225mm-gr-120\/"]}]},{"@type":"BreadcrumbList","@id":"https:\/\/bobimarket.pl\/index.php\/produkt\/krazek-scierny-papier-do-zyrafy-225mm-gr-120\/#breadcrumb","itemListElement":[{"@type":"ListItem","position":1,"name":"Strona g\u0142\u00f3wna","item":"https:\/\/bobimarket.pl\/"},{"@type":"ListItem","position":2,"name":"Sklep","item":"https:\/\/bobimarket.pl\/index.php\/shop\/"},{"@type":"ListItem","position":3,"name":"KR\u0104\u017bEK \u015aCIERNY PAPIER DO \u017bYRAFY 225MM GR 120"}]},{"@type":"WebSite","@id":"https:\/\/bobimarket.pl\/#website","url":"https:\/\/bobimarket.pl\/","name":"BOBIMARKET.pl - Remontuj i urz\u0105dzaj z nami","description":"Remontuj i urz\u0105dzaj z nami","publisher":{"@id":"https:\/\/bobimarket.pl\/#organization"},"potentialAction":[{"@type":"SearchAction","target":{"@type":"EntryPoint","urlTemplate":"https:\/\/bobimarket.pl\/?s={search_term_string}"},"query-input":"required name=search_term_string"}],"inLanguage":"pl-PL"},{"@type":"Organization","@id":"https:\/\/bobimarket.pl\/#organization","name":"BOBIMARKET.pl","url":"https:\/\/bobimarket.pl\/","logo":{"@type":"ImageObject","inLanguage":"pl-PL","@id":"https:\/\/bobimarket.pl\/#\/schema\/logo\/image\/","url":"https:\/\/bobimarket.pl\/wp-content\/uploads\/2021\/11\/slogan.png","contentUrl":"https:\/\/bobimarket.pl\/wp-content\/uploads\/2021\/11\/slogan.png","width":2000,"height":384,"caption":"BOBIMARKET.pl"},"image":{"@id":"https:\/\/bobimarket.pl\/#\/schema\/logo\/image\/"}}]}},"_links":{"self":[{"href":"https:\/\/bobimarket.pl\/index.php\/wp-json\/wp\/v2\/product\/80536"}],"collection":[{"href":"https:\/\/bobimarket.pl\/index.php\/wp-json\/wp\/v2\/product"}],"about":[{"href":"https:\/\/bobimarket.pl\/index.php\/wp-json\/wp\/v2\/types\/product"}],"wp:featuredmedia":[{"embeddable":true,"href":"https:\/\/bobimarket.pl\/index.php\/wp-json\/wp\/v2\/media\/80533"}],"wp:attachment":[{"href":"https:\/\/bobimarket.pl\/index.php\/wp-json\/wp\/v2\/media?parent=80536"}],"wp:term":[{"taxonomy":"product_cat","embeddable":true,"href":"https:\/\/bobimarket.pl\/index.php\/wp-json\/wp\/v2\/product_cat?post=80536"},{"taxonomy":"product_tag","embeddable":true,"href":"https:\/\/bobimarket.pl\/index.php\/wp-json\/wp\/v2\/product_tag?post=80536"}],"curies":[{"name":"wp","href":"https:\/\/api.w.org\/{rel}","templated":true}]}}