{"id":80911,"date":"2023-08-29T15:58:24","date_gmt":"2023-08-29T15:58:24","guid":{"rendered":"https:\/\/bobimarket.pl\/index.php\/produkt\/pudelko-pojemnik-organizer-na-buty-obuwie-duze\/"},"modified":"2025-02-27T13:34:58","modified_gmt":"2025-02-27T13:34:58","slug":"pudelko-pojemnik-organizer-na-buty-obuwie-duze","status":"publish","type":"product","link":"https:\/\/bobimarket.pl\/index.php\/produkt\/pudelko-pojemnik-organizer-na-buty-obuwie-duze\/","title":{"rendered":"PUDE\u0141KO POJEMNIK ORGANIZER NA BUTY OBUWIE DU\u017bE"},"content":{"rendered":"<section class=\"section\">\n<div class=\"item item-6\">\n<section class=\"image-item\">\n            <img decoding=\"async\" src=\"https:\/\/upload.cdn.baselinker.com\/products\/14476\/ece62e64949aec9823d0ca8cbd38bb8d.jpg\" \/><br \/>\n        <\/section>\n<\/p><\/div>\n<div class=\"item item-6\">\n<section class=\"text-item\">\n<h2>PUDE\u0141KO POJEMNIK ORGANIZER NA BUTY OBUWIE JAKO\u015a\u0106<\/h2>\n<p><b>Dane techniczne:<\/b><\/p>\n<ul>\n<li>Wymiary: 21 x\u00a0 35 x 13,5cm<\/li>\n<li>Wymiar wew. 19,5 x 33 x 13cm<\/li>\n<li>Materia\u0142: Tworzywo<\/li>\n<li>Nie zawiera Bisfenolu (<b>BPA FREE<\/b>)!!!<\/li>\n<li>Wysoka Jako\u015b\u0107!!<\/li>\n<\/ul>\n<\/section><\/div>\n<\/section>\n<section class=\"section\">\n<div class=\"item item-6\">\n<section class=\"image-item\">\n            <img decoding=\"async\" src=\"https:\/\/upload.cdn.baselinker.com\/products\/14476\/fee21ebaaf205a95671e40c93670ed82.jpg\" \/><br \/>\n        <\/section>\n<\/p><\/div>\n<div class=\"item item-6\">\n<section class=\"text-item\">\n<p><b>Praktyczny i wytrzyma\u0142y pojemnik na buty kt\u00f3rego nie mo\u017ce zabrakn\u0105\u0107 w Twoim domu!<\/b><\/p>\n<p>Solidny pojemnik na buty wykonany z wytrzyma\u0142ego tworzywa, co b\u0119dzie owocowa\u0142o d\u0142ugim okresem u\u017cytkowania.<\/p>\n<ul>\n<li>Z pomoc\u0105 pojemnika w bezpieczny spos\u00f3b ochronisz swoje ulubione buty przed wilgoci, kurzem.<\/li>\n<li>Dodatkowo pude\u0142ko pozwoli Ci r\u00f3wnie\u017c zachowa\u0107 porz\u0105dek w Twojej garderobie.<\/li>\n<\/ul>\n<\/section><\/div>\n<\/section>\n<section class=\"section\">\n<div class=\"item item-6\">\n<section class=\"image-item\">\n            <img decoding=\"async\" src=\"https:\/\/upload.cdn.baselinker.com\/products\/14476\/180ba707512f1702fe268b618eecfe83.jpg\" \/><br \/>\n        <\/section>\n<\/p><\/div>\n<div class=\"item item-6\">\n<section class=\"text-item\">\n<ul>\n<li>Pojemnik idealnie sprawdzi si\u0119 w garderobie lub do przechowywania but\u00f3w w szafie. Kilka pojemnik\u00f3w mo\u017cna u\u0142o\u017cy\u0107 na sobie pi\u0119trowo i zaoszcz\u0119dzi\u0107 cenn\u0105 przestrze\u0144.<\/li>\n<li>Pude\u0142ko nie tylko w \u0142atwy spos\u00f3b pomaga uporz\u0105dkowa\u0107 obuwie, ale r\u00f3wnie\u017c chroni je przed niszczeniem i szkodliwym wp\u0142ywem zewn\u0119trznych czynnik\u00f3w tj. wilgo\u0107 czy kurz.<\/li>\n<li>B\u0119dzie idealnym elementem wyposa\u017cenia domu, dla os\u00f3b lubi\u0105cych porz\u0105dek i ceni\u0105cych sobie praktyczne rozwi\u0105zania!<\/li>\n<\/ul>\n<\/section><\/div>\n<\/section>\n<section class=\"section\">\n<div class=\"item item-6\">\n<section class=\"image-item\">\n            <img decoding=\"async\" src=\"https:\/\/upload.cdn.baselinker.com\/products\/14476\/ece62e64949aec9823d0ca8cbd38bb8d.jpg\" \/><br \/>\n        <\/section>\n<\/p><\/div>\n<div class=\"item item-6\">\n<section class=\"text-item\">\n<p>\u2705 Pojemnik posiada wiele praktycznych zalet:<\/p>\n<ul>\n<li>Nie t\u0142ucze si\u0119, jest trwa\u0142y i odporny na uszkodzenia.<\/li>\n<li>Jest prze\u017aroczysty z \u0142atwo\u015bci\u0105 zobaczysz zawarto\u015b\u0107 pude\u0142ka<\/li>\n<li>Dodatkowo jest lekki i \u0142atwo si\u0119 czy\u015bci.<\/li>\n<\/ul>\n<\/section><\/div>\n<\/section>\n","protected":false},"excerpt":{"rendered":"<p>PUDE\u0141KO POJEMNIK ORGANIZER NA BUTY OBUWIE JAKO\u015a\u0106 Dane techniczne: Wymiary: 21 x\u00a0 35 x 13,5cm Wymiar wew. 19,5 x 33 x 13cm Materia\u0142: Tworzywo Nie zawiera Bisfenolu (BPA FREE)!!! Wysoka Jako\u015b\u0107!! Praktyczny i wytrzyma\u0142y pojemnik na buty kt\u00f3rego nie mo\u017ce zabrakn\u0105\u0107 w Twoim domu! Solidny pojemnik na buty wykonany z wytrzyma\u0142ego tworzywa, co b\u0119dzie owocowa\u0142o<br \/><a class=\"more-link\" href=\"https:\/\/bobimarket.pl\/index.php\/produkt\/pudelko-pojemnik-organizer-na-buty-obuwie-duze\/\"><br \/>\n        Czytaj wi\u0119cej<span class=\"screen-reader-text\"> &#8222;PUDE\u0141KO POJEMNIK ORGANIZER NA BUTY OBUWIE DU\u017bE&#8221;<\/span><\/a><\/p>\n","protected":false},"featured_media":80900,"template":"","meta":[],"product_cat":[8141],"product_tag":[],"yoast_head":"<!-- This site is optimized with the Yoast SEO plugin v21.0 - https:\/\/yoast.com\/wordpress\/plugins\/seo\/ -->\n<title>PUDE\u0141KO POJEMNIK ORGANIZER NA BUTY OBUWIE DU\u017bE - BOBIMARKET.pl - Remontuj i urz\u0105dzaj z nami<\/title>\n<meta name=\"robots\" content=\"index, follow, max-snippet:-1, max-image-preview:large, max-video-preview:-1\" \/>\n<link rel=\"canonical\" href=\"https:\/\/bobimarket.pl\/index.php\/produkt\/pudelko-pojemnik-organizer-na-buty-obuwie-duze\/\" \/>\n<meta property=\"og:locale\" content=\"pl_PL\" \/>\n<meta property=\"og:type\" content=\"article\" \/>\n<meta property=\"og:title\" content=\"PUDE\u0141KO POJEMNIK ORGANIZER NA BUTY OBUWIE DU\u017bE - BOBIMARKET.pl - Remontuj i urz\u0105dzaj z nami\" \/>\n<meta property=\"og:description\" content=\"PUDE\u0141KO POJEMNIK ORGANIZER NA BUTY OBUWIE JAKO\u015a\u0106 Dane techniczne: Wymiary: 21 x\u00a0 35 x 13,5cm Wymiar wew. 19,5 x 33 x 13cm Materia\u0142: Tworzywo Nie zawiera Bisfenolu (BPA FREE)!!! Wysoka Jako\u015b\u0107!! Praktyczny i wytrzyma\u0142y pojemnik na buty kt\u00f3rego nie mo\u017ce zabrakn\u0105\u0107 w Twoim domu! Solidny pojemnik na buty wykonany z wytrzyma\u0142ego tworzywa, co b\u0119dzie owocowa\u0142o     Czytaj wi\u0119cej &quot;PUDE\u0141KO POJEMNIK ORGANIZER NA BUTY OBUWIE DU\u017bE&quot;\" \/>\n<meta property=\"og:url\" content=\"https:\/\/bobimarket.pl\/index.php\/produkt\/pudelko-pojemnik-organizer-na-buty-obuwie-duze\/\" \/>\n<meta property=\"og:site_name\" content=\"BOBIMARKET.pl - Remontuj i urz\u0105dzaj z nami\" \/>\n<meta property=\"article:modified_time\" content=\"2025-02-27T13:34:58+00:00\" \/>\n<meta property=\"og:image\" content=\"https:\/\/upload.cdn.baselinker.com\/products\/14476\/ece62e64949aec9823d0ca8cbd38bb8d.jpg\" \/>\n<meta name=\"twitter:card\" content=\"summary_large_image\" \/>\n<meta name=\"twitter:label1\" content=\"Szacowany czas czytania\" \/>\n\t<meta name=\"twitter:data1\" content=\"1 minuta\" \/>\n<script type=\"application\/ld+json\" class=\"yoast-schema-graph\">{\"@context\":\"https:\/\/schema.org\",\"@graph\":[{\"@type\":\"WebPage\",\"@id\":\"https:\/\/bobimarket.pl\/index.php\/produkt\/pudelko-pojemnik-organizer-na-buty-obuwie-duze\/\",\"url\":\"https:\/\/bobimarket.pl\/index.php\/produkt\/pudelko-pojemnik-organizer-na-buty-obuwie-duze\/\",\"name\":\"PUDE\u0141KO POJEMNIK ORGANIZER NA BUTY OBUWIE DU\u017bE - BOBIMARKET.pl - Remontuj i urz\u0105dzaj z nami\",\"isPartOf\":{\"@id\":\"https:\/\/bobimarket.pl\/#website\"},\"datePublished\":\"2023-08-29T15:58:24+00:00\",\"dateModified\":\"2025-02-27T13:34:58+00:00\",\"breadcrumb\":{\"@id\":\"https:\/\/bobimarket.pl\/index.php\/produkt\/pudelko-pojemnik-organizer-na-buty-obuwie-duze\/#breadcrumb\"},\"inLanguage\":\"pl-PL\",\"potentialAction\":[{\"@type\":\"ReadAction\",\"target\":[\"https:\/\/bobimarket.pl\/index.php\/produkt\/pudelko-pojemnik-organizer-na-buty-obuwie-duze\/\"]}]},{\"@type\":\"BreadcrumbList\",\"@id\":\"https:\/\/bobimarket.pl\/index.php\/produkt\/pudelko-pojemnik-organizer-na-buty-obuwie-duze\/#breadcrumb\",\"itemListElement\":[{\"@type\":\"ListItem\",\"position\":1,\"name\":\"Strona g\u0142\u00f3wna\",\"item\":\"https:\/\/bobimarket.pl\/\"},{\"@type\":\"ListItem\",\"position\":2,\"name\":\"Sklep\",\"item\":\"https:\/\/bobimarket.pl\/index.php\/shop\/\"},{\"@type\":\"ListItem\",\"position\":3,\"name\":\"PUDE\u0141KO POJEMNIK ORGANIZER NA BUTY OBUWIE DU\u017bE\"}]},{\"@type\":\"WebSite\",\"@id\":\"https:\/\/bobimarket.pl\/#website\",\"url\":\"https:\/\/bobimarket.pl\/\",\"name\":\"BOBIMARKET.pl - Remontuj i urz\u0105dzaj z nami\",\"description\":\"Remontuj i urz\u0105dzaj z nami\",\"publisher\":{\"@id\":\"https:\/\/bobimarket.pl\/#organization\"},\"potentialAction\":[{\"@type\":\"SearchAction\",\"target\":{\"@type\":\"EntryPoint\",\"urlTemplate\":\"https:\/\/bobimarket.pl\/?s={search_term_string}\"},\"query-input\":\"required name=search_term_string\"}],\"inLanguage\":\"pl-PL\"},{\"@type\":\"Organization\",\"@id\":\"https:\/\/bobimarket.pl\/#organization\",\"name\":\"BOBIMARKET.pl\",\"url\":\"https:\/\/bobimarket.pl\/\",\"logo\":{\"@type\":\"ImageObject\",\"inLanguage\":\"pl-PL\",\"@id\":\"https:\/\/bobimarket.pl\/#\/schema\/logo\/image\/\",\"url\":\"https:\/\/bobimarket.pl\/wp-content\/uploads\/2021\/11\/slogan.png\",\"contentUrl\":\"https:\/\/bobimarket.pl\/wp-content\/uploads\/2021\/11\/slogan.png\",\"width\":2000,\"height\":384,\"caption\":\"BOBIMARKET.pl\"},\"image\":{\"@id\":\"https:\/\/bobimarket.pl\/#\/schema\/logo\/image\/\"}}]}<\/script>\n<!-- \/ Yoast SEO plugin. -->","yoast_head_json":{"title":"PUDE\u0141KO POJEMNIK ORGANIZER NA BUTY OBUWIE DU\u017bE - BOBIMARKET.pl - Remontuj i urz\u0105dzaj z nami","robots":{"index":"index","follow":"follow","max-snippet":"max-snippet:-1","max-image-preview":"max-image-preview:large","max-video-preview":"max-video-preview:-1"},"canonical":"https:\/\/bobimarket.pl\/index.php\/produkt\/pudelko-pojemnik-organizer-na-buty-obuwie-duze\/","og_locale":"pl_PL","og_type":"article","og_title":"PUDE\u0141KO POJEMNIK ORGANIZER NA BUTY OBUWIE DU\u017bE - BOBIMARKET.pl - Remontuj i urz\u0105dzaj z nami","og_description":"PUDE\u0141KO POJEMNIK ORGANIZER NA BUTY OBUWIE JAKO\u015a\u0106 Dane techniczne: Wymiary: 21 x\u00a0 35 x 13,5cm Wymiar wew. 19,5 x 33 x 13cm Materia\u0142: Tworzywo Nie zawiera Bisfenolu (BPA FREE)!!! Wysoka Jako\u015b\u0107!! Praktyczny i wytrzyma\u0142y pojemnik na buty kt\u00f3rego nie mo\u017ce zabrakn\u0105\u0107 w Twoim domu! Solidny pojemnik na buty wykonany z wytrzyma\u0142ego tworzywa, co b\u0119dzie owocowa\u0142o     Czytaj wi\u0119cej \"PUDE\u0141KO POJEMNIK ORGANIZER NA BUTY OBUWIE DU\u017bE\"","og_url":"https:\/\/bobimarket.pl\/index.php\/produkt\/pudelko-pojemnik-organizer-na-buty-obuwie-duze\/","og_site_name":"BOBIMARKET.pl - Remontuj i urz\u0105dzaj z nami","article_modified_time":"2025-02-27T13:34:58+00:00","og_image":[{"url":"https:\/\/upload.cdn.baselinker.com\/products\/14476\/ece62e64949aec9823d0ca8cbd38bb8d.jpg"}],"twitter_card":"summary_large_image","twitter_misc":{"Szacowany czas czytania":"1 minuta"},"schema":{"@context":"https:\/\/schema.org","@graph":[{"@type":"WebPage","@id":"https:\/\/bobimarket.pl\/index.php\/produkt\/pudelko-pojemnik-organizer-na-buty-obuwie-duze\/","url":"https:\/\/bobimarket.pl\/index.php\/produkt\/pudelko-pojemnik-organizer-na-buty-obuwie-duze\/","name":"PUDE\u0141KO POJEMNIK ORGANIZER NA BUTY OBUWIE DU\u017bE - BOBIMARKET.pl - Remontuj i urz\u0105dzaj z nami","isPartOf":{"@id":"https:\/\/bobimarket.pl\/#website"},"datePublished":"2023-08-29T15:58:24+00:00","dateModified":"2025-02-27T13:34:58+00:00","breadcrumb":{"@id":"https:\/\/bobimarket.pl\/index.php\/produkt\/pudelko-pojemnik-organizer-na-buty-obuwie-duze\/#breadcrumb"},"inLanguage":"pl-PL","potentialAction":[{"@type":"ReadAction","target":["https:\/\/bobimarket.pl\/index.php\/produkt\/pudelko-pojemnik-organizer-na-buty-obuwie-duze\/"]}]},{"@type":"BreadcrumbList","@id":"https:\/\/bobimarket.pl\/index.php\/produkt\/pudelko-pojemnik-organizer-na-buty-obuwie-duze\/#breadcrumb","itemListElement":[{"@type":"ListItem","position":1,"name":"Strona g\u0142\u00f3wna","item":"https:\/\/bobimarket.pl\/"},{"@type":"ListItem","position":2,"name":"Sklep","item":"https:\/\/bobimarket.pl\/index.php\/shop\/"},{"@type":"ListItem","position":3,"name":"PUDE\u0141KO POJEMNIK ORGANIZER NA BUTY OBUWIE DU\u017bE"}]},{"@type":"WebSite","@id":"https:\/\/bobimarket.pl\/#website","url":"https:\/\/bobimarket.pl\/","name":"BOBIMARKET.pl - Remontuj i urz\u0105dzaj z nami","description":"Remontuj i urz\u0105dzaj z nami","publisher":{"@id":"https:\/\/bobimarket.pl\/#organization"},"potentialAction":[{"@type":"SearchAction","target":{"@type":"EntryPoint","urlTemplate":"https:\/\/bobimarket.pl\/?s={search_term_string}"},"query-input":"required name=search_term_string"}],"inLanguage":"pl-PL"},{"@type":"Organization","@id":"https:\/\/bobimarket.pl\/#organization","name":"BOBIMARKET.pl","url":"https:\/\/bobimarket.pl\/","logo":{"@type":"ImageObject","inLanguage":"pl-PL","@id":"https:\/\/bobimarket.pl\/#\/schema\/logo\/image\/","url":"https:\/\/bobimarket.pl\/wp-content\/uploads\/2021\/11\/slogan.png","contentUrl":"https:\/\/bobimarket.pl\/wp-content\/uploads\/2021\/11\/slogan.png","width":2000,"height":384,"caption":"BOBIMARKET.pl"},"image":{"@id":"https:\/\/bobimarket.pl\/#\/schema\/logo\/image\/"}}]}},"_links":{"self":[{"href":"https:\/\/bobimarket.pl\/index.php\/wp-json\/wp\/v2\/product\/80911"}],"collection":[{"href":"https:\/\/bobimarket.pl\/index.php\/wp-json\/wp\/v2\/product"}],"about":[{"href":"https:\/\/bobimarket.pl\/index.php\/wp-json\/wp\/v2\/types\/product"}],"wp:featuredmedia":[{"embeddable":true,"href":"https:\/\/bobimarket.pl\/index.php\/wp-json\/wp\/v2\/media\/80900"}],"wp:attachment":[{"href":"https:\/\/bobimarket.pl\/index.php\/wp-json\/wp\/v2\/media?parent=80911"}],"wp:term":[{"taxonomy":"product_cat","embeddable":true,"href":"https:\/\/bobimarket.pl\/index.php\/wp-json\/wp\/v2\/product_cat?post=80911"},{"taxonomy":"product_tag","embeddable":true,"href":"https:\/\/bobimarket.pl\/index.php\/wp-json\/wp\/v2\/product_tag?post=80911"}],"curies":[{"name":"wp","href":"https:\/\/api.w.org\/{rel}","templated":true}]}}