{"id":81135,"date":"2023-08-29T16:17:21","date_gmt":"2023-08-29T16:17:21","guid":{"rendered":"https:\/\/bobimarket.pl\/index.php\/produkt\/wiertarka-reczna-na-korbke-przekladnia-wiertla\/"},"modified":"2025-02-27T13:37:04","modified_gmt":"2025-02-27T13:37:04","slug":"wiertarka-reczna-na-korbke-przekladnia-wiertla","status":"publish","type":"product","link":"https:\/\/bobimarket.pl\/index.php\/produkt\/wiertarka-reczna-na-korbke-przekladnia-wiertla\/","title":{"rendered":"WIERTARKA R\u0118CZNA NA KORBK\u0118 PRZEK\u0141ADNIA WIERT\u0141A"},"content":{"rendered":"<section class=\"section\">\n<div class=\"item item-6\">\n<section class=\"image-item\">\n            <img decoding=\"async\" src=\"https:\/\/upload.cdn.baselinker.com\/products\/14476\/1d024c0f97f692124180ad8633dd2ac9.jpg\" \/><br \/>\n        <\/section>\n<\/p><\/div>\n<div class=\"item item-6\">\n<section class=\"text-item\">\n<h2>WIERTARKA R\u0118CZNA NA KORBK\u0118 PRZEK\u0141ADNIA WIERT\u0141A 2-8<\/h2>\n<p><b>Dane techniczne:<\/b><\/p>\n<ul>\n<li>\u015arednica wierte\u0142: <b>2- 8 mm<\/b><\/li>\n<li>Mocowanie:<b> 3\/8\u2019<\/b><\/li>\n<li>Drewniane uchwyty<\/li>\n<li>Solidna korbka<\/li>\n<li>Mechanizm metalowy i mocna przek\u0142adnia<\/li>\n<\/ul>\n<\/section><\/div>\n<\/section>\n<section class=\"section\">\n<div class=\"item item-6\">\n<section class=\"image-item\">\n            <img decoding=\"async\" src=\"https:\/\/upload.cdn.baselinker.com\/products\/14476\/58139f20b53a758102bda04c51c2ca73.jpg\" \/><br \/>\n        <\/section>\n<\/p><\/div>\n<div class=\"item item-6\">\n<section class=\"text-item\">\n<p><b>Stanowi doskona\u0142\u0105 alternatyw\u0119 dla wiertarek elektrycznych i jest niezawodna. <\/b><\/p>\n<p>R\u0119czna wiertarka posiada aluminiowe ko\u0142o nap\u0119dowe, pojedyncz\u0105 <b>przek\u0142adni\u0119 z\u0119bat\u0105<\/b> oraz\u00a0bardzo mocny metalowy korpus. Doskonale sprawdzi si\u0119 tam, gdzie dost\u0119p do sieci elektroenergetycznej jest utrudniony czy konieczne jest zachowanie ciszy.<\/p>\n<ul>\n<li>Wiertarka jest <b>nap\u0119dzana za pomoc\u0105 korbki<\/b>, a wewn\u0105trz znajduje si\u0119 przek\u0142adnia, kt\u00f3ra obraca wiert\u0142em.<\/li>\n<li>Wsp\u00f3\u0142pracuj<b>e z wiert\u0142ami o \u015brednicy od 2 mm do 8 mm<\/b><\/li>\n<\/ul>\n<\/section><\/div>\n<\/section>\n<section class=\"section\">\n<div class=\"item item-6\">\n<section class=\"image-item\">\n            <img decoding=\"async\" src=\"https:\/\/upload.cdn.baselinker.com\/products\/14476\/6b1a53151e92904120d48cdbd0b66e6f.jpg\" \/><br \/>\n        <\/section>\n<\/p><\/div>\n<div class=\"item item-6\">\n<section class=\"text-item\">\n<p>\u2705 Wiertarka<b> z r\u0119cznym nap\u0119dem<\/b> przeznaczona do wiercenia w lekkich materia\u0142ach takich jak drewno lub plastik.<\/p>\n<p><b>\u2705<\/b> Wiertarka r\u0119czna jest prosta w obs\u0142udze. Mo\u017cna j\u0105 stosowa\u0107<b> bez obaw, \u017ce uszkodzimy materia\u0142<\/b>, w kt\u00f3rym wykonywany jest otw\u00f3r.<\/p>\n<p>\u2705 Konstrukcja narz\u0119dzia umo\u017cliwia <b>wygodn\u0105\u00a0i bezpieczn\u0105 prac\u0119<\/b> z mi\u0119kkimi materia\u0142ami.<\/p>\n<\/section><\/div>\n<\/section>\n<section class=\"section\">\n<div class=\"item item-6\">\n<section class=\"image-item\">\n            <img decoding=\"async\" src=\"https:\/\/upload.cdn.baselinker.com\/products\/14476\/d70fdcfc643c62910fd1a6e5123b9465.jpg\" \/><br \/>\n        <\/section>\n<\/p><\/div>\n<div class=\"item item-6\">\n<section class=\"text-item\">\n<p><b>\u00a0\u2705 ZASTOSOWANIE:<\/b><\/p>\n<p>Idealna do pracy w miejscach, gdzie pr\u0105d jest trudno dost\u0119pny lub nie ma go w og\u00f3le np. na dzia\u0142ce. Warto j\u0105 mie\u0107 r\u00f3wnie\u017c jako zapasowy element w razie awarii elektrycznej wiertarki itp.\u00a0<\/p>\n<ul>\n<li>Dodatkowo narz\u0119dzie jest <b>mobilne<\/b>, mo\u017cna je rozkr\u0119ci\u0107 \u2013 zajmuje ma\u0142o miejsca i jest \u0142atwa w przechowywaniu.<\/li>\n<\/ul>\n<\/section><\/div>\n<\/section>\n","protected":false},"excerpt":{"rendered":"<p>WIERTARKA R\u0118CZNA NA KORBK\u0118 PRZEK\u0141ADNIA WIERT\u0141A 2-8 Dane techniczne: \u015arednica wierte\u0142: 2- 8 mm Mocowanie: 3\/8\u2019 Drewniane uchwyty Solidna korbka Mechanizm metalowy i mocna przek\u0142adnia Stanowi doskona\u0142\u0105 alternatyw\u0119 dla wiertarek elektrycznych i jest niezawodna. R\u0119czna wiertarka posiada aluminiowe ko\u0142o nap\u0119dowe, pojedyncz\u0105 przek\u0142adni\u0119 z\u0119bat\u0105 oraz\u00a0bardzo mocny metalowy korpus. Doskonale sprawdzi si\u0119 tam, gdzie dost\u0119p do sieci<br \/><a class=\"more-link\" href=\"https:\/\/bobimarket.pl\/index.php\/produkt\/wiertarka-reczna-na-korbke-przekladnia-wiertla\/\"><br \/>\n        Czytaj wi\u0119cej<span class=\"screen-reader-text\"> &#8222;WIERTARKA R\u0118CZNA NA KORBK\u0118 PRZEK\u0141ADNIA WIERT\u0141A&#8221;<\/span><\/a><\/p>\n","protected":false},"featured_media":81127,"template":"","meta":[],"product_cat":[8162],"product_tag":[],"yoast_head":"<!-- This site is optimized with the Yoast SEO plugin v21.0 - https:\/\/yoast.com\/wordpress\/plugins\/seo\/ -->\n<title>WIERTARKA R\u0118CZNA NA KORBK\u0118 PRZEK\u0141ADNIA WIERT\u0141A - BOBIMARKET.pl - Remontuj i urz\u0105dzaj z nami<\/title>\n<meta name=\"robots\" content=\"index, follow, max-snippet:-1, max-image-preview:large, max-video-preview:-1\" \/>\n<link rel=\"canonical\" href=\"https:\/\/bobimarket.pl\/index.php\/produkt\/wiertarka-reczna-na-korbke-przekladnia-wiertla\/\" \/>\n<meta property=\"og:locale\" content=\"pl_PL\" \/>\n<meta property=\"og:type\" content=\"article\" \/>\n<meta property=\"og:title\" content=\"WIERTARKA R\u0118CZNA NA KORBK\u0118 PRZEK\u0141ADNIA WIERT\u0141A - BOBIMARKET.pl - Remontuj i urz\u0105dzaj z nami\" \/>\n<meta property=\"og:description\" content=\"WIERTARKA R\u0118CZNA NA KORBK\u0118 PRZEK\u0141ADNIA WIERT\u0141A 2-8 Dane techniczne: \u015arednica wierte\u0142: 2- 8 mm Mocowanie: 3\/8\u2019 Drewniane uchwyty Solidna korbka Mechanizm metalowy i mocna przek\u0142adnia Stanowi doskona\u0142\u0105 alternatyw\u0119 dla wiertarek elektrycznych i jest niezawodna. R\u0119czna wiertarka posiada aluminiowe ko\u0142o nap\u0119dowe, pojedyncz\u0105 przek\u0142adni\u0119 z\u0119bat\u0105 oraz\u00a0bardzo mocny metalowy korpus. Doskonale sprawdzi si\u0119 tam, gdzie dost\u0119p do sieci     Czytaj wi\u0119cej &quot;WIERTARKA R\u0118CZNA NA KORBK\u0118 PRZEK\u0141ADNIA WIERT\u0141A&quot;\" \/>\n<meta property=\"og:url\" content=\"https:\/\/bobimarket.pl\/index.php\/produkt\/wiertarka-reczna-na-korbke-przekladnia-wiertla\/\" \/>\n<meta property=\"og:site_name\" content=\"BOBIMARKET.pl - Remontuj i urz\u0105dzaj z nami\" \/>\n<meta property=\"article:modified_time\" content=\"2025-02-27T13:37:04+00:00\" \/>\n<meta property=\"og:image\" content=\"https:\/\/upload.cdn.baselinker.com\/products\/14476\/1d024c0f97f692124180ad8633dd2ac9.jpg\" \/>\n<meta name=\"twitter:card\" content=\"summary_large_image\" \/>\n<meta name=\"twitter:label1\" content=\"Szacowany czas czytania\" \/>\n\t<meta name=\"twitter:data1\" content=\"1 minuta\" \/>\n<script type=\"application\/ld+json\" class=\"yoast-schema-graph\">{\"@context\":\"https:\/\/schema.org\",\"@graph\":[{\"@type\":\"WebPage\",\"@id\":\"https:\/\/bobimarket.pl\/index.php\/produkt\/wiertarka-reczna-na-korbke-przekladnia-wiertla\/\",\"url\":\"https:\/\/bobimarket.pl\/index.php\/produkt\/wiertarka-reczna-na-korbke-przekladnia-wiertla\/\",\"name\":\"WIERTARKA R\u0118CZNA NA KORBK\u0118 PRZEK\u0141ADNIA WIERT\u0141A - BOBIMARKET.pl - Remontuj i urz\u0105dzaj z nami\",\"isPartOf\":{\"@id\":\"https:\/\/bobimarket.pl\/#website\"},\"datePublished\":\"2023-08-29T16:17:21+00:00\",\"dateModified\":\"2025-02-27T13:37:04+00:00\",\"breadcrumb\":{\"@id\":\"https:\/\/bobimarket.pl\/index.php\/produkt\/wiertarka-reczna-na-korbke-przekladnia-wiertla\/#breadcrumb\"},\"inLanguage\":\"pl-PL\",\"potentialAction\":[{\"@type\":\"ReadAction\",\"target\":[\"https:\/\/bobimarket.pl\/index.php\/produkt\/wiertarka-reczna-na-korbke-przekladnia-wiertla\/\"]}]},{\"@type\":\"BreadcrumbList\",\"@id\":\"https:\/\/bobimarket.pl\/index.php\/produkt\/wiertarka-reczna-na-korbke-przekladnia-wiertla\/#breadcrumb\",\"itemListElement\":[{\"@type\":\"ListItem\",\"position\":1,\"name\":\"Strona g\u0142\u00f3wna\",\"item\":\"https:\/\/bobimarket.pl\/\"},{\"@type\":\"ListItem\",\"position\":2,\"name\":\"Sklep\",\"item\":\"https:\/\/bobimarket.pl\/index.php\/shop\/\"},{\"@type\":\"ListItem\",\"position\":3,\"name\":\"WIERTARKA R\u0118CZNA NA KORBK\u0118 PRZEK\u0141ADNIA WIERT\u0141A\"}]},{\"@type\":\"WebSite\",\"@id\":\"https:\/\/bobimarket.pl\/#website\",\"url\":\"https:\/\/bobimarket.pl\/\",\"name\":\"BOBIMARKET.pl - Remontuj i urz\u0105dzaj z nami\",\"description\":\"Remontuj i urz\u0105dzaj z nami\",\"publisher\":{\"@id\":\"https:\/\/bobimarket.pl\/#organization\"},\"potentialAction\":[{\"@type\":\"SearchAction\",\"target\":{\"@type\":\"EntryPoint\",\"urlTemplate\":\"https:\/\/bobimarket.pl\/?s={search_term_string}\"},\"query-input\":\"required name=search_term_string\"}],\"inLanguage\":\"pl-PL\"},{\"@type\":\"Organization\",\"@id\":\"https:\/\/bobimarket.pl\/#organization\",\"name\":\"BOBIMARKET.pl\",\"url\":\"https:\/\/bobimarket.pl\/\",\"logo\":{\"@type\":\"ImageObject\",\"inLanguage\":\"pl-PL\",\"@id\":\"https:\/\/bobimarket.pl\/#\/schema\/logo\/image\/\",\"url\":\"https:\/\/bobimarket.pl\/wp-content\/uploads\/2021\/11\/slogan.png\",\"contentUrl\":\"https:\/\/bobimarket.pl\/wp-content\/uploads\/2021\/11\/slogan.png\",\"width\":2000,\"height\":384,\"caption\":\"BOBIMARKET.pl\"},\"image\":{\"@id\":\"https:\/\/bobimarket.pl\/#\/schema\/logo\/image\/\"}}]}<\/script>\n<!-- \/ Yoast SEO plugin. -->","yoast_head_json":{"title":"WIERTARKA R\u0118CZNA NA KORBK\u0118 PRZEK\u0141ADNIA WIERT\u0141A - BOBIMARKET.pl - Remontuj i urz\u0105dzaj z nami","robots":{"index":"index","follow":"follow","max-snippet":"max-snippet:-1","max-image-preview":"max-image-preview:large","max-video-preview":"max-video-preview:-1"},"canonical":"https:\/\/bobimarket.pl\/index.php\/produkt\/wiertarka-reczna-na-korbke-przekladnia-wiertla\/","og_locale":"pl_PL","og_type":"article","og_title":"WIERTARKA R\u0118CZNA NA KORBK\u0118 PRZEK\u0141ADNIA WIERT\u0141A - BOBIMARKET.pl - Remontuj i urz\u0105dzaj z nami","og_description":"WIERTARKA R\u0118CZNA NA KORBK\u0118 PRZEK\u0141ADNIA WIERT\u0141A 2-8 Dane techniczne: \u015arednica wierte\u0142: 2- 8 mm Mocowanie: 3\/8\u2019 Drewniane uchwyty Solidna korbka Mechanizm metalowy i mocna przek\u0142adnia Stanowi doskona\u0142\u0105 alternatyw\u0119 dla wiertarek elektrycznych i jest niezawodna. R\u0119czna wiertarka posiada aluminiowe ko\u0142o nap\u0119dowe, pojedyncz\u0105 przek\u0142adni\u0119 z\u0119bat\u0105 oraz\u00a0bardzo mocny metalowy korpus. Doskonale sprawdzi si\u0119 tam, gdzie dost\u0119p do sieci     Czytaj wi\u0119cej \"WIERTARKA R\u0118CZNA NA KORBK\u0118 PRZEK\u0141ADNIA WIERT\u0141A\"","og_url":"https:\/\/bobimarket.pl\/index.php\/produkt\/wiertarka-reczna-na-korbke-przekladnia-wiertla\/","og_site_name":"BOBIMARKET.pl - Remontuj i urz\u0105dzaj z nami","article_modified_time":"2025-02-27T13:37:04+00:00","og_image":[{"url":"https:\/\/upload.cdn.baselinker.com\/products\/14476\/1d024c0f97f692124180ad8633dd2ac9.jpg"}],"twitter_card":"summary_large_image","twitter_misc":{"Szacowany czas czytania":"1 minuta"},"schema":{"@context":"https:\/\/schema.org","@graph":[{"@type":"WebPage","@id":"https:\/\/bobimarket.pl\/index.php\/produkt\/wiertarka-reczna-na-korbke-przekladnia-wiertla\/","url":"https:\/\/bobimarket.pl\/index.php\/produkt\/wiertarka-reczna-na-korbke-przekladnia-wiertla\/","name":"WIERTARKA R\u0118CZNA NA KORBK\u0118 PRZEK\u0141ADNIA WIERT\u0141A - BOBIMARKET.pl - Remontuj i urz\u0105dzaj z nami","isPartOf":{"@id":"https:\/\/bobimarket.pl\/#website"},"datePublished":"2023-08-29T16:17:21+00:00","dateModified":"2025-02-27T13:37:04+00:00","breadcrumb":{"@id":"https:\/\/bobimarket.pl\/index.php\/produkt\/wiertarka-reczna-na-korbke-przekladnia-wiertla\/#breadcrumb"},"inLanguage":"pl-PL","potentialAction":[{"@type":"ReadAction","target":["https:\/\/bobimarket.pl\/index.php\/produkt\/wiertarka-reczna-na-korbke-przekladnia-wiertla\/"]}]},{"@type":"BreadcrumbList","@id":"https:\/\/bobimarket.pl\/index.php\/produkt\/wiertarka-reczna-na-korbke-przekladnia-wiertla\/#breadcrumb","itemListElement":[{"@type":"ListItem","position":1,"name":"Strona g\u0142\u00f3wna","item":"https:\/\/bobimarket.pl\/"},{"@type":"ListItem","position":2,"name":"Sklep","item":"https:\/\/bobimarket.pl\/index.php\/shop\/"},{"@type":"ListItem","position":3,"name":"WIERTARKA R\u0118CZNA NA KORBK\u0118 PRZEK\u0141ADNIA WIERT\u0141A"}]},{"@type":"WebSite","@id":"https:\/\/bobimarket.pl\/#website","url":"https:\/\/bobimarket.pl\/","name":"BOBIMARKET.pl - Remontuj i urz\u0105dzaj z nami","description":"Remontuj i urz\u0105dzaj z nami","publisher":{"@id":"https:\/\/bobimarket.pl\/#organization"},"potentialAction":[{"@type":"SearchAction","target":{"@type":"EntryPoint","urlTemplate":"https:\/\/bobimarket.pl\/?s={search_term_string}"},"query-input":"required name=search_term_string"}],"inLanguage":"pl-PL"},{"@type":"Organization","@id":"https:\/\/bobimarket.pl\/#organization","name":"BOBIMARKET.pl","url":"https:\/\/bobimarket.pl\/","logo":{"@type":"ImageObject","inLanguage":"pl-PL","@id":"https:\/\/bobimarket.pl\/#\/schema\/logo\/image\/","url":"https:\/\/bobimarket.pl\/wp-content\/uploads\/2021\/11\/slogan.png","contentUrl":"https:\/\/bobimarket.pl\/wp-content\/uploads\/2021\/11\/slogan.png","width":2000,"height":384,"caption":"BOBIMARKET.pl"},"image":{"@id":"https:\/\/bobimarket.pl\/#\/schema\/logo\/image\/"}}]}},"_links":{"self":[{"href":"https:\/\/bobimarket.pl\/index.php\/wp-json\/wp\/v2\/product\/81135"}],"collection":[{"href":"https:\/\/bobimarket.pl\/index.php\/wp-json\/wp\/v2\/product"}],"about":[{"href":"https:\/\/bobimarket.pl\/index.php\/wp-json\/wp\/v2\/types\/product"}],"wp:featuredmedia":[{"embeddable":true,"href":"https:\/\/bobimarket.pl\/index.php\/wp-json\/wp\/v2\/media\/81127"}],"wp:attachment":[{"href":"https:\/\/bobimarket.pl\/index.php\/wp-json\/wp\/v2\/media?parent=81135"}],"wp:term":[{"taxonomy":"product_cat","embeddable":true,"href":"https:\/\/bobimarket.pl\/index.php\/wp-json\/wp\/v2\/product_cat?post=81135"},{"taxonomy":"product_tag","embeddable":true,"href":"https:\/\/bobimarket.pl\/index.php\/wp-json\/wp\/v2\/product_tag?post=81135"}],"curies":[{"name":"wp","href":"https:\/\/api.w.org\/{rel}","templated":true}]}}