{"id":82697,"date":"2023-08-29T18:24:50","date_gmt":"2023-08-29T18:24:50","guid":{"rendered":"https:\/\/bobimarket.pl\/index.php\/produkt\/zestaw-narzedzi-ogrodowych-lopatka-widelki-3-szt\/"},"modified":"2025-02-27T13:55:35","modified_gmt":"2025-02-27T13:55:35","slug":"zestaw-narzedzi-ogrodowych-lopatka-widelki-3-szt","status":"publish","type":"product","link":"https:\/\/bobimarket.pl\/index.php\/produkt\/zestaw-narzedzi-ogrodowych-lopatka-widelki-3-szt\/","title":{"rendered":"ZESTAW NARZ\u0118DZI OGRODOWYCH \u0141OPATKA WIDE\u0141KI 3 SZT"},"content":{"rendered":"<section class=\"section\">\n<div class=\"item item-6\">\n<section class=\"image-item\">\n            <img decoding=\"async\" src=\"https:\/\/upload.cdn.baselinker.com\/products\/14476\/550f5002893018216530ea3edf6431bf.jpg\" \/><br \/>\n        <\/section>\n<\/p><\/div>\n<div class=\"item item-6\">\n<section class=\"text-item\">\n<h2>ZESTAW NARZ\u0118DZI OGRODOWYCH \u0141OPATKA WIDE\u0141KI 3 SZT<\/h2>\n<p><b>Dane techniczne:<\/b><\/p>\n<ul>\n<li>Materia\u0142: tworzywo sztuczne<\/li>\n<li>Materia\u0142 cz\u0119\u015bci roboczej: poliamid<\/li>\n<\/ul>\n<p>Zestaw zawiera 3 elementy o r\u00f3\u017cnych parametrach technicznych:<\/p>\n<p><b>1. \u0141opatka do sadzenia w\u0105ska: <\/b><\/p>\n<ul>\n<li>D\u0142ugo\u015b\u0107: <b>290 mm<\/b><\/li>\n<li>D\u0142ugo\u015b\u0107 cz\u0119\u015bci roboczej: <b>145 mm<\/b><\/li>\n<li>Szeroko\u015b\u0107 cz\u0119\u015bci roboczej: <b>60 mm<\/b><\/li>\n<\/ul>\n<p><b>2. \u0141opatka do sadzenia szeroka: <\/b><\/p>\n<ul>\n<li>D\u0142ugo\u015b\u0107: <b>280 mm <\/b><\/li>\n<li>D\u0142ugo\u015b\u0107 cz\u0119\u015bci roboczej: <b>130 mm<\/b><\/li>\n<li>Szeroko\u015b\u0107 cz\u0119\u015bci roboczej:<b> 80 mm <\/b><\/li>\n<\/ul>\n<p><b>3. Wide\u0142ki: <\/b><\/p>\n<ul>\n<li>D\u0142ugo\u015b\u0107: <b>275 mm <\/b><\/li>\n<li>D\u0142ugo\u015b\u0107 cz\u0119\u015bci roboczej: <b>121 mm <\/b><\/li>\n<li>Szeroko\u015b\u0107 cz\u0119\u015bci roboczej:<b> 80 mm<\/b><\/li>\n<\/ul>\n<\/section><\/div>\n<\/section>\n<section class=\"section\">\n<div class=\"item item-6\">\n<section class=\"image-item\">\n            <img decoding=\"async\" src=\"https:\/\/upload.cdn.baselinker.com\/products\/14476\/550f5002893018216530ea3edf6431bf.jpg\" \/><br \/>\n        <\/section>\n<\/p><\/div>\n<div class=\"item item-6\">\n<section class=\"text-item\">\n<p><b>Idealny zestaw do prac w ogrodzie.<\/b><\/p>\n<p>Zestaw narz\u0119dzi ogrodniczych wykonany z wysokiej jako\u015bci tworzywa. Przeznaczony do wszelakich prac ogrodniczych.\u00a0<b> Wyprofilowany uchwyt<\/b> zako\u0144czony jest otworem s\u0142u\u017c\u0105cym do zawieszania narz\u0119dzi.<\/p>\n<ul>\n<li>W sk\u0142ad zestawy wchodz\u0105 dwie \u0142opatki do sadzenia ( w\u0105ska i szeroka) oraz wide\u0142ki.<\/li>\n<li>Przydadz\u0105 si\u0119 <b>do sadzenia kwiat\u00f3w, spulchniania ziemi lub usuwania chwast\u00f3w.<\/b><\/li>\n<li>Ergonomiczna r\u0105czka zapewnia komfort pracy, dodatkowo narz\u0119dzie s\u0105 \u0142atwe do utrzymania w czysto\u015bci.<\/li>\n<\/ul>\n<\/section><\/div>\n<\/section>\n<section class=\"section\">\n<div class=\"item item-6\">\n<section class=\"image-item\">\n            <img decoding=\"async\" src=\"https:\/\/upload.cdn.baselinker.com\/products\/14476\/550f5002893018216530ea3edf6431bf.jpg\" \/><br \/>\n        <\/section>\n<\/p><\/div>\n<div class=\"item item-6\">\n<section class=\"text-item\">\n<p><b>Tego lata zadbaj\u00a0 o sw\u00f3j ogr\u00f3d z zestawem narz\u0119dzi marki Jufisto. <\/b><\/p>\n<p>Por\u0119czne narz\u0119dzia, kt\u00f3ra u\u0142atwi\u0105 prace porz\u0105dkowe i piel\u0119gnacyjnych w ogrodzie. Niewielki rozmiar poszczeg\u00f3lnych narz\u0119dzi w zestawie sprawia, \u017ce mo\u017cesz nimi precyzyjnie operowa\u0107, bez obaw, \u017ce uszkodzisz delikatne p\u0119dy i kwiaty.\u00a0<\/p>\n<ul>\n<li><b>Wide\u0142ki<\/b> pomog\u0105 w dbaniu o ro\u015blin. Z ich pomoc\u0105 b\u0119dziesz m\u00f3g\u0142 spulchni\u0107 i napowietrzy\u0107 gleb\u0119, aby Twoje ro\u015bliny mog\u0142y rosn\u0105\u0107 w jak najlepszych warunkach. Przydadz\u0105 si\u0119 r\u00f3wnie\u017c podczas odchwaszczania grz\u0105dek.<\/li>\n<li><b>\u0141opatki<\/b> znacznie u\u0142atwia sadzenie i przesadzanie ro\u015blin. R\u00f3\u017cne kszta\u0142ty \u0142opatek sprawiaj\u0105, \u017ce mo\u017cna je odpowiednio dobra\u0107 w zale\u017cno\u015bci od\u00a0 przeprowadzanych prac.<\/li>\n<\/ul>\n<p>Narz\u0119dzia przydatne w ka\u017cdym ogrodzie niezale\u017cnie od jego wielko\u015bci.<\/p>\n<\/section><\/div>\n<\/section>\n","protected":false},"excerpt":{"rendered":"<p>ZESTAW NARZ\u0118DZI OGRODOWYCH \u0141OPATKA WIDE\u0141KI 3 SZT Dane techniczne: Materia\u0142: tworzywo sztuczne Materia\u0142 cz\u0119\u015bci roboczej: poliamid Zestaw zawiera 3 elementy o r\u00f3\u017cnych parametrach technicznych: 1. \u0141opatka do sadzenia w\u0105ska: D\u0142ugo\u015b\u0107: 290 mm D\u0142ugo\u015b\u0107 cz\u0119\u015bci roboczej: 145 mm Szeroko\u015b\u0107 cz\u0119\u015bci roboczej: 60 mm 2. \u0141opatka do sadzenia szeroka: D\u0142ugo\u015b\u0107: 280 mm D\u0142ugo\u015b\u0107 cz\u0119\u015bci roboczej: 130 mm<br \/><a class=\"more-link\" href=\"https:\/\/bobimarket.pl\/index.php\/produkt\/zestaw-narzedzi-ogrodowych-lopatka-widelki-3-szt\/\"><br \/>\n        Czytaj wi\u0119cej<span class=\"screen-reader-text\"> &#8222;ZESTAW NARZ\u0118DZI OGRODOWYCH \u0141OPATKA WIDE\u0141KI 3 SZT&#8221;<\/span><\/a><\/p>\n","protected":false},"featured_media":82696,"template":"","meta":[],"product_cat":[8229],"product_tag":[],"yoast_head":"<!-- This site is optimized with the Yoast SEO plugin v21.0 - https:\/\/yoast.com\/wordpress\/plugins\/seo\/ -->\n<title>ZESTAW NARZ\u0118DZI OGRODOWYCH \u0141OPATKA WIDE\u0141KI 3 SZT - BOBIMARKET.pl - Remontuj i urz\u0105dzaj z nami<\/title>\n<meta name=\"robots\" content=\"index, follow, max-snippet:-1, max-image-preview:large, max-video-preview:-1\" \/>\n<link rel=\"canonical\" href=\"https:\/\/bobimarket.pl\/index.php\/produkt\/zestaw-narzedzi-ogrodowych-lopatka-widelki-3-szt\/\" \/>\n<meta property=\"og:locale\" content=\"pl_PL\" \/>\n<meta property=\"og:type\" content=\"article\" \/>\n<meta property=\"og:title\" content=\"ZESTAW NARZ\u0118DZI OGRODOWYCH \u0141OPATKA WIDE\u0141KI 3 SZT - BOBIMARKET.pl - Remontuj i urz\u0105dzaj z nami\" \/>\n<meta property=\"og:description\" content=\"ZESTAW NARZ\u0118DZI OGRODOWYCH \u0141OPATKA WIDE\u0141KI 3 SZT Dane techniczne: Materia\u0142: tworzywo sztuczne Materia\u0142 cz\u0119\u015bci roboczej: poliamid Zestaw zawiera 3 elementy o r\u00f3\u017cnych parametrach technicznych: 1. \u0141opatka do sadzenia w\u0105ska: D\u0142ugo\u015b\u0107: 290 mm D\u0142ugo\u015b\u0107 cz\u0119\u015bci roboczej: 145 mm Szeroko\u015b\u0107 cz\u0119\u015bci roboczej: 60 mm 2. \u0141opatka do sadzenia szeroka: D\u0142ugo\u015b\u0107: 280 mm D\u0142ugo\u015b\u0107 cz\u0119\u015bci roboczej: 130 mm     Czytaj wi\u0119cej &quot;ZESTAW NARZ\u0118DZI OGRODOWYCH \u0141OPATKA WIDE\u0141KI 3 SZT&quot;\" \/>\n<meta property=\"og:url\" content=\"https:\/\/bobimarket.pl\/index.php\/produkt\/zestaw-narzedzi-ogrodowych-lopatka-widelki-3-szt\/\" \/>\n<meta property=\"og:site_name\" content=\"BOBIMARKET.pl - Remontuj i urz\u0105dzaj z nami\" \/>\n<meta property=\"article:modified_time\" content=\"2025-02-27T13:55:35+00:00\" \/>\n<meta property=\"og:image\" content=\"https:\/\/upload.cdn.baselinker.com\/products\/14476\/550f5002893018216530ea3edf6431bf.jpg\" \/>\n<meta name=\"twitter:card\" content=\"summary_large_image\" \/>\n<meta name=\"twitter:label1\" content=\"Szacowany czas czytania\" \/>\n\t<meta name=\"twitter:data1\" content=\"1 minuta\" \/>\n<script type=\"application\/ld+json\" class=\"yoast-schema-graph\">{\"@context\":\"https:\/\/schema.org\",\"@graph\":[{\"@type\":\"WebPage\",\"@id\":\"https:\/\/bobimarket.pl\/index.php\/produkt\/zestaw-narzedzi-ogrodowych-lopatka-widelki-3-szt\/\",\"url\":\"https:\/\/bobimarket.pl\/index.php\/produkt\/zestaw-narzedzi-ogrodowych-lopatka-widelki-3-szt\/\",\"name\":\"ZESTAW NARZ\u0118DZI OGRODOWYCH \u0141OPATKA WIDE\u0141KI 3 SZT - BOBIMARKET.pl - Remontuj i urz\u0105dzaj z nami\",\"isPartOf\":{\"@id\":\"https:\/\/bobimarket.pl\/#website\"},\"datePublished\":\"2023-08-29T18:24:50+00:00\",\"dateModified\":\"2025-02-27T13:55:35+00:00\",\"breadcrumb\":{\"@id\":\"https:\/\/bobimarket.pl\/index.php\/produkt\/zestaw-narzedzi-ogrodowych-lopatka-widelki-3-szt\/#breadcrumb\"},\"inLanguage\":\"pl-PL\",\"potentialAction\":[{\"@type\":\"ReadAction\",\"target\":[\"https:\/\/bobimarket.pl\/index.php\/produkt\/zestaw-narzedzi-ogrodowych-lopatka-widelki-3-szt\/\"]}]},{\"@type\":\"BreadcrumbList\",\"@id\":\"https:\/\/bobimarket.pl\/index.php\/produkt\/zestaw-narzedzi-ogrodowych-lopatka-widelki-3-szt\/#breadcrumb\",\"itemListElement\":[{\"@type\":\"ListItem\",\"position\":1,\"name\":\"Strona g\u0142\u00f3wna\",\"item\":\"https:\/\/bobimarket.pl\/\"},{\"@type\":\"ListItem\",\"position\":2,\"name\":\"Sklep\",\"item\":\"https:\/\/bobimarket.pl\/index.php\/shop\/\"},{\"@type\":\"ListItem\",\"position\":3,\"name\":\"ZESTAW NARZ\u0118DZI OGRODOWYCH \u0141OPATKA WIDE\u0141KI 3 SZT\"}]},{\"@type\":\"WebSite\",\"@id\":\"https:\/\/bobimarket.pl\/#website\",\"url\":\"https:\/\/bobimarket.pl\/\",\"name\":\"BOBIMARKET.pl - Remontuj i urz\u0105dzaj z nami\",\"description\":\"Remontuj i urz\u0105dzaj z nami\",\"publisher\":{\"@id\":\"https:\/\/bobimarket.pl\/#organization\"},\"potentialAction\":[{\"@type\":\"SearchAction\",\"target\":{\"@type\":\"EntryPoint\",\"urlTemplate\":\"https:\/\/bobimarket.pl\/?s={search_term_string}\"},\"query-input\":\"required name=search_term_string\"}],\"inLanguage\":\"pl-PL\"},{\"@type\":\"Organization\",\"@id\":\"https:\/\/bobimarket.pl\/#organization\",\"name\":\"BOBIMARKET.pl\",\"url\":\"https:\/\/bobimarket.pl\/\",\"logo\":{\"@type\":\"ImageObject\",\"inLanguage\":\"pl-PL\",\"@id\":\"https:\/\/bobimarket.pl\/#\/schema\/logo\/image\/\",\"url\":\"https:\/\/bobimarket.pl\/wp-content\/uploads\/2021\/11\/slogan.png\",\"contentUrl\":\"https:\/\/bobimarket.pl\/wp-content\/uploads\/2021\/11\/slogan.png\",\"width\":2000,\"height\":384,\"caption\":\"BOBIMARKET.pl\"},\"image\":{\"@id\":\"https:\/\/bobimarket.pl\/#\/schema\/logo\/image\/\"}}]}<\/script>\n<!-- \/ Yoast SEO plugin. -->","yoast_head_json":{"title":"ZESTAW NARZ\u0118DZI OGRODOWYCH \u0141OPATKA WIDE\u0141KI 3 SZT - BOBIMARKET.pl - Remontuj i urz\u0105dzaj z nami","robots":{"index":"index","follow":"follow","max-snippet":"max-snippet:-1","max-image-preview":"max-image-preview:large","max-video-preview":"max-video-preview:-1"},"canonical":"https:\/\/bobimarket.pl\/index.php\/produkt\/zestaw-narzedzi-ogrodowych-lopatka-widelki-3-szt\/","og_locale":"pl_PL","og_type":"article","og_title":"ZESTAW NARZ\u0118DZI OGRODOWYCH \u0141OPATKA WIDE\u0141KI 3 SZT - BOBIMARKET.pl - Remontuj i urz\u0105dzaj z nami","og_description":"ZESTAW NARZ\u0118DZI OGRODOWYCH \u0141OPATKA WIDE\u0141KI 3 SZT Dane techniczne: Materia\u0142: tworzywo sztuczne Materia\u0142 cz\u0119\u015bci roboczej: poliamid Zestaw zawiera 3 elementy o r\u00f3\u017cnych parametrach technicznych: 1. \u0141opatka do sadzenia w\u0105ska: D\u0142ugo\u015b\u0107: 290 mm D\u0142ugo\u015b\u0107 cz\u0119\u015bci roboczej: 145 mm Szeroko\u015b\u0107 cz\u0119\u015bci roboczej: 60 mm 2. \u0141opatka do sadzenia szeroka: D\u0142ugo\u015b\u0107: 280 mm D\u0142ugo\u015b\u0107 cz\u0119\u015bci roboczej: 130 mm     Czytaj wi\u0119cej \"ZESTAW NARZ\u0118DZI OGRODOWYCH \u0141OPATKA WIDE\u0141KI 3 SZT\"","og_url":"https:\/\/bobimarket.pl\/index.php\/produkt\/zestaw-narzedzi-ogrodowych-lopatka-widelki-3-szt\/","og_site_name":"BOBIMARKET.pl - Remontuj i urz\u0105dzaj z nami","article_modified_time":"2025-02-27T13:55:35+00:00","og_image":[{"url":"https:\/\/upload.cdn.baselinker.com\/products\/14476\/550f5002893018216530ea3edf6431bf.jpg"}],"twitter_card":"summary_large_image","twitter_misc":{"Szacowany czas czytania":"1 minuta"},"schema":{"@context":"https:\/\/schema.org","@graph":[{"@type":"WebPage","@id":"https:\/\/bobimarket.pl\/index.php\/produkt\/zestaw-narzedzi-ogrodowych-lopatka-widelki-3-szt\/","url":"https:\/\/bobimarket.pl\/index.php\/produkt\/zestaw-narzedzi-ogrodowych-lopatka-widelki-3-szt\/","name":"ZESTAW NARZ\u0118DZI OGRODOWYCH \u0141OPATKA WIDE\u0141KI 3 SZT - BOBIMARKET.pl - Remontuj i urz\u0105dzaj z nami","isPartOf":{"@id":"https:\/\/bobimarket.pl\/#website"},"datePublished":"2023-08-29T18:24:50+00:00","dateModified":"2025-02-27T13:55:35+00:00","breadcrumb":{"@id":"https:\/\/bobimarket.pl\/index.php\/produkt\/zestaw-narzedzi-ogrodowych-lopatka-widelki-3-szt\/#breadcrumb"},"inLanguage":"pl-PL","potentialAction":[{"@type":"ReadAction","target":["https:\/\/bobimarket.pl\/index.php\/produkt\/zestaw-narzedzi-ogrodowych-lopatka-widelki-3-szt\/"]}]},{"@type":"BreadcrumbList","@id":"https:\/\/bobimarket.pl\/index.php\/produkt\/zestaw-narzedzi-ogrodowych-lopatka-widelki-3-szt\/#breadcrumb","itemListElement":[{"@type":"ListItem","position":1,"name":"Strona g\u0142\u00f3wna","item":"https:\/\/bobimarket.pl\/"},{"@type":"ListItem","position":2,"name":"Sklep","item":"https:\/\/bobimarket.pl\/index.php\/shop\/"},{"@type":"ListItem","position":3,"name":"ZESTAW NARZ\u0118DZI OGRODOWYCH \u0141OPATKA WIDE\u0141KI 3 SZT"}]},{"@type":"WebSite","@id":"https:\/\/bobimarket.pl\/#website","url":"https:\/\/bobimarket.pl\/","name":"BOBIMARKET.pl - Remontuj i urz\u0105dzaj z nami","description":"Remontuj i urz\u0105dzaj z nami","publisher":{"@id":"https:\/\/bobimarket.pl\/#organization"},"potentialAction":[{"@type":"SearchAction","target":{"@type":"EntryPoint","urlTemplate":"https:\/\/bobimarket.pl\/?s={search_term_string}"},"query-input":"required name=search_term_string"}],"inLanguage":"pl-PL"},{"@type":"Organization","@id":"https:\/\/bobimarket.pl\/#organization","name":"BOBIMARKET.pl","url":"https:\/\/bobimarket.pl\/","logo":{"@type":"ImageObject","inLanguage":"pl-PL","@id":"https:\/\/bobimarket.pl\/#\/schema\/logo\/image\/","url":"https:\/\/bobimarket.pl\/wp-content\/uploads\/2021\/11\/slogan.png","contentUrl":"https:\/\/bobimarket.pl\/wp-content\/uploads\/2021\/11\/slogan.png","width":2000,"height":384,"caption":"BOBIMARKET.pl"},"image":{"@id":"https:\/\/bobimarket.pl\/#\/schema\/logo\/image\/"}}]}},"_links":{"self":[{"href":"https:\/\/bobimarket.pl\/index.php\/wp-json\/wp\/v2\/product\/82697"}],"collection":[{"href":"https:\/\/bobimarket.pl\/index.php\/wp-json\/wp\/v2\/product"}],"about":[{"href":"https:\/\/bobimarket.pl\/index.php\/wp-json\/wp\/v2\/types\/product"}],"wp:featuredmedia":[{"embeddable":true,"href":"https:\/\/bobimarket.pl\/index.php\/wp-json\/wp\/v2\/media\/82696"}],"wp:attachment":[{"href":"https:\/\/bobimarket.pl\/index.php\/wp-json\/wp\/v2\/media?parent=82697"}],"wp:term":[{"taxonomy":"product_cat","embeddable":true,"href":"https:\/\/bobimarket.pl\/index.php\/wp-json\/wp\/v2\/product_cat?post=82697"},{"taxonomy":"product_tag","embeddable":true,"href":"https:\/\/bobimarket.pl\/index.php\/wp-json\/wp\/v2\/product_tag?post=82697"}],"curies":[{"name":"wp","href":"https:\/\/api.w.org\/{rel}","templated":true}]}}