{"id":82701,"date":"2023-08-29T18:25:07","date_gmt":"2023-08-29T18:25:07","guid":{"rendered":"https:\/\/bobimarket.pl\/index.php\/produkt\/prowadnica-do-weza-ogrodowego-narozna\/"},"modified":"2025-02-27T13:55:39","modified_gmt":"2025-02-27T13:55:39","slug":"prowadnica-do-weza-ogrodowego-narozna","status":"publish","type":"product","link":"https:\/\/bobimarket.pl\/index.php\/produkt\/prowadnica-do-weza-ogrodowego-narozna\/","title":{"rendered":"PROWADNICA DO W\u0118\u017bA OGRODOWEGO NARO\u017bNA"},"content":{"rendered":"<section class=\"section\">\n<div class=\"item item-6\">\n<section class=\"image-item\">\n            <img decoding=\"async\" src=\"https:\/\/upload.cdn.baselinker.com\/products\/14476\/8f2106d3fe07213fda3fba1da8b27e42.jpg\" \/><br \/>\n        <\/section>\n<\/p><\/div>\n<div class=\"item item-6\">\n<section class=\"text-item\">\n<h2>PROWADNICA DO W\u0118\u017bA OGRODOWEGO WBIJANA ROLKA<\/h2>\n<p><b>Dane techniczne:<\/b><\/p>\n<ul>\n<li>Mocowanie:<b> na wkr\u0119ty<\/b><\/li>\n<li>Wymiar:<b> 175 x 145 x 110 mm<\/b><\/li>\n<li>Typ:<b> naro\u017cna, zamkni\u0119ta<\/b><\/li>\n<li>Materia\u0142:<b> tworzywo<\/b><\/li>\n<\/ul>\n<\/section><\/div>\n<\/section>\n<section class=\"section\">\n<div class=\"item item-6\">\n<section class=\"image-item\">\n            <img decoding=\"async\" src=\"https:\/\/upload.cdn.baselinker.com\/products\/14476\/8f2106d3fe07213fda3fba1da8b27e42.jpg\" \/><br \/>\n        <\/section>\n<\/p><\/div>\n<div class=\"item item-6\">\n<section class=\"text-item\">\n<p><b>Proste i przydatne urz\u0105dzenie do Twojego ogrodu!<\/b><\/p>\n<p>Prowadnica do w\u0119\u017ca ogrodowego mocowana za pomoc\u0105 wkr\u0119t\u00f3w. Pasuj\u0119 do w\u0119\u017cy o maksymalnej \u015brednicy zewn\u0119trznej <b>48 mm<\/b>. Wyposa\u017cona w rolki, kt\u00f3re umo\u017cliwiaj\u0105 przesuwanie w\u0119\u017ca w dowolnie wybranym kierunku.<\/p>\n<ul>\n<li>Sprz\u0119t montowany jest za pomoc\u0105 wkr\u0119t\u00f3w. Dwa warianty otwor\u00f3w monta\u017cowych umo\u017cliwiaj\u0105 zamontowanie prowadnicy zar\u00f3wno<b> na naro\u017cnik jak i na p\u0142askiej powierzchni. <\/b><\/li>\n<\/ul>\n<p><b>\u2705<\/b><b> Zastosowanie:<\/b><\/p>\n<ul>\n<li>Prowadnica zapobiega pl\u0105tanie si\u0119 w\u0119\u017ca i umo\u017cliwia jego roz\u0142o\u017cenie bez zagi\u0119\u0107 i za\u0142ama\u0144.\u00a0<\/li>\n<li>Dodatkowo chroni przed przecieranie si\u0119 w\u0119\u017ca o \u015bciany budynk\u00f3w b\u0105d\u017a ogrodzenie.<\/li>\n<li>U\u0142atwia zwijanie w\u0119\u017ca.<\/li>\n<\/ul>\n<p><b>Idealne rozwi\u0105zanie do ka\u017cdego ogrodu!<\/b><\/p>\n<\/section><\/div>\n<\/section>\n","protected":false},"excerpt":{"rendered":"<p>PROWADNICA DO W\u0118\u017bA OGRODOWEGO WBIJANA ROLKA Dane techniczne: Mocowanie: na wkr\u0119ty Wymiar: 175 x 145 x 110 mm Typ: naro\u017cna, zamkni\u0119ta Materia\u0142: tworzywo Proste i przydatne urz\u0105dzenie do Twojego ogrodu! Prowadnica do w\u0119\u017ca ogrodowego mocowana za pomoc\u0105 wkr\u0119t\u00f3w. Pasuj\u0119 do w\u0119\u017cy o maksymalnej \u015brednicy zewn\u0119trznej 48 mm. Wyposa\u017cona w rolki, kt\u00f3re umo\u017cliwiaj\u0105 przesuwanie w\u0119\u017ca w<br \/><a class=\"more-link\" href=\"https:\/\/bobimarket.pl\/index.php\/produkt\/prowadnica-do-weza-ogrodowego-narozna\/\"><br \/>\n        Czytaj wi\u0119cej<span class=\"screen-reader-text\"> &#8222;PROWADNICA DO W\u0118\u017bA OGRODOWEGO NARO\u017bNA&#8221;<\/span><\/a><\/p>\n","protected":false},"featured_media":82698,"template":"","meta":[],"product_cat":[8230],"product_tag":[],"yoast_head":"<!-- This site is optimized with the Yoast SEO plugin v21.0 - https:\/\/yoast.com\/wordpress\/plugins\/seo\/ -->\n<title>PROWADNICA DO W\u0118\u017bA OGRODOWEGO NARO\u017bNA - BOBIMARKET.pl - Remontuj i urz\u0105dzaj z nami<\/title>\n<meta name=\"robots\" content=\"index, follow, max-snippet:-1, max-image-preview:large, max-video-preview:-1\" \/>\n<link rel=\"canonical\" href=\"https:\/\/bobimarket.pl\/index.php\/produkt\/prowadnica-do-weza-ogrodowego-narozna\/\" \/>\n<meta property=\"og:locale\" content=\"pl_PL\" \/>\n<meta property=\"og:type\" content=\"article\" \/>\n<meta property=\"og:title\" content=\"PROWADNICA DO W\u0118\u017bA OGRODOWEGO NARO\u017bNA - BOBIMARKET.pl - Remontuj i urz\u0105dzaj z nami\" \/>\n<meta property=\"og:description\" content=\"PROWADNICA DO W\u0118\u017bA OGRODOWEGO WBIJANA ROLKA Dane techniczne: Mocowanie: na wkr\u0119ty Wymiar: 175 x 145 x 110 mm Typ: naro\u017cna, zamkni\u0119ta Materia\u0142: tworzywo Proste i przydatne urz\u0105dzenie do Twojego ogrodu! Prowadnica do w\u0119\u017ca ogrodowego mocowana za pomoc\u0105 wkr\u0119t\u00f3w. Pasuj\u0119 do w\u0119\u017cy o maksymalnej \u015brednicy zewn\u0119trznej 48 mm. Wyposa\u017cona w rolki, kt\u00f3re umo\u017cliwiaj\u0105 przesuwanie w\u0119\u017ca w     Czytaj wi\u0119cej &quot;PROWADNICA DO W\u0118\u017bA OGRODOWEGO NARO\u017bNA&quot;\" \/>\n<meta property=\"og:url\" content=\"https:\/\/bobimarket.pl\/index.php\/produkt\/prowadnica-do-weza-ogrodowego-narozna\/\" \/>\n<meta property=\"og:site_name\" content=\"BOBIMARKET.pl - Remontuj i urz\u0105dzaj z nami\" \/>\n<meta property=\"article:modified_time\" content=\"2025-02-27T13:55:39+00:00\" \/>\n<meta property=\"og:image\" content=\"https:\/\/upload.cdn.baselinker.com\/products\/14476\/8f2106d3fe07213fda3fba1da8b27e42.jpg\" \/>\n<meta name=\"twitter:card\" content=\"summary_large_image\" \/>\n<meta name=\"twitter:label1\" content=\"Szacowany czas czytania\" \/>\n\t<meta name=\"twitter:data1\" content=\"1 minuta\" \/>\n<script type=\"application\/ld+json\" class=\"yoast-schema-graph\">{\"@context\":\"https:\/\/schema.org\",\"@graph\":[{\"@type\":\"WebPage\",\"@id\":\"https:\/\/bobimarket.pl\/index.php\/produkt\/prowadnica-do-weza-ogrodowego-narozna\/\",\"url\":\"https:\/\/bobimarket.pl\/index.php\/produkt\/prowadnica-do-weza-ogrodowego-narozna\/\",\"name\":\"PROWADNICA DO W\u0118\u017bA OGRODOWEGO NARO\u017bNA - BOBIMARKET.pl - Remontuj i urz\u0105dzaj z nami\",\"isPartOf\":{\"@id\":\"https:\/\/bobimarket.pl\/#website\"},\"datePublished\":\"2023-08-29T18:25:07+00:00\",\"dateModified\":\"2025-02-27T13:55:39+00:00\",\"breadcrumb\":{\"@id\":\"https:\/\/bobimarket.pl\/index.php\/produkt\/prowadnica-do-weza-ogrodowego-narozna\/#breadcrumb\"},\"inLanguage\":\"pl-PL\",\"potentialAction\":[{\"@type\":\"ReadAction\",\"target\":[\"https:\/\/bobimarket.pl\/index.php\/produkt\/prowadnica-do-weza-ogrodowego-narozna\/\"]}]},{\"@type\":\"BreadcrumbList\",\"@id\":\"https:\/\/bobimarket.pl\/index.php\/produkt\/prowadnica-do-weza-ogrodowego-narozna\/#breadcrumb\",\"itemListElement\":[{\"@type\":\"ListItem\",\"position\":1,\"name\":\"Strona g\u0142\u00f3wna\",\"item\":\"https:\/\/bobimarket.pl\/\"},{\"@type\":\"ListItem\",\"position\":2,\"name\":\"Sklep\",\"item\":\"https:\/\/bobimarket.pl\/index.php\/shop\/\"},{\"@type\":\"ListItem\",\"position\":3,\"name\":\"PROWADNICA DO W\u0118\u017bA OGRODOWEGO NARO\u017bNA\"}]},{\"@type\":\"WebSite\",\"@id\":\"https:\/\/bobimarket.pl\/#website\",\"url\":\"https:\/\/bobimarket.pl\/\",\"name\":\"BOBIMARKET.pl - Remontuj i urz\u0105dzaj z nami\",\"description\":\"Remontuj i urz\u0105dzaj z nami\",\"publisher\":{\"@id\":\"https:\/\/bobimarket.pl\/#organization\"},\"potentialAction\":[{\"@type\":\"SearchAction\",\"target\":{\"@type\":\"EntryPoint\",\"urlTemplate\":\"https:\/\/bobimarket.pl\/?s={search_term_string}\"},\"query-input\":\"required name=search_term_string\"}],\"inLanguage\":\"pl-PL\"},{\"@type\":\"Organization\",\"@id\":\"https:\/\/bobimarket.pl\/#organization\",\"name\":\"BOBIMARKET.pl\",\"url\":\"https:\/\/bobimarket.pl\/\",\"logo\":{\"@type\":\"ImageObject\",\"inLanguage\":\"pl-PL\",\"@id\":\"https:\/\/bobimarket.pl\/#\/schema\/logo\/image\/\",\"url\":\"https:\/\/bobimarket.pl\/wp-content\/uploads\/2021\/11\/slogan.png\",\"contentUrl\":\"https:\/\/bobimarket.pl\/wp-content\/uploads\/2021\/11\/slogan.png\",\"width\":2000,\"height\":384,\"caption\":\"BOBIMARKET.pl\"},\"image\":{\"@id\":\"https:\/\/bobimarket.pl\/#\/schema\/logo\/image\/\"}}]}<\/script>\n<!-- \/ Yoast SEO plugin. -->","yoast_head_json":{"title":"PROWADNICA DO W\u0118\u017bA OGRODOWEGO NARO\u017bNA - BOBIMARKET.pl - Remontuj i urz\u0105dzaj z nami","robots":{"index":"index","follow":"follow","max-snippet":"max-snippet:-1","max-image-preview":"max-image-preview:large","max-video-preview":"max-video-preview:-1"},"canonical":"https:\/\/bobimarket.pl\/index.php\/produkt\/prowadnica-do-weza-ogrodowego-narozna\/","og_locale":"pl_PL","og_type":"article","og_title":"PROWADNICA DO W\u0118\u017bA OGRODOWEGO NARO\u017bNA - BOBIMARKET.pl - Remontuj i urz\u0105dzaj z nami","og_description":"PROWADNICA DO W\u0118\u017bA OGRODOWEGO WBIJANA ROLKA Dane techniczne: Mocowanie: na wkr\u0119ty Wymiar: 175 x 145 x 110 mm Typ: naro\u017cna, zamkni\u0119ta Materia\u0142: tworzywo Proste i przydatne urz\u0105dzenie do Twojego ogrodu! Prowadnica do w\u0119\u017ca ogrodowego mocowana za pomoc\u0105 wkr\u0119t\u00f3w. Pasuj\u0119 do w\u0119\u017cy o maksymalnej \u015brednicy zewn\u0119trznej 48 mm. Wyposa\u017cona w rolki, kt\u00f3re umo\u017cliwiaj\u0105 przesuwanie w\u0119\u017ca w     Czytaj wi\u0119cej \"PROWADNICA DO W\u0118\u017bA OGRODOWEGO NARO\u017bNA\"","og_url":"https:\/\/bobimarket.pl\/index.php\/produkt\/prowadnica-do-weza-ogrodowego-narozna\/","og_site_name":"BOBIMARKET.pl - Remontuj i urz\u0105dzaj z nami","article_modified_time":"2025-02-27T13:55:39+00:00","og_image":[{"url":"https:\/\/upload.cdn.baselinker.com\/products\/14476\/8f2106d3fe07213fda3fba1da8b27e42.jpg"}],"twitter_card":"summary_large_image","twitter_misc":{"Szacowany czas czytania":"1 minuta"},"schema":{"@context":"https:\/\/schema.org","@graph":[{"@type":"WebPage","@id":"https:\/\/bobimarket.pl\/index.php\/produkt\/prowadnica-do-weza-ogrodowego-narozna\/","url":"https:\/\/bobimarket.pl\/index.php\/produkt\/prowadnica-do-weza-ogrodowego-narozna\/","name":"PROWADNICA DO W\u0118\u017bA OGRODOWEGO NARO\u017bNA - BOBIMARKET.pl - Remontuj i urz\u0105dzaj z nami","isPartOf":{"@id":"https:\/\/bobimarket.pl\/#website"},"datePublished":"2023-08-29T18:25:07+00:00","dateModified":"2025-02-27T13:55:39+00:00","breadcrumb":{"@id":"https:\/\/bobimarket.pl\/index.php\/produkt\/prowadnica-do-weza-ogrodowego-narozna\/#breadcrumb"},"inLanguage":"pl-PL","potentialAction":[{"@type":"ReadAction","target":["https:\/\/bobimarket.pl\/index.php\/produkt\/prowadnica-do-weza-ogrodowego-narozna\/"]}]},{"@type":"BreadcrumbList","@id":"https:\/\/bobimarket.pl\/index.php\/produkt\/prowadnica-do-weza-ogrodowego-narozna\/#breadcrumb","itemListElement":[{"@type":"ListItem","position":1,"name":"Strona g\u0142\u00f3wna","item":"https:\/\/bobimarket.pl\/"},{"@type":"ListItem","position":2,"name":"Sklep","item":"https:\/\/bobimarket.pl\/index.php\/shop\/"},{"@type":"ListItem","position":3,"name":"PROWADNICA DO W\u0118\u017bA OGRODOWEGO NARO\u017bNA"}]},{"@type":"WebSite","@id":"https:\/\/bobimarket.pl\/#website","url":"https:\/\/bobimarket.pl\/","name":"BOBIMARKET.pl - Remontuj i urz\u0105dzaj z nami","description":"Remontuj i urz\u0105dzaj z nami","publisher":{"@id":"https:\/\/bobimarket.pl\/#organization"},"potentialAction":[{"@type":"SearchAction","target":{"@type":"EntryPoint","urlTemplate":"https:\/\/bobimarket.pl\/?s={search_term_string}"},"query-input":"required name=search_term_string"}],"inLanguage":"pl-PL"},{"@type":"Organization","@id":"https:\/\/bobimarket.pl\/#organization","name":"BOBIMARKET.pl","url":"https:\/\/bobimarket.pl\/","logo":{"@type":"ImageObject","inLanguage":"pl-PL","@id":"https:\/\/bobimarket.pl\/#\/schema\/logo\/image\/","url":"https:\/\/bobimarket.pl\/wp-content\/uploads\/2021\/11\/slogan.png","contentUrl":"https:\/\/bobimarket.pl\/wp-content\/uploads\/2021\/11\/slogan.png","width":2000,"height":384,"caption":"BOBIMARKET.pl"},"image":{"@id":"https:\/\/bobimarket.pl\/#\/schema\/logo\/image\/"}}]}},"_links":{"self":[{"href":"https:\/\/bobimarket.pl\/index.php\/wp-json\/wp\/v2\/product\/82701"}],"collection":[{"href":"https:\/\/bobimarket.pl\/index.php\/wp-json\/wp\/v2\/product"}],"about":[{"href":"https:\/\/bobimarket.pl\/index.php\/wp-json\/wp\/v2\/types\/product"}],"wp:featuredmedia":[{"embeddable":true,"href":"https:\/\/bobimarket.pl\/index.php\/wp-json\/wp\/v2\/media\/82698"}],"wp:attachment":[{"href":"https:\/\/bobimarket.pl\/index.php\/wp-json\/wp\/v2\/media?parent=82701"}],"wp:term":[{"taxonomy":"product_cat","embeddable":true,"href":"https:\/\/bobimarket.pl\/index.php\/wp-json\/wp\/v2\/product_cat?post=82701"},{"taxonomy":"product_tag","embeddable":true,"href":"https:\/\/bobimarket.pl\/index.php\/wp-json\/wp\/v2\/product_tag?post=82701"}],"curies":[{"name":"wp","href":"https:\/\/api.w.org\/{rel}","templated":true}]}}