{"id":82737,"date":"2023-08-29T18:26:59","date_gmt":"2023-08-29T18:26:59","guid":{"rendered":"https:\/\/bobimarket.pl\/index.php\/produkt\/nasadka-klucz-magnetyczny-farmer-magnes-8-mm\/"},"modified":"2025-02-27T13:56:04","modified_gmt":"2025-02-27T13:56:04","slug":"nasadka-klucz-magnetyczny-farmer-magnes-8-mm","status":"publish","type":"product","link":"https:\/\/bobimarket.pl\/index.php\/produkt\/nasadka-klucz-magnetyczny-farmer-magnes-8-mm\/","title":{"rendered":"NASADKA KLUCZ MAGNETYCZNY FARMER MAGNES 8 mm"},"content":{"rendered":"<section class=\"section\">\n<div class=\"item item-6\">\n<section class=\"image-item\">\n            <img decoding=\"async\" src=\"https:\/\/upload.cdn.baselinker.com\/products\/14476\/93157ce098772080c0d59e65fd36a8db.jpg\" \/><br \/>\n        <\/section>\n<\/p><\/div>\n<div class=\"item item-6\">\n<section class=\"text-item\">\n<h2>NASADKA KLUCZ MAGNETYCZNY FARMER MAGNES 8 mm<\/h2>\n<p><b>Dane techniczne:<\/b><\/p>\n<ul>\n<li>Rozmiar: <b>8 mm<\/b><\/li>\n<li>Materia\u0142: <b>stal Cr-V<\/b> (stal chromowo-wanadowa)<\/li>\n<li>Typ mocowanie: <b>Hex<\/b><\/li>\n<\/ul>\n<\/section><\/div>\n<\/section>\n<section class=\"section\">\n<div class=\"item item-6\">\n<section class=\"image-item\">\n            <img decoding=\"async\" src=\"https:\/\/upload.cdn.baselinker.com\/products\/14476\/e7766375557fa0f317fd91bd540d6c4b.jpg\" \/><br \/>\n        <\/section>\n<\/p><\/div>\n<div class=\"item item-6\">\n<section class=\"text-item\">\n<p><b>Niezast\u0105piony element wyposa\u017cenia Twojej skrzynki narz\u0119dziowej!<\/b><\/p>\n<p>Nasadka z <b>magnesem typ &#8222;Farmer&#8221;<\/b>. Wykonana ze stali chromo-wanadowej, kt\u00f3ra charakteryzuje si\u0119 du\u017c\u0105 odporno\u015bci\u0105 na \u015bcieranie. Mocno <b>namagnesowane gniazdo<\/b> nasadeki sprawia, \u017ce jest niezawodnym narz\u0119dziem.\u00a0<\/p>\n<p>\u2705<b> Zastosowanie:<\/b><\/p>\n<p>Nasadka przeznaczona <b>do wkr\u0119t\u00f3w typu farmer<\/b>. Wkr\u0119ty te s\u0105 przeznaczone do mocowania blach profilowanych do pod\u0142o\u017cy stalowych.\u00a0<\/p>\n<\/section><\/div>\n<\/section>\n<section class=\"section\">\n<div class=\"item item-6\">\n<section class=\"image-item\">\n            <img decoding=\"async\" src=\"https:\/\/upload.cdn.baselinker.com\/products\/14476\/a80c74f7865a95cb29639a8fddd8eed5.jpg\" \/><br \/>\n        <\/section>\n<\/p><\/div>\n<div class=\"item item-6\">\n<section class=\"image-item\">\n            <img decoding=\"async\" src=\"https:\/\/upload.cdn.baselinker.com\/products\/14476\/b1f851302869a28748caa2cf1772bebc.jpg\" \/><br \/>\n        <\/section>\n<\/p><\/div>\n<\/section>\n<section class=\"section\">\n<div class=\"item item-12\">\n<section class=\"image-item\">\n            <img decoding=\"async\" src=\"https:\/\/upload.cdn.baselinker.com\/products\/14476\/a6f8f8293f354715d1114264baabe424.jpg\" \/><br \/>\n        <\/section>\n<\/p><\/div>\n<\/section>\n","protected":false},"excerpt":{"rendered":"<p>NASADKA KLUCZ MAGNETYCZNY FARMER MAGNES 8 mm Dane techniczne: Rozmiar: 8 mm Materia\u0142: stal Cr-V (stal chromowo-wanadowa) Typ mocowanie: Hex Niezast\u0105piony element wyposa\u017cenia Twojej skrzynki narz\u0119dziowej! Nasadka z magnesem typ &#8222;Farmer&#8221;. Wykonana ze stali chromo-wanadowej, kt\u00f3ra charakteryzuje si\u0119 du\u017c\u0105 odporno\u015bci\u0105 na \u015bcieranie. Mocno namagnesowane gniazdo nasadeki sprawia, \u017ce jest niezawodnym narz\u0119dziem.\u00a0 \u2705 Zastosowanie: Nasadka przeznaczona<br \/><a class=\"more-link\" href=\"https:\/\/bobimarket.pl\/index.php\/produkt\/nasadka-klucz-magnetyczny-farmer-magnes-8-mm\/\"><br \/>\n        Czytaj wi\u0119cej<span class=\"screen-reader-text\"> &#8222;NASADKA KLUCZ MAGNETYCZNY FARMER MAGNES 8 mm&#8221;<\/span><\/a><\/p>\n","protected":false},"featured_media":82731,"template":"","meta":[],"product_cat":[8054],"product_tag":[],"yoast_head":"<!-- This site is optimized with the Yoast SEO plugin v21.0 - https:\/\/yoast.com\/wordpress\/plugins\/seo\/ -->\n<title>NASADKA KLUCZ MAGNETYCZNY FARMER MAGNES 8 mm - BOBIMARKET.pl - Remontuj i urz\u0105dzaj z nami<\/title>\n<meta name=\"robots\" content=\"index, follow, max-snippet:-1, max-image-preview:large, max-video-preview:-1\" \/>\n<link rel=\"canonical\" href=\"https:\/\/bobimarket.pl\/index.php\/produkt\/nasadka-klucz-magnetyczny-farmer-magnes-8-mm\/\" \/>\n<meta property=\"og:locale\" content=\"pl_PL\" \/>\n<meta property=\"og:type\" content=\"article\" \/>\n<meta property=\"og:title\" content=\"NASADKA KLUCZ MAGNETYCZNY FARMER MAGNES 8 mm - BOBIMARKET.pl - Remontuj i urz\u0105dzaj z nami\" \/>\n<meta property=\"og:description\" content=\"NASADKA KLUCZ MAGNETYCZNY FARMER MAGNES 8 mm Dane techniczne: Rozmiar: 8 mm Materia\u0142: stal Cr-V (stal chromowo-wanadowa) Typ mocowanie: Hex Niezast\u0105piony element wyposa\u017cenia Twojej skrzynki narz\u0119dziowej! Nasadka z magnesem typ &#8222;Farmer&#8221;. Wykonana ze stali chromo-wanadowej, kt\u00f3ra charakteryzuje si\u0119 du\u017c\u0105 odporno\u015bci\u0105 na \u015bcieranie. Mocno namagnesowane gniazdo nasadeki sprawia, \u017ce jest niezawodnym narz\u0119dziem.\u00a0 \u2705 Zastosowanie: Nasadka przeznaczona     Czytaj wi\u0119cej &quot;NASADKA KLUCZ MAGNETYCZNY FARMER MAGNES 8 mm&quot;\" \/>\n<meta property=\"og:url\" content=\"https:\/\/bobimarket.pl\/index.php\/produkt\/nasadka-klucz-magnetyczny-farmer-magnes-8-mm\/\" \/>\n<meta property=\"og:site_name\" content=\"BOBIMARKET.pl - Remontuj i urz\u0105dzaj z nami\" \/>\n<meta property=\"article:modified_time\" content=\"2025-02-27T13:56:04+00:00\" \/>\n<meta property=\"og:image\" content=\"https:\/\/upload.cdn.baselinker.com\/products\/14476\/93157ce098772080c0d59e65fd36a8db.jpg\" \/>\n<meta name=\"twitter:card\" content=\"summary_large_image\" \/>\n<script type=\"application\/ld+json\" class=\"yoast-schema-graph\">{\"@context\":\"https:\/\/schema.org\",\"@graph\":[{\"@type\":\"WebPage\",\"@id\":\"https:\/\/bobimarket.pl\/index.php\/produkt\/nasadka-klucz-magnetyczny-farmer-magnes-8-mm\/\",\"url\":\"https:\/\/bobimarket.pl\/index.php\/produkt\/nasadka-klucz-magnetyczny-farmer-magnes-8-mm\/\",\"name\":\"NASADKA KLUCZ MAGNETYCZNY FARMER MAGNES 8 mm - BOBIMARKET.pl - Remontuj i urz\u0105dzaj z nami\",\"isPartOf\":{\"@id\":\"https:\/\/bobimarket.pl\/#website\"},\"datePublished\":\"2023-08-29T18:26:59+00:00\",\"dateModified\":\"2025-02-27T13:56:04+00:00\",\"breadcrumb\":{\"@id\":\"https:\/\/bobimarket.pl\/index.php\/produkt\/nasadka-klucz-magnetyczny-farmer-magnes-8-mm\/#breadcrumb\"},\"inLanguage\":\"pl-PL\",\"potentialAction\":[{\"@type\":\"ReadAction\",\"target\":[\"https:\/\/bobimarket.pl\/index.php\/produkt\/nasadka-klucz-magnetyczny-farmer-magnes-8-mm\/\"]}]},{\"@type\":\"BreadcrumbList\",\"@id\":\"https:\/\/bobimarket.pl\/index.php\/produkt\/nasadka-klucz-magnetyczny-farmer-magnes-8-mm\/#breadcrumb\",\"itemListElement\":[{\"@type\":\"ListItem\",\"position\":1,\"name\":\"Strona g\u0142\u00f3wna\",\"item\":\"https:\/\/bobimarket.pl\/\"},{\"@type\":\"ListItem\",\"position\":2,\"name\":\"Sklep\",\"item\":\"https:\/\/bobimarket.pl\/index.php\/shop\/\"},{\"@type\":\"ListItem\",\"position\":3,\"name\":\"NASADKA KLUCZ MAGNETYCZNY FARMER MAGNES 8 mm\"}]},{\"@type\":\"WebSite\",\"@id\":\"https:\/\/bobimarket.pl\/#website\",\"url\":\"https:\/\/bobimarket.pl\/\",\"name\":\"BOBIMARKET.pl - Remontuj i urz\u0105dzaj z nami\",\"description\":\"Remontuj i urz\u0105dzaj z nami\",\"publisher\":{\"@id\":\"https:\/\/bobimarket.pl\/#organization\"},\"potentialAction\":[{\"@type\":\"SearchAction\",\"target\":{\"@type\":\"EntryPoint\",\"urlTemplate\":\"https:\/\/bobimarket.pl\/?s={search_term_string}\"},\"query-input\":\"required name=search_term_string\"}],\"inLanguage\":\"pl-PL\"},{\"@type\":\"Organization\",\"@id\":\"https:\/\/bobimarket.pl\/#organization\",\"name\":\"BOBIMARKET.pl\",\"url\":\"https:\/\/bobimarket.pl\/\",\"logo\":{\"@type\":\"ImageObject\",\"inLanguage\":\"pl-PL\",\"@id\":\"https:\/\/bobimarket.pl\/#\/schema\/logo\/image\/\",\"url\":\"https:\/\/bobimarket.pl\/wp-content\/uploads\/2021\/11\/slogan.png\",\"contentUrl\":\"https:\/\/bobimarket.pl\/wp-content\/uploads\/2021\/11\/slogan.png\",\"width\":2000,\"height\":384,\"caption\":\"BOBIMARKET.pl\"},\"image\":{\"@id\":\"https:\/\/bobimarket.pl\/#\/schema\/logo\/image\/\"}}]}<\/script>\n<!-- \/ Yoast SEO plugin. -->","yoast_head_json":{"title":"NASADKA KLUCZ MAGNETYCZNY FARMER MAGNES 8 mm - BOBIMARKET.pl - Remontuj i urz\u0105dzaj z nami","robots":{"index":"index","follow":"follow","max-snippet":"max-snippet:-1","max-image-preview":"max-image-preview:large","max-video-preview":"max-video-preview:-1"},"canonical":"https:\/\/bobimarket.pl\/index.php\/produkt\/nasadka-klucz-magnetyczny-farmer-magnes-8-mm\/","og_locale":"pl_PL","og_type":"article","og_title":"NASADKA KLUCZ MAGNETYCZNY FARMER MAGNES 8 mm - BOBIMARKET.pl - Remontuj i urz\u0105dzaj z nami","og_description":"NASADKA KLUCZ MAGNETYCZNY FARMER MAGNES 8 mm Dane techniczne: Rozmiar: 8 mm Materia\u0142: stal Cr-V (stal chromowo-wanadowa) Typ mocowanie: Hex Niezast\u0105piony element wyposa\u017cenia Twojej skrzynki narz\u0119dziowej! Nasadka z magnesem typ &#8222;Farmer&#8221;. Wykonana ze stali chromo-wanadowej, kt\u00f3ra charakteryzuje si\u0119 du\u017c\u0105 odporno\u015bci\u0105 na \u015bcieranie. Mocno namagnesowane gniazdo nasadeki sprawia, \u017ce jest niezawodnym narz\u0119dziem.\u00a0 \u2705 Zastosowanie: Nasadka przeznaczona     Czytaj wi\u0119cej \"NASADKA KLUCZ MAGNETYCZNY FARMER MAGNES 8 mm\"","og_url":"https:\/\/bobimarket.pl\/index.php\/produkt\/nasadka-klucz-magnetyczny-farmer-magnes-8-mm\/","og_site_name":"BOBIMARKET.pl - Remontuj i urz\u0105dzaj z nami","article_modified_time":"2025-02-27T13:56:04+00:00","og_image":[{"url":"https:\/\/upload.cdn.baselinker.com\/products\/14476\/93157ce098772080c0d59e65fd36a8db.jpg"}],"twitter_card":"summary_large_image","schema":{"@context":"https:\/\/schema.org","@graph":[{"@type":"WebPage","@id":"https:\/\/bobimarket.pl\/index.php\/produkt\/nasadka-klucz-magnetyczny-farmer-magnes-8-mm\/","url":"https:\/\/bobimarket.pl\/index.php\/produkt\/nasadka-klucz-magnetyczny-farmer-magnes-8-mm\/","name":"NASADKA KLUCZ MAGNETYCZNY FARMER MAGNES 8 mm - BOBIMARKET.pl - Remontuj i urz\u0105dzaj z nami","isPartOf":{"@id":"https:\/\/bobimarket.pl\/#website"},"datePublished":"2023-08-29T18:26:59+00:00","dateModified":"2025-02-27T13:56:04+00:00","breadcrumb":{"@id":"https:\/\/bobimarket.pl\/index.php\/produkt\/nasadka-klucz-magnetyczny-farmer-magnes-8-mm\/#breadcrumb"},"inLanguage":"pl-PL","potentialAction":[{"@type":"ReadAction","target":["https:\/\/bobimarket.pl\/index.php\/produkt\/nasadka-klucz-magnetyczny-farmer-magnes-8-mm\/"]}]},{"@type":"BreadcrumbList","@id":"https:\/\/bobimarket.pl\/index.php\/produkt\/nasadka-klucz-magnetyczny-farmer-magnes-8-mm\/#breadcrumb","itemListElement":[{"@type":"ListItem","position":1,"name":"Strona g\u0142\u00f3wna","item":"https:\/\/bobimarket.pl\/"},{"@type":"ListItem","position":2,"name":"Sklep","item":"https:\/\/bobimarket.pl\/index.php\/shop\/"},{"@type":"ListItem","position":3,"name":"NASADKA KLUCZ MAGNETYCZNY FARMER MAGNES 8 mm"}]},{"@type":"WebSite","@id":"https:\/\/bobimarket.pl\/#website","url":"https:\/\/bobimarket.pl\/","name":"BOBIMARKET.pl - Remontuj i urz\u0105dzaj z nami","description":"Remontuj i urz\u0105dzaj z nami","publisher":{"@id":"https:\/\/bobimarket.pl\/#organization"},"potentialAction":[{"@type":"SearchAction","target":{"@type":"EntryPoint","urlTemplate":"https:\/\/bobimarket.pl\/?s={search_term_string}"},"query-input":"required name=search_term_string"}],"inLanguage":"pl-PL"},{"@type":"Organization","@id":"https:\/\/bobimarket.pl\/#organization","name":"BOBIMARKET.pl","url":"https:\/\/bobimarket.pl\/","logo":{"@type":"ImageObject","inLanguage":"pl-PL","@id":"https:\/\/bobimarket.pl\/#\/schema\/logo\/image\/","url":"https:\/\/bobimarket.pl\/wp-content\/uploads\/2021\/11\/slogan.png","contentUrl":"https:\/\/bobimarket.pl\/wp-content\/uploads\/2021\/11\/slogan.png","width":2000,"height":384,"caption":"BOBIMARKET.pl"},"image":{"@id":"https:\/\/bobimarket.pl\/#\/schema\/logo\/image\/"}}]}},"_links":{"self":[{"href":"https:\/\/bobimarket.pl\/index.php\/wp-json\/wp\/v2\/product\/82737"}],"collection":[{"href":"https:\/\/bobimarket.pl\/index.php\/wp-json\/wp\/v2\/product"}],"about":[{"href":"https:\/\/bobimarket.pl\/index.php\/wp-json\/wp\/v2\/types\/product"}],"wp:featuredmedia":[{"embeddable":true,"href":"https:\/\/bobimarket.pl\/index.php\/wp-json\/wp\/v2\/media\/82731"}],"wp:attachment":[{"href":"https:\/\/bobimarket.pl\/index.php\/wp-json\/wp\/v2\/media?parent=82737"}],"wp:term":[{"taxonomy":"product_cat","embeddable":true,"href":"https:\/\/bobimarket.pl\/index.php\/wp-json\/wp\/v2\/product_cat?post=82737"},{"taxonomy":"product_tag","embeddable":true,"href":"https:\/\/bobimarket.pl\/index.php\/wp-json\/wp\/v2\/product_tag?post=82737"}],"curies":[{"name":"wp","href":"https:\/\/api.w.org\/{rel}","templated":true}]}}