{"id":83067,"date":"2023-08-29T18:55:14","date_gmt":"2023-08-29T18:55:14","guid":{"rendered":"https:\/\/bobimarket.pl\/index.php\/produkt\/tarcza-do-betonu-ciecia-kamienia-korundowa-230x19\/"},"modified":"2025-02-27T14:00:19","modified_gmt":"2025-02-27T14:00:19","slug":"tarcza-do-betonu-ciecia-kamienia-korundowa-230x19","status":"publish","type":"product","link":"https:\/\/bobimarket.pl\/index.php\/produkt\/tarcza-do-betonu-ciecia-kamienia-korundowa-230x19\/","title":{"rendered":"TARCZA DO BETONU CI\u0118CIA KAMIENIA KORUNDOWA 230&#215;1,9"},"content":{"rendered":"<section class=\"section\">\n<div class=\"item item-6\">\n<section class=\"image-item\">\n                <img decoding=\"async\" src=\"https:\/\/upload.cdn.baselinker.com\/products\/14476\/2ffc4d1a16479a37b8d5918e1229fb69.jpg\" \/><br \/>\n            <\/section>\n<\/p><\/div>\n<div class=\"item item-6\">\n<section class=\"text-item\">\n<h2>TARCZA DO BETONU CI\u0118CIA KAMIENIA KORUNDOWA 230&#215;1,9 mm<\/h2>\n<p><b>Dane techniczne:<\/b><\/p>\n<ul>\n<li>\u015arednica tarczy: <b>230 mm<\/b><\/li>\n<li>Grubo\u015b\u0107 tarczy:<b> 1,9 mm<\/b><\/li>\n<li>\u015arednica otworu mocuj\u0105cego:<b> 22,2 mm<\/b><\/li>\n<li>Materia\u0142: kruszywo korundowe<\/li>\n<\/ul>\n<\/section><\/div>\n<\/section>\n<section class=\"section\">\n<div class=\"item item-6\">\n<section class=\"image-item\">\n                <img decoding=\"async\" src=\"https:\/\/upload.cdn.baselinker.com\/products\/14476\/19c83988360f69b467f60661ada9e8b8.jpg\" \/><br \/>\n            <\/section>\n<\/p><\/div>\n<div class=\"item item-6\">\n<section class=\"text-item\">\n<p>Wytrzyma\u0142a tarcza do ci\u0119cia betonu i materia\u0142\u00f3w podobnych. Narz\u0119dzie zapewnia szybk\u0105 i \u0142atw\u0105 prac\u0119. Gwarantuje wydajne ci\u0119cie przy niskim zu\u017cyciu energii, dzi\u0119ki redukcji grubo\u015bci tarczy<\/p>\n<ul>\n<li>B\u0119dzie pasowa\u0107 do wi\u0119kszo\u015bci dost\u0119pnych na rynku szlifierek k\u0105towych wszystkich producent\u00f3w.<\/li>\n<li>Tarcza posiada <b>certyfikat bezpiecze\u0144stwa OSA.<\/b><\/li>\n<\/ul>\n<p><b>\u2705 Zastosowanie:<\/b><\/p>\n<p>Przeznaczona do ci\u0119cia r\u00f3\u017cnego rodzaju:<\/p>\n<ul>\n<li>betonu,<\/li>\n<li>kamienia,<\/li>\n<li>cegie\u0142,<\/li>\n<li>p\u0142yt cementowych.<\/li>\n<\/ul>\n<\/section><\/div>\n<\/section>\n<section class=\"section\">\n<div class=\"item item-12\">\n<section class=\"image-item\">\n                <img decoding=\"async\" src=\"https:\/\/upload.cdn.baselinker.com\/products\/14476\/2ffc4d1a16479a37b8d5918e1229fb69.jpg\" \/><br \/>\n            <\/section>\n<\/p><\/div>\n<\/section>\n","protected":false},"excerpt":{"rendered":"<p>TARCZA DO BETONU CI\u0118CIA KAMIENIA KORUNDOWA 230&#215;1,9 mm Dane techniczne: \u015arednica tarczy: 230 mm Grubo\u015b\u0107 tarczy: 1,9 mm \u015arednica otworu mocuj\u0105cego: 22,2 mm Materia\u0142: kruszywo korundowe Wytrzyma\u0142a tarcza do ci\u0119cia betonu i materia\u0142\u00f3w podobnych. Narz\u0119dzie zapewnia szybk\u0105 i \u0142atw\u0105 prac\u0119. Gwarantuje wydajne ci\u0119cie przy niskim zu\u017cyciu energii, dzi\u0119ki redukcji grubo\u015bci tarczy B\u0119dzie pasowa\u0107 do wi\u0119kszo\u015bci<br \/><a class=\"more-link\" href=\"https:\/\/bobimarket.pl\/index.php\/produkt\/tarcza-do-betonu-ciecia-kamienia-korundowa-230x19\/\"><br \/>\n        Czytaj wi\u0119cej<span class=\"screen-reader-text\"> &#8222;TARCZA DO BETONU CI\u0118CIA KAMIENIA KORUNDOWA 230&#215;1,9&#8221;<\/span><\/a><\/p>\n","protected":false},"featured_media":83064,"template":"","meta":[],"product_cat":[8111],"product_tag":[],"yoast_head":"<!-- This site is optimized with the Yoast SEO plugin v21.0 - https:\/\/yoast.com\/wordpress\/plugins\/seo\/ -->\n<title>TARCZA DO BETONU CI\u0118CIA KAMIENIA KORUNDOWA 230x1,9 - BOBIMARKET.pl - Remontuj i urz\u0105dzaj z nami<\/title>\n<meta name=\"robots\" content=\"index, follow, max-snippet:-1, max-image-preview:large, max-video-preview:-1\" \/>\n<link rel=\"canonical\" href=\"https:\/\/bobimarket.pl\/index.php\/produkt\/tarcza-do-betonu-ciecia-kamienia-korundowa-230x19\/\" \/>\n<meta property=\"og:locale\" content=\"pl_PL\" \/>\n<meta property=\"og:type\" content=\"article\" \/>\n<meta property=\"og:title\" content=\"TARCZA DO BETONU CI\u0118CIA KAMIENIA KORUNDOWA 230x1,9 - BOBIMARKET.pl - Remontuj i urz\u0105dzaj z nami\" \/>\n<meta property=\"og:description\" content=\"TARCZA DO BETONU CI\u0118CIA KAMIENIA KORUNDOWA 230&#215;1,9 mm Dane techniczne: \u015arednica tarczy: 230 mm Grubo\u015b\u0107 tarczy: 1,9 mm \u015arednica otworu mocuj\u0105cego: 22,2 mm Materia\u0142: kruszywo korundowe Wytrzyma\u0142a tarcza do ci\u0119cia betonu i materia\u0142\u00f3w podobnych. Narz\u0119dzie zapewnia szybk\u0105 i \u0142atw\u0105 prac\u0119. Gwarantuje wydajne ci\u0119cie przy niskim zu\u017cyciu energii, dzi\u0119ki redukcji grubo\u015bci tarczy B\u0119dzie pasowa\u0107 do wi\u0119kszo\u015bci     Czytaj wi\u0119cej &quot;TARCZA DO BETONU CI\u0118CIA KAMIENIA KORUNDOWA 230&#215;1,9&quot;\" \/>\n<meta property=\"og:url\" content=\"https:\/\/bobimarket.pl\/index.php\/produkt\/tarcza-do-betonu-ciecia-kamienia-korundowa-230x19\/\" \/>\n<meta property=\"og:site_name\" content=\"BOBIMARKET.pl - Remontuj i urz\u0105dzaj z nami\" \/>\n<meta property=\"article:modified_time\" content=\"2025-02-27T14:00:19+00:00\" \/>\n<meta property=\"og:image\" content=\"https:\/\/upload.cdn.baselinker.com\/products\/14476\/2ffc4d1a16479a37b8d5918e1229fb69.jpg\" \/>\n<meta name=\"twitter:card\" content=\"summary_large_image\" \/>\n<script type=\"application\/ld+json\" class=\"yoast-schema-graph\">{\"@context\":\"https:\/\/schema.org\",\"@graph\":[{\"@type\":\"WebPage\",\"@id\":\"https:\/\/bobimarket.pl\/index.php\/produkt\/tarcza-do-betonu-ciecia-kamienia-korundowa-230x19\/\",\"url\":\"https:\/\/bobimarket.pl\/index.php\/produkt\/tarcza-do-betonu-ciecia-kamienia-korundowa-230x19\/\",\"name\":\"TARCZA DO BETONU CI\u0118CIA KAMIENIA KORUNDOWA 230x1,9 - BOBIMARKET.pl - Remontuj i urz\u0105dzaj z nami\",\"isPartOf\":{\"@id\":\"https:\/\/bobimarket.pl\/#website\"},\"datePublished\":\"2023-08-29T18:55:14+00:00\",\"dateModified\":\"2025-02-27T14:00:19+00:00\",\"breadcrumb\":{\"@id\":\"https:\/\/bobimarket.pl\/index.php\/produkt\/tarcza-do-betonu-ciecia-kamienia-korundowa-230x19\/#breadcrumb\"},\"inLanguage\":\"pl-PL\",\"potentialAction\":[{\"@type\":\"ReadAction\",\"target\":[\"https:\/\/bobimarket.pl\/index.php\/produkt\/tarcza-do-betonu-ciecia-kamienia-korundowa-230x19\/\"]}]},{\"@type\":\"BreadcrumbList\",\"@id\":\"https:\/\/bobimarket.pl\/index.php\/produkt\/tarcza-do-betonu-ciecia-kamienia-korundowa-230x19\/#breadcrumb\",\"itemListElement\":[{\"@type\":\"ListItem\",\"position\":1,\"name\":\"Strona g\u0142\u00f3wna\",\"item\":\"https:\/\/bobimarket.pl\/\"},{\"@type\":\"ListItem\",\"position\":2,\"name\":\"Sklep\",\"item\":\"https:\/\/bobimarket.pl\/index.php\/shop\/\"},{\"@type\":\"ListItem\",\"position\":3,\"name\":\"TARCZA DO BETONU CI\u0118CIA KAMIENIA KORUNDOWA 230&#215;1,9\"}]},{\"@type\":\"WebSite\",\"@id\":\"https:\/\/bobimarket.pl\/#website\",\"url\":\"https:\/\/bobimarket.pl\/\",\"name\":\"BOBIMARKET.pl - Remontuj i urz\u0105dzaj z nami\",\"description\":\"Remontuj i urz\u0105dzaj z nami\",\"publisher\":{\"@id\":\"https:\/\/bobimarket.pl\/#organization\"},\"potentialAction\":[{\"@type\":\"SearchAction\",\"target\":{\"@type\":\"EntryPoint\",\"urlTemplate\":\"https:\/\/bobimarket.pl\/?s={search_term_string}\"},\"query-input\":\"required name=search_term_string\"}],\"inLanguage\":\"pl-PL\"},{\"@type\":\"Organization\",\"@id\":\"https:\/\/bobimarket.pl\/#organization\",\"name\":\"BOBIMARKET.pl\",\"url\":\"https:\/\/bobimarket.pl\/\",\"logo\":{\"@type\":\"ImageObject\",\"inLanguage\":\"pl-PL\",\"@id\":\"https:\/\/bobimarket.pl\/#\/schema\/logo\/image\/\",\"url\":\"https:\/\/bobimarket.pl\/wp-content\/uploads\/2021\/11\/slogan.png\",\"contentUrl\":\"https:\/\/bobimarket.pl\/wp-content\/uploads\/2021\/11\/slogan.png\",\"width\":2000,\"height\":384,\"caption\":\"BOBIMARKET.pl\"},\"image\":{\"@id\":\"https:\/\/bobimarket.pl\/#\/schema\/logo\/image\/\"}}]}<\/script>\n<!-- \/ Yoast SEO plugin. -->","yoast_head_json":{"title":"TARCZA DO BETONU CI\u0118CIA KAMIENIA KORUNDOWA 230x1,9 - BOBIMARKET.pl - Remontuj i urz\u0105dzaj z nami","robots":{"index":"index","follow":"follow","max-snippet":"max-snippet:-1","max-image-preview":"max-image-preview:large","max-video-preview":"max-video-preview:-1"},"canonical":"https:\/\/bobimarket.pl\/index.php\/produkt\/tarcza-do-betonu-ciecia-kamienia-korundowa-230x19\/","og_locale":"pl_PL","og_type":"article","og_title":"TARCZA DO BETONU CI\u0118CIA KAMIENIA KORUNDOWA 230x1,9 - BOBIMARKET.pl - Remontuj i urz\u0105dzaj z nami","og_description":"TARCZA DO BETONU CI\u0118CIA KAMIENIA KORUNDOWA 230&#215;1,9 mm Dane techniczne: \u015arednica tarczy: 230 mm Grubo\u015b\u0107 tarczy: 1,9 mm \u015arednica otworu mocuj\u0105cego: 22,2 mm Materia\u0142: kruszywo korundowe Wytrzyma\u0142a tarcza do ci\u0119cia betonu i materia\u0142\u00f3w podobnych. Narz\u0119dzie zapewnia szybk\u0105 i \u0142atw\u0105 prac\u0119. Gwarantuje wydajne ci\u0119cie przy niskim zu\u017cyciu energii, dzi\u0119ki redukcji grubo\u015bci tarczy B\u0119dzie pasowa\u0107 do wi\u0119kszo\u015bci     Czytaj wi\u0119cej \"TARCZA DO BETONU CI\u0118CIA KAMIENIA KORUNDOWA 230&#215;1,9\"","og_url":"https:\/\/bobimarket.pl\/index.php\/produkt\/tarcza-do-betonu-ciecia-kamienia-korundowa-230x19\/","og_site_name":"BOBIMARKET.pl - Remontuj i urz\u0105dzaj z nami","article_modified_time":"2025-02-27T14:00:19+00:00","og_image":[{"url":"https:\/\/upload.cdn.baselinker.com\/products\/14476\/2ffc4d1a16479a37b8d5918e1229fb69.jpg"}],"twitter_card":"summary_large_image","schema":{"@context":"https:\/\/schema.org","@graph":[{"@type":"WebPage","@id":"https:\/\/bobimarket.pl\/index.php\/produkt\/tarcza-do-betonu-ciecia-kamienia-korundowa-230x19\/","url":"https:\/\/bobimarket.pl\/index.php\/produkt\/tarcza-do-betonu-ciecia-kamienia-korundowa-230x19\/","name":"TARCZA DO BETONU CI\u0118CIA KAMIENIA KORUNDOWA 230x1,9 - BOBIMARKET.pl - Remontuj i urz\u0105dzaj z nami","isPartOf":{"@id":"https:\/\/bobimarket.pl\/#website"},"datePublished":"2023-08-29T18:55:14+00:00","dateModified":"2025-02-27T14:00:19+00:00","breadcrumb":{"@id":"https:\/\/bobimarket.pl\/index.php\/produkt\/tarcza-do-betonu-ciecia-kamienia-korundowa-230x19\/#breadcrumb"},"inLanguage":"pl-PL","potentialAction":[{"@type":"ReadAction","target":["https:\/\/bobimarket.pl\/index.php\/produkt\/tarcza-do-betonu-ciecia-kamienia-korundowa-230x19\/"]}]},{"@type":"BreadcrumbList","@id":"https:\/\/bobimarket.pl\/index.php\/produkt\/tarcza-do-betonu-ciecia-kamienia-korundowa-230x19\/#breadcrumb","itemListElement":[{"@type":"ListItem","position":1,"name":"Strona g\u0142\u00f3wna","item":"https:\/\/bobimarket.pl\/"},{"@type":"ListItem","position":2,"name":"Sklep","item":"https:\/\/bobimarket.pl\/index.php\/shop\/"},{"@type":"ListItem","position":3,"name":"TARCZA DO BETONU CI\u0118CIA KAMIENIA KORUNDOWA 230&#215;1,9"}]},{"@type":"WebSite","@id":"https:\/\/bobimarket.pl\/#website","url":"https:\/\/bobimarket.pl\/","name":"BOBIMARKET.pl - Remontuj i urz\u0105dzaj z nami","description":"Remontuj i urz\u0105dzaj z nami","publisher":{"@id":"https:\/\/bobimarket.pl\/#organization"},"potentialAction":[{"@type":"SearchAction","target":{"@type":"EntryPoint","urlTemplate":"https:\/\/bobimarket.pl\/?s={search_term_string}"},"query-input":"required name=search_term_string"}],"inLanguage":"pl-PL"},{"@type":"Organization","@id":"https:\/\/bobimarket.pl\/#organization","name":"BOBIMARKET.pl","url":"https:\/\/bobimarket.pl\/","logo":{"@type":"ImageObject","inLanguage":"pl-PL","@id":"https:\/\/bobimarket.pl\/#\/schema\/logo\/image\/","url":"https:\/\/bobimarket.pl\/wp-content\/uploads\/2021\/11\/slogan.png","contentUrl":"https:\/\/bobimarket.pl\/wp-content\/uploads\/2021\/11\/slogan.png","width":2000,"height":384,"caption":"BOBIMARKET.pl"},"image":{"@id":"https:\/\/bobimarket.pl\/#\/schema\/logo\/image\/"}}]}},"_links":{"self":[{"href":"https:\/\/bobimarket.pl\/index.php\/wp-json\/wp\/v2\/product\/83067"}],"collection":[{"href":"https:\/\/bobimarket.pl\/index.php\/wp-json\/wp\/v2\/product"}],"about":[{"href":"https:\/\/bobimarket.pl\/index.php\/wp-json\/wp\/v2\/types\/product"}],"wp:featuredmedia":[{"embeddable":true,"href":"https:\/\/bobimarket.pl\/index.php\/wp-json\/wp\/v2\/media\/83064"}],"wp:attachment":[{"href":"https:\/\/bobimarket.pl\/index.php\/wp-json\/wp\/v2\/media?parent=83067"}],"wp:term":[{"taxonomy":"product_cat","embeddable":true,"href":"https:\/\/bobimarket.pl\/index.php\/wp-json\/wp\/v2\/product_cat?post=83067"},{"taxonomy":"product_tag","embeddable":true,"href":"https:\/\/bobimarket.pl\/index.php\/wp-json\/wp\/v2\/product_tag?post=83067"}],"curies":[{"name":"wp","href":"https:\/\/api.w.org\/{rel}","templated":true}]}}