{"id":83438,"date":"2023-08-29T19:21:49","date_gmt":"2023-08-29T19:21:49","guid":{"rendered":"https:\/\/bobimarket.pl\/index.php\/produkt\/klucz-klucze-plasko-oczkowy-polerowane-crv-24-mm\/"},"modified":"2025-02-27T14:05:18","modified_gmt":"2025-02-27T14:05:18","slug":"klucz-klucze-plasko-oczkowy-polerowane-crv-24-mm","status":"publish","type":"product","link":"https:\/\/bobimarket.pl\/index.php\/produkt\/klucz-klucze-plasko-oczkowy-polerowane-crv-24-mm\/","title":{"rendered":"KLUCZ KLUCZE P\u0141ASKO-OCZKOWY POLEROWANE CrV 24 mm"},"content":{"rendered":"<section class=\"section\">\n<div class=\"item item-6\">\n<section class=\"image-item\">\n            <img decoding=\"async\" src=\"https:\/\/upload.cdn.baselinker.com\/products\/14476\/e9e7544048165a31fc938aada270e486.jpg\" \/><br \/>\n        <\/section>\n<\/p><\/div>\n<div class=\"item item-6\">\n<section class=\"text-item\">\n<h2>KLUCZ KLUCZE P\u0141ASKO-OCZKOWY POLEROWANE CrV 24 mm<\/h2>\n<p><b>Dane techniczne:<\/b><\/p>\n<ul>\n<li>Rodzaj: <b>p\u0142asko-oczkowy<\/b><\/li>\n<li>Materia\u0142: <b>stal CrV\u00a0<\/b><\/li>\n<li>Rozmiar: <b>24 mm<\/b><\/li>\n<\/ul>\n<\/section><\/div>\n<\/section>\n<section class=\"section\">\n<div class=\"item item-6\">\n<section class=\"image-item\">\n            <img decoding=\"async\" src=\"https:\/\/upload.cdn.baselinker.com\/products\/14476\/7880b7a59071188bde2d80705baee93b.jpg\" \/><br \/>\n        <\/section>\n<\/p><\/div>\n<div class=\"item item-6\">\n<section class=\"text-item\">\n<p><b>Podstawowy element wyposa\u017cenia Twojej skrzynki narz\u0119dziowej!<\/b><\/p>\n<p>Klucz p\u0142asko-oczkowy wykonany\u00a0ze stali chromowo-wanadowej, charakteryzuje si\u0119 wytrzyma\u0142o\u015bci\u0105 i odporno\u015bci\u0105 na uszkodzenia.<\/p>\n<p>Klucz wyposa\u017cony jest w ko\u0144c\u00f3wki dw\u00f3ch rodzaj\u00f3w w takim samym rozmiarze.\u00a0<\/p>\n<ul>\n<li>Strona z <b>otwartymi szcz\u0119kami<\/b> wykorzystywana jest\u00a0do odkr\u0119cania i dokr\u0119cania \u015brub oraz nakr\u0119tek z sze\u015bciok\u0105tnymi \u0142bami.<\/li>\n<li>Strona z<b> ko\u0144c\u00f3wk\u0105 zamkni\u0119t\u0105<\/b> o dwunastok\u0105tnym profilu\u00a0zmniejsza ryzyko ze\u015blizgnie si\u0119 klucza ze \u015bruby i uszkodzi jej \u0142eb.\u00a0<\/li>\n<\/ul>\n<\/section><\/div>\n<\/section>\n<section class=\"section\">\n<div class=\"item item-6\">\n<section class=\"image-item\">\n            <img decoding=\"async\" src=\"https:\/\/upload.cdn.baselinker.com\/products\/14476\/632ba1c04029c74a302e2fc648849cf2.jpg\" \/><br \/>\n        <\/section>\n<\/p><\/div>\n<div class=\"item item-6\">\n<section class=\"text-item\">\n<p><b>\u2705<\/b><b> Zastosowanie<\/b>:<\/p>\n<p>Klucz p\u0142asko-oczkowy to jeden z najpopularniejszych rodzaj\u00f3w kluczy. S\u0142u\u017cy do odkr\u0119canie lub dokr\u0119cania \u015brub oraz nakr\u0119tek.<\/p>\n<ul>\n<li><b>Strona z kluczem oczkowym<\/b> przeznaczona jest do stosowania g\u0142\u00f3wnie w uk\u0142adach paliwowych, hamulcowych i przewodach instalacji gazowej i ch\u0142odniczej.\u00a0<\/li>\n<li><b>Strona z kluczem p\u0142askim<\/b> mo\u017ce by\u0107 u\u017cywana\u00a0przez stolarzy, monter\u00f3w,\u00a0hydraulik\u00f3w, elektryk\u00f3w itp.\u00a0<\/li>\n<\/ul>\n<p><b>\u2705\u00a0<\/b>\u00a0Klucz przyda si\u0119 ka\u017cdemu majsterkowiczowi i u\u0142atwi prace w warsztacie. Sprawdzi si\u0119 r\u00f3wnie\u017c podczas wykonywania drobnych pracach domowych.<\/p>\n<\/section><\/div>\n<\/section>\n<section class=\"section\">\n<div class=\"item item-12\">\n<section class=\"image-item\">\n            <img decoding=\"async\" src=\"https:\/\/upload.cdn.baselinker.com\/products\/14476\/e9e7544048165a31fc938aada270e486.jpg\" \/><br \/>\n        <\/section>\n<\/p><\/div>\n<\/section>\n","protected":false},"excerpt":{"rendered":"<p>KLUCZ KLUCZE P\u0141ASKO-OCZKOWY POLEROWANE CrV 24 mm Dane techniczne: Rodzaj: p\u0142asko-oczkowy Materia\u0142: stal CrV\u00a0 Rozmiar: 24 mm Podstawowy element wyposa\u017cenia Twojej skrzynki narz\u0119dziowej! Klucz p\u0142asko-oczkowy wykonany\u00a0ze stali chromowo-wanadowej, charakteryzuje si\u0119 wytrzyma\u0142o\u015bci\u0105 i odporno\u015bci\u0105 na uszkodzenia. Klucz wyposa\u017cony jest w ko\u0144c\u00f3wki dw\u00f3ch rodzaj\u00f3w w takim samym rozmiarze.\u00a0 Strona z otwartymi szcz\u0119kami wykorzystywana jest\u00a0do odkr\u0119cania i dokr\u0119cania<br \/><a class=\"more-link\" href=\"https:\/\/bobimarket.pl\/index.php\/produkt\/klucz-klucze-plasko-oczkowy-polerowane-crv-24-mm\/\"><br \/>\n        Czytaj wi\u0119cej<span class=\"screen-reader-text\"> &#8222;KLUCZ KLUCZE P\u0141ASKO-OCZKOWY POLEROWANE CrV 24 mm&#8221;<\/span><\/a><\/p>\n","protected":false},"featured_media":83434,"template":"","meta":[],"product_cat":[8196],"product_tag":[],"yoast_head":"<!-- This site is optimized with the Yoast SEO plugin v21.0 - https:\/\/yoast.com\/wordpress\/plugins\/seo\/ -->\n<title>KLUCZ KLUCZE P\u0141ASKO-OCZKOWY POLEROWANE CrV 24 mm - BOBIMARKET.pl - Remontuj i urz\u0105dzaj z nami<\/title>\n<meta name=\"robots\" content=\"index, follow, max-snippet:-1, max-image-preview:large, max-video-preview:-1\" \/>\n<link rel=\"canonical\" href=\"https:\/\/bobimarket.pl\/index.php\/produkt\/klucz-klucze-plasko-oczkowy-polerowane-crv-24-mm\/\" \/>\n<meta property=\"og:locale\" content=\"pl_PL\" \/>\n<meta property=\"og:type\" content=\"article\" \/>\n<meta property=\"og:title\" content=\"KLUCZ KLUCZE P\u0141ASKO-OCZKOWY POLEROWANE CrV 24 mm - BOBIMARKET.pl - Remontuj i urz\u0105dzaj z nami\" \/>\n<meta property=\"og:description\" content=\"KLUCZ KLUCZE P\u0141ASKO-OCZKOWY POLEROWANE CrV 24 mm Dane techniczne: Rodzaj: p\u0142asko-oczkowy Materia\u0142: stal CrV\u00a0 Rozmiar: 24 mm Podstawowy element wyposa\u017cenia Twojej skrzynki narz\u0119dziowej! Klucz p\u0142asko-oczkowy wykonany\u00a0ze stali chromowo-wanadowej, charakteryzuje si\u0119 wytrzyma\u0142o\u015bci\u0105 i odporno\u015bci\u0105 na uszkodzenia. Klucz wyposa\u017cony jest w ko\u0144c\u00f3wki dw\u00f3ch rodzaj\u00f3w w takim samym rozmiarze.\u00a0 Strona z otwartymi szcz\u0119kami wykorzystywana jest\u00a0do odkr\u0119cania i dokr\u0119cania     Czytaj wi\u0119cej &quot;KLUCZ KLUCZE P\u0141ASKO-OCZKOWY POLEROWANE CrV 24 mm&quot;\" \/>\n<meta property=\"og:url\" content=\"https:\/\/bobimarket.pl\/index.php\/produkt\/klucz-klucze-plasko-oczkowy-polerowane-crv-24-mm\/\" \/>\n<meta property=\"og:site_name\" content=\"BOBIMARKET.pl - Remontuj i urz\u0105dzaj z nami\" \/>\n<meta property=\"article:modified_time\" content=\"2025-02-27T14:05:18+00:00\" \/>\n<meta property=\"og:image\" content=\"https:\/\/upload.cdn.baselinker.com\/products\/14476\/e9e7544048165a31fc938aada270e486.jpg\" \/>\n<meta name=\"twitter:card\" content=\"summary_large_image\" \/>\n<meta name=\"twitter:label1\" content=\"Szacowany czas czytania\" \/>\n\t<meta name=\"twitter:data1\" content=\"1 minuta\" \/>\n<script type=\"application\/ld+json\" class=\"yoast-schema-graph\">{\"@context\":\"https:\/\/schema.org\",\"@graph\":[{\"@type\":\"WebPage\",\"@id\":\"https:\/\/bobimarket.pl\/index.php\/produkt\/klucz-klucze-plasko-oczkowy-polerowane-crv-24-mm\/\",\"url\":\"https:\/\/bobimarket.pl\/index.php\/produkt\/klucz-klucze-plasko-oczkowy-polerowane-crv-24-mm\/\",\"name\":\"KLUCZ KLUCZE P\u0141ASKO-OCZKOWY POLEROWANE CrV 24 mm - BOBIMARKET.pl - Remontuj i urz\u0105dzaj z nami\",\"isPartOf\":{\"@id\":\"https:\/\/bobimarket.pl\/#website\"},\"datePublished\":\"2023-08-29T19:21:49+00:00\",\"dateModified\":\"2025-02-27T14:05:18+00:00\",\"breadcrumb\":{\"@id\":\"https:\/\/bobimarket.pl\/index.php\/produkt\/klucz-klucze-plasko-oczkowy-polerowane-crv-24-mm\/#breadcrumb\"},\"inLanguage\":\"pl-PL\",\"potentialAction\":[{\"@type\":\"ReadAction\",\"target\":[\"https:\/\/bobimarket.pl\/index.php\/produkt\/klucz-klucze-plasko-oczkowy-polerowane-crv-24-mm\/\"]}]},{\"@type\":\"BreadcrumbList\",\"@id\":\"https:\/\/bobimarket.pl\/index.php\/produkt\/klucz-klucze-plasko-oczkowy-polerowane-crv-24-mm\/#breadcrumb\",\"itemListElement\":[{\"@type\":\"ListItem\",\"position\":1,\"name\":\"Strona g\u0142\u00f3wna\",\"item\":\"https:\/\/bobimarket.pl\/\"},{\"@type\":\"ListItem\",\"position\":2,\"name\":\"Sklep\",\"item\":\"https:\/\/bobimarket.pl\/index.php\/shop\/\"},{\"@type\":\"ListItem\",\"position\":3,\"name\":\"KLUCZ KLUCZE P\u0141ASKO-OCZKOWY POLEROWANE CrV 24 mm\"}]},{\"@type\":\"WebSite\",\"@id\":\"https:\/\/bobimarket.pl\/#website\",\"url\":\"https:\/\/bobimarket.pl\/\",\"name\":\"BOBIMARKET.pl - Remontuj i urz\u0105dzaj z nami\",\"description\":\"Remontuj i urz\u0105dzaj z nami\",\"publisher\":{\"@id\":\"https:\/\/bobimarket.pl\/#organization\"},\"potentialAction\":[{\"@type\":\"SearchAction\",\"target\":{\"@type\":\"EntryPoint\",\"urlTemplate\":\"https:\/\/bobimarket.pl\/?s={search_term_string}\"},\"query-input\":\"required name=search_term_string\"}],\"inLanguage\":\"pl-PL\"},{\"@type\":\"Organization\",\"@id\":\"https:\/\/bobimarket.pl\/#organization\",\"name\":\"BOBIMARKET.pl\",\"url\":\"https:\/\/bobimarket.pl\/\",\"logo\":{\"@type\":\"ImageObject\",\"inLanguage\":\"pl-PL\",\"@id\":\"https:\/\/bobimarket.pl\/#\/schema\/logo\/image\/\",\"url\":\"https:\/\/bobimarket.pl\/wp-content\/uploads\/2021\/11\/slogan.png\",\"contentUrl\":\"https:\/\/bobimarket.pl\/wp-content\/uploads\/2021\/11\/slogan.png\",\"width\":2000,\"height\":384,\"caption\":\"BOBIMARKET.pl\"},\"image\":{\"@id\":\"https:\/\/bobimarket.pl\/#\/schema\/logo\/image\/\"}}]}<\/script>\n<!-- \/ Yoast SEO plugin. -->","yoast_head_json":{"title":"KLUCZ KLUCZE P\u0141ASKO-OCZKOWY POLEROWANE CrV 24 mm - BOBIMARKET.pl - Remontuj i urz\u0105dzaj z nami","robots":{"index":"index","follow":"follow","max-snippet":"max-snippet:-1","max-image-preview":"max-image-preview:large","max-video-preview":"max-video-preview:-1"},"canonical":"https:\/\/bobimarket.pl\/index.php\/produkt\/klucz-klucze-plasko-oczkowy-polerowane-crv-24-mm\/","og_locale":"pl_PL","og_type":"article","og_title":"KLUCZ KLUCZE P\u0141ASKO-OCZKOWY POLEROWANE CrV 24 mm - BOBIMARKET.pl - Remontuj i urz\u0105dzaj z nami","og_description":"KLUCZ KLUCZE P\u0141ASKO-OCZKOWY POLEROWANE CrV 24 mm Dane techniczne: Rodzaj: p\u0142asko-oczkowy Materia\u0142: stal CrV\u00a0 Rozmiar: 24 mm Podstawowy element wyposa\u017cenia Twojej skrzynki narz\u0119dziowej! Klucz p\u0142asko-oczkowy wykonany\u00a0ze stali chromowo-wanadowej, charakteryzuje si\u0119 wytrzyma\u0142o\u015bci\u0105 i odporno\u015bci\u0105 na uszkodzenia. Klucz wyposa\u017cony jest w ko\u0144c\u00f3wki dw\u00f3ch rodzaj\u00f3w w takim samym rozmiarze.\u00a0 Strona z otwartymi szcz\u0119kami wykorzystywana jest\u00a0do odkr\u0119cania i dokr\u0119cania     Czytaj wi\u0119cej \"KLUCZ KLUCZE P\u0141ASKO-OCZKOWY POLEROWANE CrV 24 mm\"","og_url":"https:\/\/bobimarket.pl\/index.php\/produkt\/klucz-klucze-plasko-oczkowy-polerowane-crv-24-mm\/","og_site_name":"BOBIMARKET.pl - Remontuj i urz\u0105dzaj z nami","article_modified_time":"2025-02-27T14:05:18+00:00","og_image":[{"url":"https:\/\/upload.cdn.baselinker.com\/products\/14476\/e9e7544048165a31fc938aada270e486.jpg"}],"twitter_card":"summary_large_image","twitter_misc":{"Szacowany czas czytania":"1 minuta"},"schema":{"@context":"https:\/\/schema.org","@graph":[{"@type":"WebPage","@id":"https:\/\/bobimarket.pl\/index.php\/produkt\/klucz-klucze-plasko-oczkowy-polerowane-crv-24-mm\/","url":"https:\/\/bobimarket.pl\/index.php\/produkt\/klucz-klucze-plasko-oczkowy-polerowane-crv-24-mm\/","name":"KLUCZ KLUCZE P\u0141ASKO-OCZKOWY POLEROWANE CrV 24 mm - BOBIMARKET.pl - Remontuj i urz\u0105dzaj z nami","isPartOf":{"@id":"https:\/\/bobimarket.pl\/#website"},"datePublished":"2023-08-29T19:21:49+00:00","dateModified":"2025-02-27T14:05:18+00:00","breadcrumb":{"@id":"https:\/\/bobimarket.pl\/index.php\/produkt\/klucz-klucze-plasko-oczkowy-polerowane-crv-24-mm\/#breadcrumb"},"inLanguage":"pl-PL","potentialAction":[{"@type":"ReadAction","target":["https:\/\/bobimarket.pl\/index.php\/produkt\/klucz-klucze-plasko-oczkowy-polerowane-crv-24-mm\/"]}]},{"@type":"BreadcrumbList","@id":"https:\/\/bobimarket.pl\/index.php\/produkt\/klucz-klucze-plasko-oczkowy-polerowane-crv-24-mm\/#breadcrumb","itemListElement":[{"@type":"ListItem","position":1,"name":"Strona g\u0142\u00f3wna","item":"https:\/\/bobimarket.pl\/"},{"@type":"ListItem","position":2,"name":"Sklep","item":"https:\/\/bobimarket.pl\/index.php\/shop\/"},{"@type":"ListItem","position":3,"name":"KLUCZ KLUCZE P\u0141ASKO-OCZKOWY POLEROWANE CrV 24 mm"}]},{"@type":"WebSite","@id":"https:\/\/bobimarket.pl\/#website","url":"https:\/\/bobimarket.pl\/","name":"BOBIMARKET.pl - Remontuj i urz\u0105dzaj z nami","description":"Remontuj i urz\u0105dzaj z nami","publisher":{"@id":"https:\/\/bobimarket.pl\/#organization"},"potentialAction":[{"@type":"SearchAction","target":{"@type":"EntryPoint","urlTemplate":"https:\/\/bobimarket.pl\/?s={search_term_string}"},"query-input":"required name=search_term_string"}],"inLanguage":"pl-PL"},{"@type":"Organization","@id":"https:\/\/bobimarket.pl\/#organization","name":"BOBIMARKET.pl","url":"https:\/\/bobimarket.pl\/","logo":{"@type":"ImageObject","inLanguage":"pl-PL","@id":"https:\/\/bobimarket.pl\/#\/schema\/logo\/image\/","url":"https:\/\/bobimarket.pl\/wp-content\/uploads\/2021\/11\/slogan.png","contentUrl":"https:\/\/bobimarket.pl\/wp-content\/uploads\/2021\/11\/slogan.png","width":2000,"height":384,"caption":"BOBIMARKET.pl"},"image":{"@id":"https:\/\/bobimarket.pl\/#\/schema\/logo\/image\/"}}]}},"_links":{"self":[{"href":"https:\/\/bobimarket.pl\/index.php\/wp-json\/wp\/v2\/product\/83438"}],"collection":[{"href":"https:\/\/bobimarket.pl\/index.php\/wp-json\/wp\/v2\/product"}],"about":[{"href":"https:\/\/bobimarket.pl\/index.php\/wp-json\/wp\/v2\/types\/product"}],"wp:featuredmedia":[{"embeddable":true,"href":"https:\/\/bobimarket.pl\/index.php\/wp-json\/wp\/v2\/media\/83434"}],"wp:attachment":[{"href":"https:\/\/bobimarket.pl\/index.php\/wp-json\/wp\/v2\/media?parent=83438"}],"wp:term":[{"taxonomy":"product_cat","embeddable":true,"href":"https:\/\/bobimarket.pl\/index.php\/wp-json\/wp\/v2\/product_cat?post=83438"},{"taxonomy":"product_tag","embeddable":true,"href":"https:\/\/bobimarket.pl\/index.php\/wp-json\/wp\/v2\/product_tag?post=83438"}],"curies":[{"name":"wp","href":"https:\/\/api.w.org\/{rel}","templated":true}]}}