{"id":84217,"date":"2023-08-29T20:25:18","date_gmt":"2023-08-29T20:25:18","guid":{"rendered":"https:\/\/bobimarket.pl\/index.php\/produkt\/walek-malarski-zapas-mikrofibra-mikrofaza-25cm\/"},"modified":"2025-02-27T14:16:31","modified_gmt":"2025-02-27T14:16:31","slug":"walek-malarski-zapas-mikrofibra-mikrofaza-25cm","status":"publish","type":"product","link":"https:\/\/bobimarket.pl\/index.php\/produkt\/walek-malarski-zapas-mikrofibra-mikrofaza-25cm\/","title":{"rendered":"WA\u0141EK MALARSKI ZAPAS MIKROFIBRA MIKROFAZA 25CM"},"content":{"rendered":"<section class=\"section\">\n<div class=\"item item-12\">\n<section class=\"text-item\">\n<h1>WA\u0141EK MALARSKI ZAPAS MIKROFIBRA MIKROFAZA 25CM<\/h1>\n<p><b>Dane techniczne:<\/b><\/p>\n<ul>\n<li>D\u0142ugo\u015b\u0107 ca\u0142kowita: <b>250 mm<\/b><\/li>\n<li>\u015arednica:<b> 50 mm<\/b><\/li>\n<li>Otw\u00f3r na r\u0105czk\u0119: <b>\u03a68 mm<\/b><\/li>\n<li>Przeznaczenie: <b>do farb lateksowych, emulsyjnych i akrylowych<\/b><\/li>\n<li>Do g\u0142adkich powierzchni<\/li>\n<\/ul>\n<\/section><\/div>\n<\/section>\n<section class=\"section\">\n<div class=\"item item-12\">\n<section class=\"image-item\">\n            <img decoding=\"async\" src=\"https:\/\/upload.cdn.baselinker.com\/products\/14476\/34066110c8338a305ba097cf55b8f96a.jpg\" \/><br \/>\n        <\/section>\n<\/p><\/div>\n<\/section>\n<section class=\"section\">\n<div class=\"item item-12\">\n<section class=\"text-item\">\n<p>Wa\u0142ek malarski z<b> mikrofibry<\/b> o szeroko\u015bci 25 cm, kt\u00f3ry u\u0142atwi prace malarskie i remontowe. Zapas zosta\u0142 wykonany z w\u0142\u00f3kien mikrofibry. Pasuje na r\u0105czk\u0119 <b>\u03a6 8 mm<\/b>.<\/p>\n<p><b>\u2705 Zalety wa\u0142ka:<\/b><\/p>\n<ul>\n<li>wch\u0142ania idealn\u0105 ilo\u015b\u0107 farby, co znacznie wp\u0142ywa na zakres zu\u017cytej farby oraz zmniejsza ryzyko zachlapania<\/li>\n<li>estetycznie wyka\u0144cza g\u0142adkie powierzchnie<\/li>\n<li>nie pozostawia smug<\/li>\n<\/ul>\n<p><b>\u2705\u00a0 Zastosowanie:<\/b><\/p>\n<p>Wa\u0142ek z mikrofibry doskonale sprawdzi si\u0119 podczas <b>malowania \u015bcian i sufit\u00f3w.<\/b><\/p>\n<ul>\n<li>Jest przeznaczony do pracy z farbami<b> lateksowymi, emulsyjnymi i akrylowymi.<\/b><\/li>\n<li>Post\u0119p prac przebiega sprawnie i szybko. Wa\u0142ek charakteryzuje si\u0119 <b>du\u017c\u0105 ch\u0142onno\u015bci\u0105 poszycia<\/b>.<\/li>\n<\/ul>\n<\/section><\/div>\n<\/section>\n","protected":false},"excerpt":{"rendered":"<p>WA\u0141EK MALARSKI ZAPAS MIKROFIBRA MIKROFAZA 25CM Dane techniczne: D\u0142ugo\u015b\u0107 ca\u0142kowita: 250 mm \u015arednica: 50 mm Otw\u00f3r na r\u0105czk\u0119: \u03a68 mm Przeznaczenie: do farb lateksowych, emulsyjnych i akrylowych Do g\u0142adkich powierzchni Wa\u0142ek malarski z mikrofibry o szeroko\u015bci 25 cm, kt\u00f3ry u\u0142atwi prace malarskie i remontowe. Zapas zosta\u0142 wykonany z w\u0142\u00f3kien mikrofibry. Pasuje na r\u0105czk\u0119 \u03a6 8<br \/><a class=\"more-link\" href=\"https:\/\/bobimarket.pl\/index.php\/produkt\/walek-malarski-zapas-mikrofibra-mikrofaza-25cm\/\"><br \/>\n        Czytaj wi\u0119cej<span class=\"screen-reader-text\"> &#8222;WA\u0141EK MALARSKI ZAPAS MIKROFIBRA MIKROFAZA 25CM&#8221;<\/span><\/a><\/p>\n","protected":false},"featured_media":84216,"template":"","meta":[],"product_cat":[8063],"product_tag":[],"yoast_head":"<!-- This site is optimized with the Yoast SEO plugin v21.0 - https:\/\/yoast.com\/wordpress\/plugins\/seo\/ -->\n<title>WA\u0141EK MALARSKI ZAPAS MIKROFIBRA MIKROFAZA 25CM - BOBIMARKET.pl - Remontuj i urz\u0105dzaj z nami<\/title>\n<meta name=\"robots\" content=\"index, follow, max-snippet:-1, max-image-preview:large, max-video-preview:-1\" \/>\n<link rel=\"canonical\" href=\"https:\/\/bobimarket.pl\/index.php\/produkt\/walek-malarski-zapas-mikrofibra-mikrofaza-25cm\/\" \/>\n<meta property=\"og:locale\" content=\"pl_PL\" \/>\n<meta property=\"og:type\" content=\"article\" \/>\n<meta property=\"og:title\" content=\"WA\u0141EK MALARSKI ZAPAS MIKROFIBRA MIKROFAZA 25CM - BOBIMARKET.pl - Remontuj i urz\u0105dzaj z nami\" \/>\n<meta property=\"og:description\" content=\"WA\u0141EK MALARSKI ZAPAS MIKROFIBRA MIKROFAZA 25CM Dane techniczne: D\u0142ugo\u015b\u0107 ca\u0142kowita: 250 mm \u015arednica: 50 mm Otw\u00f3r na r\u0105czk\u0119: \u03a68 mm Przeznaczenie: do farb lateksowych, emulsyjnych i akrylowych Do g\u0142adkich powierzchni Wa\u0142ek malarski z mikrofibry o szeroko\u015bci 25 cm, kt\u00f3ry u\u0142atwi prace malarskie i remontowe. Zapas zosta\u0142 wykonany z w\u0142\u00f3kien mikrofibry. Pasuje na r\u0105czk\u0119 \u03a6 8     Czytaj wi\u0119cej &quot;WA\u0141EK MALARSKI ZAPAS MIKROFIBRA MIKROFAZA 25CM&quot;\" \/>\n<meta property=\"og:url\" content=\"https:\/\/bobimarket.pl\/index.php\/produkt\/walek-malarski-zapas-mikrofibra-mikrofaza-25cm\/\" \/>\n<meta property=\"og:site_name\" content=\"BOBIMARKET.pl - Remontuj i urz\u0105dzaj z nami\" \/>\n<meta property=\"article:modified_time\" content=\"2025-02-27T14:16:31+00:00\" \/>\n<meta property=\"og:image\" content=\"https:\/\/upload.cdn.baselinker.com\/products\/14476\/34066110c8338a305ba097cf55b8f96a.jpg\" \/>\n<meta name=\"twitter:card\" content=\"summary_large_image\" \/>\n<meta name=\"twitter:label1\" content=\"Szacowany czas czytania\" \/>\n\t<meta name=\"twitter:data1\" content=\"1 minuta\" \/>\n<script type=\"application\/ld+json\" class=\"yoast-schema-graph\">{\"@context\":\"https:\/\/schema.org\",\"@graph\":[{\"@type\":\"WebPage\",\"@id\":\"https:\/\/bobimarket.pl\/index.php\/produkt\/walek-malarski-zapas-mikrofibra-mikrofaza-25cm\/\",\"url\":\"https:\/\/bobimarket.pl\/index.php\/produkt\/walek-malarski-zapas-mikrofibra-mikrofaza-25cm\/\",\"name\":\"WA\u0141EK MALARSKI ZAPAS MIKROFIBRA MIKROFAZA 25CM - BOBIMARKET.pl - Remontuj i urz\u0105dzaj z nami\",\"isPartOf\":{\"@id\":\"https:\/\/bobimarket.pl\/#website\"},\"datePublished\":\"2023-08-29T20:25:18+00:00\",\"dateModified\":\"2025-02-27T14:16:31+00:00\",\"breadcrumb\":{\"@id\":\"https:\/\/bobimarket.pl\/index.php\/produkt\/walek-malarski-zapas-mikrofibra-mikrofaza-25cm\/#breadcrumb\"},\"inLanguage\":\"pl-PL\",\"potentialAction\":[{\"@type\":\"ReadAction\",\"target\":[\"https:\/\/bobimarket.pl\/index.php\/produkt\/walek-malarski-zapas-mikrofibra-mikrofaza-25cm\/\"]}]},{\"@type\":\"BreadcrumbList\",\"@id\":\"https:\/\/bobimarket.pl\/index.php\/produkt\/walek-malarski-zapas-mikrofibra-mikrofaza-25cm\/#breadcrumb\",\"itemListElement\":[{\"@type\":\"ListItem\",\"position\":1,\"name\":\"Strona g\u0142\u00f3wna\",\"item\":\"https:\/\/bobimarket.pl\/\"},{\"@type\":\"ListItem\",\"position\":2,\"name\":\"Sklep\",\"item\":\"https:\/\/bobimarket.pl\/index.php\/shop\/\"},{\"@type\":\"ListItem\",\"position\":3,\"name\":\"WA\u0141EK MALARSKI ZAPAS MIKROFIBRA MIKROFAZA 25CM\"}]},{\"@type\":\"WebSite\",\"@id\":\"https:\/\/bobimarket.pl\/#website\",\"url\":\"https:\/\/bobimarket.pl\/\",\"name\":\"BOBIMARKET.pl - Remontuj i urz\u0105dzaj z nami\",\"description\":\"Remontuj i urz\u0105dzaj z nami\",\"publisher\":{\"@id\":\"https:\/\/bobimarket.pl\/#organization\"},\"potentialAction\":[{\"@type\":\"SearchAction\",\"target\":{\"@type\":\"EntryPoint\",\"urlTemplate\":\"https:\/\/bobimarket.pl\/?s={search_term_string}\"},\"query-input\":\"required name=search_term_string\"}],\"inLanguage\":\"pl-PL\"},{\"@type\":\"Organization\",\"@id\":\"https:\/\/bobimarket.pl\/#organization\",\"name\":\"BOBIMARKET.pl\",\"url\":\"https:\/\/bobimarket.pl\/\",\"logo\":{\"@type\":\"ImageObject\",\"inLanguage\":\"pl-PL\",\"@id\":\"https:\/\/bobimarket.pl\/#\/schema\/logo\/image\/\",\"url\":\"https:\/\/bobimarket.pl\/wp-content\/uploads\/2021\/11\/slogan.png\",\"contentUrl\":\"https:\/\/bobimarket.pl\/wp-content\/uploads\/2021\/11\/slogan.png\",\"width\":2000,\"height\":384,\"caption\":\"BOBIMARKET.pl\"},\"image\":{\"@id\":\"https:\/\/bobimarket.pl\/#\/schema\/logo\/image\/\"}}]}<\/script>\n<!-- \/ Yoast SEO plugin. -->","yoast_head_json":{"title":"WA\u0141EK MALARSKI ZAPAS MIKROFIBRA MIKROFAZA 25CM - BOBIMARKET.pl - Remontuj i urz\u0105dzaj z nami","robots":{"index":"index","follow":"follow","max-snippet":"max-snippet:-1","max-image-preview":"max-image-preview:large","max-video-preview":"max-video-preview:-1"},"canonical":"https:\/\/bobimarket.pl\/index.php\/produkt\/walek-malarski-zapas-mikrofibra-mikrofaza-25cm\/","og_locale":"pl_PL","og_type":"article","og_title":"WA\u0141EK MALARSKI ZAPAS MIKROFIBRA MIKROFAZA 25CM - BOBIMARKET.pl - Remontuj i urz\u0105dzaj z nami","og_description":"WA\u0141EK MALARSKI ZAPAS MIKROFIBRA MIKROFAZA 25CM Dane techniczne: D\u0142ugo\u015b\u0107 ca\u0142kowita: 250 mm \u015arednica: 50 mm Otw\u00f3r na r\u0105czk\u0119: \u03a68 mm Przeznaczenie: do farb lateksowych, emulsyjnych i akrylowych Do g\u0142adkich powierzchni Wa\u0142ek malarski z mikrofibry o szeroko\u015bci 25 cm, kt\u00f3ry u\u0142atwi prace malarskie i remontowe. Zapas zosta\u0142 wykonany z w\u0142\u00f3kien mikrofibry. Pasuje na r\u0105czk\u0119 \u03a6 8     Czytaj wi\u0119cej \"WA\u0141EK MALARSKI ZAPAS MIKROFIBRA MIKROFAZA 25CM\"","og_url":"https:\/\/bobimarket.pl\/index.php\/produkt\/walek-malarski-zapas-mikrofibra-mikrofaza-25cm\/","og_site_name":"BOBIMARKET.pl - Remontuj i urz\u0105dzaj z nami","article_modified_time":"2025-02-27T14:16:31+00:00","og_image":[{"url":"https:\/\/upload.cdn.baselinker.com\/products\/14476\/34066110c8338a305ba097cf55b8f96a.jpg"}],"twitter_card":"summary_large_image","twitter_misc":{"Szacowany czas czytania":"1 minuta"},"schema":{"@context":"https:\/\/schema.org","@graph":[{"@type":"WebPage","@id":"https:\/\/bobimarket.pl\/index.php\/produkt\/walek-malarski-zapas-mikrofibra-mikrofaza-25cm\/","url":"https:\/\/bobimarket.pl\/index.php\/produkt\/walek-malarski-zapas-mikrofibra-mikrofaza-25cm\/","name":"WA\u0141EK MALARSKI ZAPAS MIKROFIBRA MIKROFAZA 25CM - BOBIMARKET.pl - Remontuj i urz\u0105dzaj z nami","isPartOf":{"@id":"https:\/\/bobimarket.pl\/#website"},"datePublished":"2023-08-29T20:25:18+00:00","dateModified":"2025-02-27T14:16:31+00:00","breadcrumb":{"@id":"https:\/\/bobimarket.pl\/index.php\/produkt\/walek-malarski-zapas-mikrofibra-mikrofaza-25cm\/#breadcrumb"},"inLanguage":"pl-PL","potentialAction":[{"@type":"ReadAction","target":["https:\/\/bobimarket.pl\/index.php\/produkt\/walek-malarski-zapas-mikrofibra-mikrofaza-25cm\/"]}]},{"@type":"BreadcrumbList","@id":"https:\/\/bobimarket.pl\/index.php\/produkt\/walek-malarski-zapas-mikrofibra-mikrofaza-25cm\/#breadcrumb","itemListElement":[{"@type":"ListItem","position":1,"name":"Strona g\u0142\u00f3wna","item":"https:\/\/bobimarket.pl\/"},{"@type":"ListItem","position":2,"name":"Sklep","item":"https:\/\/bobimarket.pl\/index.php\/shop\/"},{"@type":"ListItem","position":3,"name":"WA\u0141EK MALARSKI ZAPAS MIKROFIBRA MIKROFAZA 25CM"}]},{"@type":"WebSite","@id":"https:\/\/bobimarket.pl\/#website","url":"https:\/\/bobimarket.pl\/","name":"BOBIMARKET.pl - Remontuj i urz\u0105dzaj z nami","description":"Remontuj i urz\u0105dzaj z nami","publisher":{"@id":"https:\/\/bobimarket.pl\/#organization"},"potentialAction":[{"@type":"SearchAction","target":{"@type":"EntryPoint","urlTemplate":"https:\/\/bobimarket.pl\/?s={search_term_string}"},"query-input":"required name=search_term_string"}],"inLanguage":"pl-PL"},{"@type":"Organization","@id":"https:\/\/bobimarket.pl\/#organization","name":"BOBIMARKET.pl","url":"https:\/\/bobimarket.pl\/","logo":{"@type":"ImageObject","inLanguage":"pl-PL","@id":"https:\/\/bobimarket.pl\/#\/schema\/logo\/image\/","url":"https:\/\/bobimarket.pl\/wp-content\/uploads\/2021\/11\/slogan.png","contentUrl":"https:\/\/bobimarket.pl\/wp-content\/uploads\/2021\/11\/slogan.png","width":2000,"height":384,"caption":"BOBIMARKET.pl"},"image":{"@id":"https:\/\/bobimarket.pl\/#\/schema\/logo\/image\/"}}]}},"_links":{"self":[{"href":"https:\/\/bobimarket.pl\/index.php\/wp-json\/wp\/v2\/product\/84217"}],"collection":[{"href":"https:\/\/bobimarket.pl\/index.php\/wp-json\/wp\/v2\/product"}],"about":[{"href":"https:\/\/bobimarket.pl\/index.php\/wp-json\/wp\/v2\/types\/product"}],"wp:featuredmedia":[{"embeddable":true,"href":"https:\/\/bobimarket.pl\/index.php\/wp-json\/wp\/v2\/media\/84216"}],"wp:attachment":[{"href":"https:\/\/bobimarket.pl\/index.php\/wp-json\/wp\/v2\/media?parent=84217"}],"wp:term":[{"taxonomy":"product_cat","embeddable":true,"href":"https:\/\/bobimarket.pl\/index.php\/wp-json\/wp\/v2\/product_cat?post=84217"},{"taxonomy":"product_tag","embeddable":true,"href":"https:\/\/bobimarket.pl\/index.php\/wp-json\/wp\/v2\/product_tag?post=84217"}],"curies":[{"name":"wp","href":"https:\/\/api.w.org\/{rel}","templated":true}]}}