{"id":84289,"date":"2023-08-29T20:31:54","date_gmt":"2023-08-29T20:31:54","guid":{"rendered":"https:\/\/bobimarket.pl\/index.php\/produkt\/sekator-ogrodowy-nozyce-do-krzewow-galezi-mocny\/"},"modified":"2025-02-27T14:17:19","modified_gmt":"2025-02-27T14:17:19","slug":"sekator-ogrodowy-nozyce-do-krzewow-galezi-mocny","status":"publish","type":"product","link":"https:\/\/bobimarket.pl\/index.php\/produkt\/sekator-ogrodowy-nozyce-do-krzewow-galezi-mocny\/","title":{"rendered":"SEKATOR OGRODOWY NO\u017bYCE DO KRZEW\u00d3W GA\u0141\u0118ZI MOCNY"},"content":{"rendered":"<section class=\"section\">\n<div class=\"item item-6\">\n<section class=\"image-item\">\n            <img decoding=\"async\" src=\"https:\/\/upload.cdn.baselinker.com\/products\/14476\/26d801a204c0592010c7f47b3e8d888a.jpg\" \/><br \/>\n        <\/section>\n<\/p><\/div>\n<div class=\"item item-6\">\n<section class=\"text-item\">\n<h2>SEKATOR OGRODOWY NO\u017bYCE DO KRZEW\u00d3W GA\u0141\u0118ZI MOCNY<\/h2>\n<p><b>Dane techniczne:<\/b><\/p>\n<ul>\n<li>D\u0142ugo\u015b\u0107 ca\u0142kowita:<b> 200mm<\/b><\/li>\n<li>Materia\u0142:<b> Stal Karbowana<\/b><\/li>\n<li>R\u0105czki pokryte tworzywem<\/li>\n<\/ul>\n<p>Na sekatorze mo\u017ce wyst\u0119powa\u0107 niewielka ilo\u015b\u0107 smaru. Kt\u00f3ra jest nak\u0142adana w czasie produkcji.<\/p>\n<\/section><\/div>\n<\/section>\n<section class=\"section\">\n<div class=\"item item-6\">\n<section class=\"image-item\">\n            <img decoding=\"async\" src=\"https:\/\/upload.cdn.baselinker.com\/products\/14476\/e187c82280d7f07166986a355de97704.jpg\" \/><br \/>\n        <\/section>\n<\/p><\/div>\n<div class=\"item item-6\">\n<section class=\"text-item\">\n<p>Sekator profesjonalny 8\u2033. Wykonany ze specjalnej stali karbonowej. R\u0105czki powlekane s\u0105 tworzywem antypo\u015blizgowym. Przeznaczony do kwiat\u00f3w i p\u0119d\u00f3w. Uchwyt z por\u0119czn\u0105 blokad\u0105 ostrza. D\u0142ugo\u015b\u0107 ca\u0142kowita 20 cm.<\/p>\n<p>Niezb\u0119dne narz\u0119dzie w ka\u017cdym gospodarstwie domowym.<\/p>\n<\/section><\/div>\n<\/section>\n<section class=\"section\">\n<div class=\"item item-6\">\n<section class=\"image-item\">\n            <img decoding=\"async\" src=\"https:\/\/upload.cdn.baselinker.com\/products\/14476\/ef26d54ab3a6470837454fdeefe9e14a.jpg\" \/><br \/>\n        <\/section>\n<\/p><\/div>\n<div class=\"item item-6\">\n<section class=\"image-item\">\n            <img decoding=\"async\" src=\"https:\/\/upload.cdn.baselinker.com\/products\/14476\/76a49e15db134af5655772176e8789b2.jpg\" \/><br \/>\n        <\/section>\n<\/p><\/div>\n<\/section>\n<section class=\"section\">\n<div class=\"item item-6\">\n<section class=\"image-item\">\n            <img decoding=\"async\" src=\"https:\/\/upload.cdn.baselinker.com\/products\/14476\/76a49e15db134af5655772176e8789b2.jpg\" \/><br \/>\n        <\/section>\n<\/p><\/div>\n<div class=\"item item-6\">\n<section class=\"image-item\">\n            <img decoding=\"async\" src=\"https:\/\/upload.cdn.baselinker.com\/products\/14476\/c0e59a2853a10db96eb752479c2fa324.jpg\" \/><br \/>\n        <\/section>\n<\/p><\/div>\n<\/section>\n","protected":false},"excerpt":{"rendered":"<p>SEKATOR OGRODOWY NO\u017bYCE DO KRZEW\u00d3W GA\u0141\u0118ZI MOCNY Dane techniczne: D\u0142ugo\u015b\u0107 ca\u0142kowita: 200mm Materia\u0142: Stal Karbowana R\u0105czki pokryte tworzywem Na sekatorze mo\u017ce wyst\u0119powa\u0107 niewielka ilo\u015b\u0107 smaru. Kt\u00f3ra jest nak\u0142adana w czasie produkcji. Sekator profesjonalny 8\u2033. Wykonany ze specjalnej stali karbonowej. R\u0105czki powlekane s\u0105 tworzywem antypo\u015blizgowym. Przeznaczony do kwiat\u00f3w i p\u0119d\u00f3w. Uchwyt z por\u0119czn\u0105 blokad\u0105 ostrza. D\u0142ugo\u015b\u0107<br \/><a class=\"more-link\" href=\"https:\/\/bobimarket.pl\/index.php\/produkt\/sekator-ogrodowy-nozyce-do-krzewow-galezi-mocny\/\"><br \/>\n        Czytaj wi\u0119cej<span class=\"screen-reader-text\"> &#8222;SEKATOR OGRODOWY NO\u017bYCE DO KRZEW\u00d3W GA\u0141\u0118ZI MOCNY&#8221;<\/span><\/a><\/p>\n","protected":false},"featured_media":84282,"template":"","meta":[],"product_cat":[8226],"product_tag":[],"yoast_head":"<!-- This site is optimized with the Yoast SEO plugin v21.0 - https:\/\/yoast.com\/wordpress\/plugins\/seo\/ -->\n<title>SEKATOR OGRODOWY NO\u017bYCE DO KRZEW\u00d3W GA\u0141\u0118ZI MOCNY - BOBIMARKET.pl - Remontuj i urz\u0105dzaj z nami<\/title>\n<meta name=\"robots\" content=\"index, follow, max-snippet:-1, max-image-preview:large, max-video-preview:-1\" \/>\n<link rel=\"canonical\" href=\"https:\/\/bobimarket.pl\/index.php\/produkt\/sekator-ogrodowy-nozyce-do-krzewow-galezi-mocny\/\" \/>\n<meta property=\"og:locale\" content=\"pl_PL\" \/>\n<meta property=\"og:type\" content=\"article\" \/>\n<meta property=\"og:title\" content=\"SEKATOR OGRODOWY NO\u017bYCE DO KRZEW\u00d3W GA\u0141\u0118ZI MOCNY - BOBIMARKET.pl - Remontuj i urz\u0105dzaj z nami\" \/>\n<meta property=\"og:description\" content=\"SEKATOR OGRODOWY NO\u017bYCE DO KRZEW\u00d3W GA\u0141\u0118ZI MOCNY Dane techniczne: D\u0142ugo\u015b\u0107 ca\u0142kowita: 200mm Materia\u0142: Stal Karbowana R\u0105czki pokryte tworzywem Na sekatorze mo\u017ce wyst\u0119powa\u0107 niewielka ilo\u015b\u0107 smaru. Kt\u00f3ra jest nak\u0142adana w czasie produkcji. Sekator profesjonalny 8\u2033. Wykonany ze specjalnej stali karbonowej. R\u0105czki powlekane s\u0105 tworzywem antypo\u015blizgowym. Przeznaczony do kwiat\u00f3w i p\u0119d\u00f3w. Uchwyt z por\u0119czn\u0105 blokad\u0105 ostrza. D\u0142ugo\u015b\u0107     Czytaj wi\u0119cej &quot;SEKATOR OGRODOWY NO\u017bYCE DO KRZEW\u00d3W GA\u0141\u0118ZI MOCNY&quot;\" \/>\n<meta property=\"og:url\" content=\"https:\/\/bobimarket.pl\/index.php\/produkt\/sekator-ogrodowy-nozyce-do-krzewow-galezi-mocny\/\" \/>\n<meta property=\"og:site_name\" content=\"BOBIMARKET.pl - Remontuj i urz\u0105dzaj z nami\" \/>\n<meta property=\"article:modified_time\" content=\"2025-02-27T14:17:19+00:00\" \/>\n<meta property=\"og:image\" content=\"https:\/\/upload.cdn.baselinker.com\/products\/14476\/26d801a204c0592010c7f47b3e8d888a.jpg\" \/>\n<meta name=\"twitter:card\" content=\"summary_large_image\" \/>\n<script type=\"application\/ld+json\" class=\"yoast-schema-graph\">{\"@context\":\"https:\/\/schema.org\",\"@graph\":[{\"@type\":\"WebPage\",\"@id\":\"https:\/\/bobimarket.pl\/index.php\/produkt\/sekator-ogrodowy-nozyce-do-krzewow-galezi-mocny\/\",\"url\":\"https:\/\/bobimarket.pl\/index.php\/produkt\/sekator-ogrodowy-nozyce-do-krzewow-galezi-mocny\/\",\"name\":\"SEKATOR OGRODOWY NO\u017bYCE DO KRZEW\u00d3W GA\u0141\u0118ZI MOCNY - BOBIMARKET.pl - Remontuj i urz\u0105dzaj z nami\",\"isPartOf\":{\"@id\":\"https:\/\/bobimarket.pl\/#website\"},\"datePublished\":\"2023-08-29T20:31:54+00:00\",\"dateModified\":\"2025-02-27T14:17:19+00:00\",\"breadcrumb\":{\"@id\":\"https:\/\/bobimarket.pl\/index.php\/produkt\/sekator-ogrodowy-nozyce-do-krzewow-galezi-mocny\/#breadcrumb\"},\"inLanguage\":\"pl-PL\",\"potentialAction\":[{\"@type\":\"ReadAction\",\"target\":[\"https:\/\/bobimarket.pl\/index.php\/produkt\/sekator-ogrodowy-nozyce-do-krzewow-galezi-mocny\/\"]}]},{\"@type\":\"BreadcrumbList\",\"@id\":\"https:\/\/bobimarket.pl\/index.php\/produkt\/sekator-ogrodowy-nozyce-do-krzewow-galezi-mocny\/#breadcrumb\",\"itemListElement\":[{\"@type\":\"ListItem\",\"position\":1,\"name\":\"Strona g\u0142\u00f3wna\",\"item\":\"https:\/\/bobimarket.pl\/\"},{\"@type\":\"ListItem\",\"position\":2,\"name\":\"Sklep\",\"item\":\"https:\/\/bobimarket.pl\/index.php\/shop\/\"},{\"@type\":\"ListItem\",\"position\":3,\"name\":\"SEKATOR OGRODOWY NO\u017bYCE DO KRZEW\u00d3W GA\u0141\u0118ZI MOCNY\"}]},{\"@type\":\"WebSite\",\"@id\":\"https:\/\/bobimarket.pl\/#website\",\"url\":\"https:\/\/bobimarket.pl\/\",\"name\":\"BOBIMARKET.pl - Remontuj i urz\u0105dzaj z nami\",\"description\":\"Remontuj i urz\u0105dzaj z nami\",\"publisher\":{\"@id\":\"https:\/\/bobimarket.pl\/#organization\"},\"potentialAction\":[{\"@type\":\"SearchAction\",\"target\":{\"@type\":\"EntryPoint\",\"urlTemplate\":\"https:\/\/bobimarket.pl\/?s={search_term_string}\"},\"query-input\":\"required name=search_term_string\"}],\"inLanguage\":\"pl-PL\"},{\"@type\":\"Organization\",\"@id\":\"https:\/\/bobimarket.pl\/#organization\",\"name\":\"BOBIMARKET.pl\",\"url\":\"https:\/\/bobimarket.pl\/\",\"logo\":{\"@type\":\"ImageObject\",\"inLanguage\":\"pl-PL\",\"@id\":\"https:\/\/bobimarket.pl\/#\/schema\/logo\/image\/\",\"url\":\"https:\/\/bobimarket.pl\/wp-content\/uploads\/2021\/11\/slogan.png\",\"contentUrl\":\"https:\/\/bobimarket.pl\/wp-content\/uploads\/2021\/11\/slogan.png\",\"width\":2000,\"height\":384,\"caption\":\"BOBIMARKET.pl\"},\"image\":{\"@id\":\"https:\/\/bobimarket.pl\/#\/schema\/logo\/image\/\"}}]}<\/script>\n<!-- \/ Yoast SEO plugin. -->","yoast_head_json":{"title":"SEKATOR OGRODOWY NO\u017bYCE DO KRZEW\u00d3W GA\u0141\u0118ZI MOCNY - BOBIMARKET.pl - Remontuj i urz\u0105dzaj z nami","robots":{"index":"index","follow":"follow","max-snippet":"max-snippet:-1","max-image-preview":"max-image-preview:large","max-video-preview":"max-video-preview:-1"},"canonical":"https:\/\/bobimarket.pl\/index.php\/produkt\/sekator-ogrodowy-nozyce-do-krzewow-galezi-mocny\/","og_locale":"pl_PL","og_type":"article","og_title":"SEKATOR OGRODOWY NO\u017bYCE DO KRZEW\u00d3W GA\u0141\u0118ZI MOCNY - BOBIMARKET.pl - Remontuj i urz\u0105dzaj z nami","og_description":"SEKATOR OGRODOWY NO\u017bYCE DO KRZEW\u00d3W GA\u0141\u0118ZI MOCNY Dane techniczne: D\u0142ugo\u015b\u0107 ca\u0142kowita: 200mm Materia\u0142: Stal Karbowana R\u0105czki pokryte tworzywem Na sekatorze mo\u017ce wyst\u0119powa\u0107 niewielka ilo\u015b\u0107 smaru. Kt\u00f3ra jest nak\u0142adana w czasie produkcji. Sekator profesjonalny 8\u2033. Wykonany ze specjalnej stali karbonowej. R\u0105czki powlekane s\u0105 tworzywem antypo\u015blizgowym. Przeznaczony do kwiat\u00f3w i p\u0119d\u00f3w. Uchwyt z por\u0119czn\u0105 blokad\u0105 ostrza. D\u0142ugo\u015b\u0107     Czytaj wi\u0119cej \"SEKATOR OGRODOWY NO\u017bYCE DO KRZEW\u00d3W GA\u0141\u0118ZI MOCNY\"","og_url":"https:\/\/bobimarket.pl\/index.php\/produkt\/sekator-ogrodowy-nozyce-do-krzewow-galezi-mocny\/","og_site_name":"BOBIMARKET.pl - Remontuj i urz\u0105dzaj z nami","article_modified_time":"2025-02-27T14:17:19+00:00","og_image":[{"url":"https:\/\/upload.cdn.baselinker.com\/products\/14476\/26d801a204c0592010c7f47b3e8d888a.jpg"}],"twitter_card":"summary_large_image","schema":{"@context":"https:\/\/schema.org","@graph":[{"@type":"WebPage","@id":"https:\/\/bobimarket.pl\/index.php\/produkt\/sekator-ogrodowy-nozyce-do-krzewow-galezi-mocny\/","url":"https:\/\/bobimarket.pl\/index.php\/produkt\/sekator-ogrodowy-nozyce-do-krzewow-galezi-mocny\/","name":"SEKATOR OGRODOWY NO\u017bYCE DO KRZEW\u00d3W GA\u0141\u0118ZI MOCNY - BOBIMARKET.pl - Remontuj i urz\u0105dzaj z nami","isPartOf":{"@id":"https:\/\/bobimarket.pl\/#website"},"datePublished":"2023-08-29T20:31:54+00:00","dateModified":"2025-02-27T14:17:19+00:00","breadcrumb":{"@id":"https:\/\/bobimarket.pl\/index.php\/produkt\/sekator-ogrodowy-nozyce-do-krzewow-galezi-mocny\/#breadcrumb"},"inLanguage":"pl-PL","potentialAction":[{"@type":"ReadAction","target":["https:\/\/bobimarket.pl\/index.php\/produkt\/sekator-ogrodowy-nozyce-do-krzewow-galezi-mocny\/"]}]},{"@type":"BreadcrumbList","@id":"https:\/\/bobimarket.pl\/index.php\/produkt\/sekator-ogrodowy-nozyce-do-krzewow-galezi-mocny\/#breadcrumb","itemListElement":[{"@type":"ListItem","position":1,"name":"Strona g\u0142\u00f3wna","item":"https:\/\/bobimarket.pl\/"},{"@type":"ListItem","position":2,"name":"Sklep","item":"https:\/\/bobimarket.pl\/index.php\/shop\/"},{"@type":"ListItem","position":3,"name":"SEKATOR OGRODOWY NO\u017bYCE DO KRZEW\u00d3W GA\u0141\u0118ZI MOCNY"}]},{"@type":"WebSite","@id":"https:\/\/bobimarket.pl\/#website","url":"https:\/\/bobimarket.pl\/","name":"BOBIMARKET.pl - Remontuj i urz\u0105dzaj z nami","description":"Remontuj i urz\u0105dzaj z nami","publisher":{"@id":"https:\/\/bobimarket.pl\/#organization"},"potentialAction":[{"@type":"SearchAction","target":{"@type":"EntryPoint","urlTemplate":"https:\/\/bobimarket.pl\/?s={search_term_string}"},"query-input":"required name=search_term_string"}],"inLanguage":"pl-PL"},{"@type":"Organization","@id":"https:\/\/bobimarket.pl\/#organization","name":"BOBIMARKET.pl","url":"https:\/\/bobimarket.pl\/","logo":{"@type":"ImageObject","inLanguage":"pl-PL","@id":"https:\/\/bobimarket.pl\/#\/schema\/logo\/image\/","url":"https:\/\/bobimarket.pl\/wp-content\/uploads\/2021\/11\/slogan.png","contentUrl":"https:\/\/bobimarket.pl\/wp-content\/uploads\/2021\/11\/slogan.png","width":2000,"height":384,"caption":"BOBIMARKET.pl"},"image":{"@id":"https:\/\/bobimarket.pl\/#\/schema\/logo\/image\/"}}]}},"_links":{"self":[{"href":"https:\/\/bobimarket.pl\/index.php\/wp-json\/wp\/v2\/product\/84289"}],"collection":[{"href":"https:\/\/bobimarket.pl\/index.php\/wp-json\/wp\/v2\/product"}],"about":[{"href":"https:\/\/bobimarket.pl\/index.php\/wp-json\/wp\/v2\/types\/product"}],"wp:featuredmedia":[{"embeddable":true,"href":"https:\/\/bobimarket.pl\/index.php\/wp-json\/wp\/v2\/media\/84282"}],"wp:attachment":[{"href":"https:\/\/bobimarket.pl\/index.php\/wp-json\/wp\/v2\/media?parent=84289"}],"wp:term":[{"taxonomy":"product_cat","embeddable":true,"href":"https:\/\/bobimarket.pl\/index.php\/wp-json\/wp\/v2\/product_cat?post=84289"},{"taxonomy":"product_tag","embeddable":true,"href":"https:\/\/bobimarket.pl\/index.php\/wp-json\/wp\/v2\/product_tag?post=84289"}],"curies":[{"name":"wp","href":"https:\/\/api.w.org\/{rel}","templated":true}]}}