{"id":84454,"date":"2023-08-29T20:50:20","date_gmt":"2023-08-29T20:50:20","guid":{"rendered":"https:\/\/bobimarket.pl\/index.php\/produkt\/noz-metalowy-do-tapet-nozyk-13-ostrzy-gratis\/"},"modified":"2025-02-27T14:20:17","modified_gmt":"2025-02-27T14:20:17","slug":"noz-metalowy-do-tapet-nozyk-13-ostrzy-gratis","status":"publish","type":"product","link":"https:\/\/bobimarket.pl\/index.php\/produkt\/noz-metalowy-do-tapet-nozyk-13-ostrzy-gratis\/","title":{"rendered":"N\u00d3\u017b METALOWY DO TAPET NO\u017bYK + 13 OSTRZY GRATIS"},"content":{"rendered":"<section class=\"section\">\n<div class=\"item item-6\">\n<section class=\"image-item\">\n            <img decoding=\"async\" src=\"https:\/\/upload.cdn.baselinker.com\/products\/14476\/df1811c417638a3ded13eb8adf56ca87.jpg\" \/><br \/>\n        <\/section>\n<\/p><\/div>\n<div class=\"item item-6\">\n<section class=\"text-item\">\n<h1>N\u00d3\u017b DO TAPET ALUMINIOWY KORPUS<\/h1>\n<p><b>Charakterystyka produktu:<\/b><\/p>\n<ul>\n<li>korpus wykonany z<b> aluminium<\/b><\/li>\n<li>metalowa prowadnica ostrza<\/li>\n<li>wysuwane, \u0142amane ostrze (<b>stal w\u0119glowa<\/b>)<\/li>\n<li>wyprofilowana r\u0119koje\u015b\u0107<\/li>\n<li>szeroko\u015b\u0107 ostrza:\u00a0<b>18 mm<\/b><\/li>\n<\/ul>\n<\/section><\/div>\n<\/section>\n<section class=\"section\">\n<div class=\"item item-6\">\n<section class=\"image-item\">\n            <img decoding=\"async\" src=\"https:\/\/upload.cdn.baselinker.com\/products\/14476\/4153233e673b218a4196b89d90775b48.jpg\" \/><br \/>\n        <\/section>\n<\/p><\/div>\n<div class=\"item item-6\">\n<section class=\"text-item\">\n<h2>KOMPLET ZAWIERA:<\/h2>\n<ul>\n<li><b>N\u00d3\u017b Z 1 OSTRZEM<\/b><\/li>\n<li><b>12 OSTRZY GRATIS<\/b><\/li>\n<\/ul>\n<p><b>DAJE NAM TO A\u017b 13 OSTRZY W ZESTAWIE !!!!<\/b><\/p>\n<\/section><\/div>\n<\/section>\n<section class=\"section\">\n<div class=\"item item-6\">\n<section class=\"image-item\">\n            <img decoding=\"async\" src=\"https:\/\/upload.cdn.baselinker.com\/products\/14476\/4da65b70c52ff120407ac65723834080.jpg\" \/><br \/>\n        <\/section>\n<\/p><\/div>\n<div class=\"item item-6\">\n<section class=\"text-item\">\n<p><b>ZASTOSOWANIE:<\/b><\/p>\n<p>\u00a0Do ci\u0119cia tapet, karton\u00f3w, ta\u015bm, kabli, wyk\u0142adzin,drewna.<\/p>\n<\/section><\/div>\n<\/section>\n","protected":false},"excerpt":{"rendered":"<p>N\u00d3\u017b DO TAPET ALUMINIOWY KORPUS Charakterystyka produktu: korpus wykonany z aluminium metalowa prowadnica ostrza wysuwane, \u0142amane ostrze (stal w\u0119glowa) wyprofilowana r\u0119koje\u015b\u0107 szeroko\u015b\u0107 ostrza:\u00a018 mm KOMPLET ZAWIERA: N\u00d3\u017b Z 1 OSTRZEM 12 OSTRZY GRATIS DAJE NAM TO A\u017b 13 OSTRZY W ZESTAWIE !!!! ZASTOSOWANIE: \u00a0Do ci\u0119cia tapet, karton\u00f3w, ta\u015bm, kabli, wyk\u0142adzin,drewna.<\/p>\n","protected":false},"featured_media":84450,"template":"","meta":[],"product_cat":[8259],"product_tag":[],"yoast_head":"<!-- This site is optimized with the Yoast SEO plugin v21.0 - https:\/\/yoast.com\/wordpress\/plugins\/seo\/ -->\n<title>N\u00d3\u017b METALOWY DO TAPET NO\u017bYK + 13 OSTRZY GRATIS - BOBIMARKET.pl - Remontuj i urz\u0105dzaj z nami<\/title>\n<meta name=\"robots\" content=\"index, follow, max-snippet:-1, max-image-preview:large, max-video-preview:-1\" \/>\n<link rel=\"canonical\" href=\"https:\/\/bobimarket.pl\/index.php\/produkt\/noz-metalowy-do-tapet-nozyk-13-ostrzy-gratis\/\" \/>\n<meta property=\"og:locale\" content=\"pl_PL\" \/>\n<meta property=\"og:type\" content=\"article\" \/>\n<meta property=\"og:title\" content=\"N\u00d3\u017b METALOWY DO TAPET NO\u017bYK + 13 OSTRZY GRATIS - BOBIMARKET.pl - Remontuj i urz\u0105dzaj z nami\" \/>\n<meta property=\"og:description\" content=\"N\u00d3\u017b DO TAPET ALUMINIOWY KORPUS Charakterystyka produktu: korpus wykonany z aluminium metalowa prowadnica ostrza wysuwane, \u0142amane ostrze (stal w\u0119glowa) wyprofilowana r\u0119koje\u015b\u0107 szeroko\u015b\u0107 ostrza:\u00a018 mm KOMPLET ZAWIERA: N\u00d3\u017b Z 1 OSTRZEM 12 OSTRZY GRATIS DAJE NAM TO A\u017b 13 OSTRZY W ZESTAWIE !!!! ZASTOSOWANIE: \u00a0Do ci\u0119cia tapet, karton\u00f3w, ta\u015bm, kabli, wyk\u0142adzin,drewna.\" \/>\n<meta property=\"og:url\" content=\"https:\/\/bobimarket.pl\/index.php\/produkt\/noz-metalowy-do-tapet-nozyk-13-ostrzy-gratis\/\" \/>\n<meta property=\"og:site_name\" content=\"BOBIMARKET.pl - Remontuj i urz\u0105dzaj z nami\" \/>\n<meta property=\"article:modified_time\" content=\"2025-02-27T14:20:17+00:00\" \/>\n<meta property=\"og:image\" content=\"https:\/\/upload.cdn.baselinker.com\/products\/14476\/df1811c417638a3ded13eb8adf56ca87.jpg\" \/>\n<meta name=\"twitter:card\" content=\"summary_large_image\" \/>\n<script type=\"application\/ld+json\" class=\"yoast-schema-graph\">{\"@context\":\"https:\/\/schema.org\",\"@graph\":[{\"@type\":\"WebPage\",\"@id\":\"https:\/\/bobimarket.pl\/index.php\/produkt\/noz-metalowy-do-tapet-nozyk-13-ostrzy-gratis\/\",\"url\":\"https:\/\/bobimarket.pl\/index.php\/produkt\/noz-metalowy-do-tapet-nozyk-13-ostrzy-gratis\/\",\"name\":\"N\u00d3\u017b METALOWY DO TAPET NO\u017bYK + 13 OSTRZY GRATIS - BOBIMARKET.pl - Remontuj i urz\u0105dzaj z nami\",\"isPartOf\":{\"@id\":\"https:\/\/bobimarket.pl\/#website\"},\"datePublished\":\"2023-08-29T20:50:20+00:00\",\"dateModified\":\"2025-02-27T14:20:17+00:00\",\"breadcrumb\":{\"@id\":\"https:\/\/bobimarket.pl\/index.php\/produkt\/noz-metalowy-do-tapet-nozyk-13-ostrzy-gratis\/#breadcrumb\"},\"inLanguage\":\"pl-PL\",\"potentialAction\":[{\"@type\":\"ReadAction\",\"target\":[\"https:\/\/bobimarket.pl\/index.php\/produkt\/noz-metalowy-do-tapet-nozyk-13-ostrzy-gratis\/\"]}]},{\"@type\":\"BreadcrumbList\",\"@id\":\"https:\/\/bobimarket.pl\/index.php\/produkt\/noz-metalowy-do-tapet-nozyk-13-ostrzy-gratis\/#breadcrumb\",\"itemListElement\":[{\"@type\":\"ListItem\",\"position\":1,\"name\":\"Strona g\u0142\u00f3wna\",\"item\":\"https:\/\/bobimarket.pl\/\"},{\"@type\":\"ListItem\",\"position\":2,\"name\":\"Sklep\",\"item\":\"https:\/\/bobimarket.pl\/index.php\/shop\/\"},{\"@type\":\"ListItem\",\"position\":3,\"name\":\"N\u00d3\u017b METALOWY DO TAPET NO\u017bYK + 13 OSTRZY GRATIS\"}]},{\"@type\":\"WebSite\",\"@id\":\"https:\/\/bobimarket.pl\/#website\",\"url\":\"https:\/\/bobimarket.pl\/\",\"name\":\"BOBIMARKET.pl - Remontuj i urz\u0105dzaj z nami\",\"description\":\"Remontuj i urz\u0105dzaj z nami\",\"publisher\":{\"@id\":\"https:\/\/bobimarket.pl\/#organization\"},\"potentialAction\":[{\"@type\":\"SearchAction\",\"target\":{\"@type\":\"EntryPoint\",\"urlTemplate\":\"https:\/\/bobimarket.pl\/?s={search_term_string}\"},\"query-input\":\"required name=search_term_string\"}],\"inLanguage\":\"pl-PL\"},{\"@type\":\"Organization\",\"@id\":\"https:\/\/bobimarket.pl\/#organization\",\"name\":\"BOBIMARKET.pl\",\"url\":\"https:\/\/bobimarket.pl\/\",\"logo\":{\"@type\":\"ImageObject\",\"inLanguage\":\"pl-PL\",\"@id\":\"https:\/\/bobimarket.pl\/#\/schema\/logo\/image\/\",\"url\":\"https:\/\/bobimarket.pl\/wp-content\/uploads\/2021\/11\/slogan.png\",\"contentUrl\":\"https:\/\/bobimarket.pl\/wp-content\/uploads\/2021\/11\/slogan.png\",\"width\":2000,\"height\":384,\"caption\":\"BOBIMARKET.pl\"},\"image\":{\"@id\":\"https:\/\/bobimarket.pl\/#\/schema\/logo\/image\/\"}}]}<\/script>\n<!-- \/ Yoast SEO plugin. -->","yoast_head_json":{"title":"N\u00d3\u017b METALOWY DO TAPET NO\u017bYK + 13 OSTRZY GRATIS - BOBIMARKET.pl - Remontuj i urz\u0105dzaj z nami","robots":{"index":"index","follow":"follow","max-snippet":"max-snippet:-1","max-image-preview":"max-image-preview:large","max-video-preview":"max-video-preview:-1"},"canonical":"https:\/\/bobimarket.pl\/index.php\/produkt\/noz-metalowy-do-tapet-nozyk-13-ostrzy-gratis\/","og_locale":"pl_PL","og_type":"article","og_title":"N\u00d3\u017b METALOWY DO TAPET NO\u017bYK + 13 OSTRZY GRATIS - BOBIMARKET.pl - Remontuj i urz\u0105dzaj z nami","og_description":"N\u00d3\u017b DO TAPET ALUMINIOWY KORPUS Charakterystyka produktu: korpus wykonany z aluminium metalowa prowadnica ostrza wysuwane, \u0142amane ostrze (stal w\u0119glowa) wyprofilowana r\u0119koje\u015b\u0107 szeroko\u015b\u0107 ostrza:\u00a018 mm KOMPLET ZAWIERA: N\u00d3\u017b Z 1 OSTRZEM 12 OSTRZY GRATIS DAJE NAM TO A\u017b 13 OSTRZY W ZESTAWIE !!!! ZASTOSOWANIE: \u00a0Do ci\u0119cia tapet, karton\u00f3w, ta\u015bm, kabli, wyk\u0142adzin,drewna.","og_url":"https:\/\/bobimarket.pl\/index.php\/produkt\/noz-metalowy-do-tapet-nozyk-13-ostrzy-gratis\/","og_site_name":"BOBIMARKET.pl - Remontuj i urz\u0105dzaj z nami","article_modified_time":"2025-02-27T14:20:17+00:00","og_image":[{"url":"https:\/\/upload.cdn.baselinker.com\/products\/14476\/df1811c417638a3ded13eb8adf56ca87.jpg"}],"twitter_card":"summary_large_image","schema":{"@context":"https:\/\/schema.org","@graph":[{"@type":"WebPage","@id":"https:\/\/bobimarket.pl\/index.php\/produkt\/noz-metalowy-do-tapet-nozyk-13-ostrzy-gratis\/","url":"https:\/\/bobimarket.pl\/index.php\/produkt\/noz-metalowy-do-tapet-nozyk-13-ostrzy-gratis\/","name":"N\u00d3\u017b METALOWY DO TAPET NO\u017bYK + 13 OSTRZY GRATIS - BOBIMARKET.pl - Remontuj i urz\u0105dzaj z nami","isPartOf":{"@id":"https:\/\/bobimarket.pl\/#website"},"datePublished":"2023-08-29T20:50:20+00:00","dateModified":"2025-02-27T14:20:17+00:00","breadcrumb":{"@id":"https:\/\/bobimarket.pl\/index.php\/produkt\/noz-metalowy-do-tapet-nozyk-13-ostrzy-gratis\/#breadcrumb"},"inLanguage":"pl-PL","potentialAction":[{"@type":"ReadAction","target":["https:\/\/bobimarket.pl\/index.php\/produkt\/noz-metalowy-do-tapet-nozyk-13-ostrzy-gratis\/"]}]},{"@type":"BreadcrumbList","@id":"https:\/\/bobimarket.pl\/index.php\/produkt\/noz-metalowy-do-tapet-nozyk-13-ostrzy-gratis\/#breadcrumb","itemListElement":[{"@type":"ListItem","position":1,"name":"Strona g\u0142\u00f3wna","item":"https:\/\/bobimarket.pl\/"},{"@type":"ListItem","position":2,"name":"Sklep","item":"https:\/\/bobimarket.pl\/index.php\/shop\/"},{"@type":"ListItem","position":3,"name":"N\u00d3\u017b METALOWY DO TAPET NO\u017bYK + 13 OSTRZY GRATIS"}]},{"@type":"WebSite","@id":"https:\/\/bobimarket.pl\/#website","url":"https:\/\/bobimarket.pl\/","name":"BOBIMARKET.pl - Remontuj i urz\u0105dzaj z nami","description":"Remontuj i urz\u0105dzaj z nami","publisher":{"@id":"https:\/\/bobimarket.pl\/#organization"},"potentialAction":[{"@type":"SearchAction","target":{"@type":"EntryPoint","urlTemplate":"https:\/\/bobimarket.pl\/?s={search_term_string}"},"query-input":"required name=search_term_string"}],"inLanguage":"pl-PL"},{"@type":"Organization","@id":"https:\/\/bobimarket.pl\/#organization","name":"BOBIMARKET.pl","url":"https:\/\/bobimarket.pl\/","logo":{"@type":"ImageObject","inLanguage":"pl-PL","@id":"https:\/\/bobimarket.pl\/#\/schema\/logo\/image\/","url":"https:\/\/bobimarket.pl\/wp-content\/uploads\/2021\/11\/slogan.png","contentUrl":"https:\/\/bobimarket.pl\/wp-content\/uploads\/2021\/11\/slogan.png","width":2000,"height":384,"caption":"BOBIMARKET.pl"},"image":{"@id":"https:\/\/bobimarket.pl\/#\/schema\/logo\/image\/"}}]}},"_links":{"self":[{"href":"https:\/\/bobimarket.pl\/index.php\/wp-json\/wp\/v2\/product\/84454"}],"collection":[{"href":"https:\/\/bobimarket.pl\/index.php\/wp-json\/wp\/v2\/product"}],"about":[{"href":"https:\/\/bobimarket.pl\/index.php\/wp-json\/wp\/v2\/types\/product"}],"wp:featuredmedia":[{"embeddable":true,"href":"https:\/\/bobimarket.pl\/index.php\/wp-json\/wp\/v2\/media\/84450"}],"wp:attachment":[{"href":"https:\/\/bobimarket.pl\/index.php\/wp-json\/wp\/v2\/media?parent=84454"}],"wp:term":[{"taxonomy":"product_cat","embeddable":true,"href":"https:\/\/bobimarket.pl\/index.php\/wp-json\/wp\/v2\/product_cat?post=84454"},{"taxonomy":"product_tag","embeddable":true,"href":"https:\/\/bobimarket.pl\/index.php\/wp-json\/wp\/v2\/product_tag?post=84454"}],"curies":[{"name":"wp","href":"https:\/\/api.w.org\/{rel}","templated":true}]}}