{"id":84651,"date":"2023-08-29T21:08:45","date_gmt":"2023-08-29T21:08:45","guid":{"rendered":"https:\/\/bobimarket.pl\/index.php\/produkt\/skrobaczka-do-szyb-mosiezna-zmiotka-miotelka\/"},"modified":"2025-02-27T14:23:31","modified_gmt":"2025-02-27T14:23:31","slug":"skrobaczka-do-szyb-mosiezna-zmiotka-miotelka","status":"publish","type":"product","link":"https:\/\/bobimarket.pl\/index.php\/produkt\/skrobaczka-do-szyb-mosiezna-zmiotka-miotelka\/","title":{"rendered":"SKROBACZKA DO SZYB MOSI\u0118\u017bNA+ ZMIOTKA MIOTE\u0141KA"},"content":{"rendered":"<section class=\"section\">\n<div class=\"item item-6\">\n<section class=\"image-item\">\n            <img decoding=\"async\" src=\"https:\/\/upload.cdn.baselinker.com\/products\/14476\/cf3efc358cb53d0f0775b2b7476fed5c.jpg\" \/><br \/>\n        <\/section>\n<\/p><\/div>\n<div class=\"item item-6\">\n<section class=\"text-item\">\n<h2>SKROBACZKA DO SZYB MOSI\u0118\u017bNA ZMIOTKA ZESTAW<\/h2>\n<p><b>DANE TECHNICZNE:\u00a0<\/b><\/p>\n<ul>\n<li>Wymiary zmiotki: <b>33,5 cm x 17 cm<\/b><\/li>\n<li>Wymiary skorabaczki: <b>9,5 cm <\/b><\/li>\n<\/ul>\n<p>Idealny zestaw na zasypane \u015bniegiem poranki! Komplet zawiera zmiotk\u0119 do od\u015bnie\u017cania auta oraz skrobaczk\u0119 do szyb.<\/p>\n<\/section><\/div>\n<\/section>\n<section class=\"section\">\n<div class=\"item item-6\">\n<section class=\"image-item\">\n            <img decoding=\"async\" src=\"https:\/\/upload.cdn.baselinker.com\/products\/14476\/4ed7dff5b6aa8aca27be1a0617c2b750.jpg\" \/><br \/>\n        <\/section>\n<\/p><\/div>\n<div class=\"item item-6\">\n<section class=\"text-item\">\n<h2>MIOTE\u0141KA<\/h2>\n<ul>\n<li>D\u0142ugo\u015b\u0107 ca\u0142kowita: <b>335 mm <\/b><\/li>\n<li>D\u0142ugo\u015b\u0107 w\u0142osia:<b> 6,5cm<\/b><\/li>\n<li>D\u0142ugo\u015b\u0107 zmiotki:<b>170mm<\/b><\/li>\n<li>Materia\u0142: drewno<\/li>\n<li>W\u0142osie: mieszanka w\u0142osie naturalne oraz PET<\/li>\n<li>Produkt polski !!!<\/li>\n<\/ul>\n<p><b>Polskiej<\/b> produkcji zmiotka wykonana z g\u0119sto rozmieszczonej mieszanki w\u0142osia naturalnego oraz tworzywa PET.<\/p>\n<p>Niezast\u0105piona podczas odsnie\u017cania samochodu. Praktyczna i wielofunkcyjna.<\/p>\n<\/section><\/div>\n<\/section>\n<section class=\"section\">\n<div class=\"item item-6\">\n<section class=\"image-item\">\n            <img decoding=\"async\" src=\"https:\/\/upload.cdn.baselinker.com\/products\/14476\/e2437491a87818eb6dfc481ef39379b7.jpg\" \/><br \/>\n        <\/section>\n<\/p><\/div>\n<div class=\"item item-6\">\n<section class=\"text-item\">\n<h2>SKROBACZKA DO SZYB<\/h2>\n<ul>\n<li>Szeroko\u015b\u0107 ostrza:<b> 9,5cm<\/b><\/li>\n<li>Wysoko\u015bc ostrza:<b> 0,5cm<\/b><\/li>\n<li>Materia\u0142: Tworzywo\/ Mosi\u0105dz<\/li>\n<li>Kraj produkcji: Francja<\/li>\n<li>Wysoka jako\u015b\u0107 !!!<\/li>\n<\/ul>\n<p>Wysokiej jako\u015bci skrobaczka do szyb z mosi\u0119\u017cnym ostrzem, kt\u00f3re nie powoduje rysowania szyby samochodu.<\/p>\n<p>Skrobak posiada wygodn\u0105 r\u0105czk\u0119 zako\u0144czon\u0105 haczykiem do powieszenia.<\/p>\n<\/section><\/div>\n<\/section>\n<section class=\"section\">\n<div class=\"item item-12\">\n<section class=\"image-item\">\n            <img decoding=\"async\" src=\"https:\/\/upload.cdn.baselinker.com\/products\/14476\/cf3efc358cb53d0f0775b2b7476fed5c.jpg\" \/><br \/>\n        <\/section>\n<\/p><\/div>\n<\/section>\n","protected":false},"excerpt":{"rendered":"<p>SKROBACZKA DO SZYB MOSI\u0118\u017bNA ZMIOTKA ZESTAW DANE TECHNICZNE:\u00a0 Wymiary zmiotki: 33,5 cm x 17 cm Wymiary skorabaczki: 9,5 cm Idealny zestaw na zasypane \u015bniegiem poranki! Komplet zawiera zmiotk\u0119 do od\u015bnie\u017cania auta oraz skrobaczk\u0119 do szyb. MIOTE\u0141KA D\u0142ugo\u015b\u0107 ca\u0142kowita: 335 mm D\u0142ugo\u015b\u0107 w\u0142osia: 6,5cm D\u0142ugo\u015b\u0107 zmiotki:170mm Materia\u0142: drewno W\u0142osie: mieszanka w\u0142osie naturalne oraz PET Produkt polski<br \/><a class=\"more-link\" href=\"https:\/\/bobimarket.pl\/index.php\/produkt\/skrobaczka-do-szyb-mosiezna-zmiotka-miotelka\/\"><br \/>\n        Czytaj wi\u0119cej<span class=\"screen-reader-text\"> &#8222;SKROBACZKA DO SZYB MOSI\u0118\u017bNA+ ZMIOTKA MIOTE\u0141KA&#8221;<\/span><\/a><\/p>\n","protected":false},"featured_media":84648,"template":"","meta":[],"product_cat":[8269],"product_tag":[],"yoast_head":"<!-- This site is optimized with the Yoast SEO plugin v21.0 - https:\/\/yoast.com\/wordpress\/plugins\/seo\/ -->\n<title>SKROBACZKA DO SZYB MOSI\u0118\u017bNA+ ZMIOTKA MIOTE\u0141KA - BOBIMARKET.pl - Remontuj i urz\u0105dzaj z nami<\/title>\n<meta name=\"robots\" content=\"index, follow, max-snippet:-1, max-image-preview:large, max-video-preview:-1\" \/>\n<link rel=\"canonical\" href=\"https:\/\/bobimarket.pl\/index.php\/produkt\/skrobaczka-do-szyb-mosiezna-zmiotka-miotelka\/\" \/>\n<meta property=\"og:locale\" content=\"pl_PL\" \/>\n<meta property=\"og:type\" content=\"article\" \/>\n<meta property=\"og:title\" content=\"SKROBACZKA DO SZYB MOSI\u0118\u017bNA+ ZMIOTKA MIOTE\u0141KA - BOBIMARKET.pl - Remontuj i urz\u0105dzaj z nami\" \/>\n<meta property=\"og:description\" content=\"SKROBACZKA DO SZYB MOSI\u0118\u017bNA ZMIOTKA ZESTAW DANE TECHNICZNE:\u00a0 Wymiary zmiotki: 33,5 cm x 17 cm Wymiary skorabaczki: 9,5 cm Idealny zestaw na zasypane \u015bniegiem poranki! Komplet zawiera zmiotk\u0119 do od\u015bnie\u017cania auta oraz skrobaczk\u0119 do szyb. MIOTE\u0141KA D\u0142ugo\u015b\u0107 ca\u0142kowita: 335 mm D\u0142ugo\u015b\u0107 w\u0142osia: 6,5cm D\u0142ugo\u015b\u0107 zmiotki:170mm Materia\u0142: drewno W\u0142osie: mieszanka w\u0142osie naturalne oraz PET Produkt polski     Czytaj wi\u0119cej &quot;SKROBACZKA DO SZYB MOSI\u0118\u017bNA+ ZMIOTKA MIOTE\u0141KA&quot;\" \/>\n<meta property=\"og:url\" content=\"https:\/\/bobimarket.pl\/index.php\/produkt\/skrobaczka-do-szyb-mosiezna-zmiotka-miotelka\/\" \/>\n<meta property=\"og:site_name\" content=\"BOBIMARKET.pl - Remontuj i urz\u0105dzaj z nami\" \/>\n<meta property=\"article:modified_time\" content=\"2025-02-27T14:23:31+00:00\" \/>\n<meta property=\"og:image\" content=\"https:\/\/upload.cdn.baselinker.com\/products\/14476\/cf3efc358cb53d0f0775b2b7476fed5c.jpg\" \/>\n<meta name=\"twitter:card\" content=\"summary_large_image\" \/>\n<meta name=\"twitter:label1\" content=\"Szacowany czas czytania\" \/>\n\t<meta name=\"twitter:data1\" content=\"1 minuta\" \/>\n<script type=\"application\/ld+json\" class=\"yoast-schema-graph\">{\"@context\":\"https:\/\/schema.org\",\"@graph\":[{\"@type\":\"WebPage\",\"@id\":\"https:\/\/bobimarket.pl\/index.php\/produkt\/skrobaczka-do-szyb-mosiezna-zmiotka-miotelka\/\",\"url\":\"https:\/\/bobimarket.pl\/index.php\/produkt\/skrobaczka-do-szyb-mosiezna-zmiotka-miotelka\/\",\"name\":\"SKROBACZKA DO SZYB MOSI\u0118\u017bNA+ ZMIOTKA MIOTE\u0141KA - BOBIMARKET.pl - Remontuj i urz\u0105dzaj z nami\",\"isPartOf\":{\"@id\":\"https:\/\/bobimarket.pl\/#website\"},\"datePublished\":\"2023-08-29T21:08:45+00:00\",\"dateModified\":\"2025-02-27T14:23:31+00:00\",\"breadcrumb\":{\"@id\":\"https:\/\/bobimarket.pl\/index.php\/produkt\/skrobaczka-do-szyb-mosiezna-zmiotka-miotelka\/#breadcrumb\"},\"inLanguage\":\"pl-PL\",\"potentialAction\":[{\"@type\":\"ReadAction\",\"target\":[\"https:\/\/bobimarket.pl\/index.php\/produkt\/skrobaczka-do-szyb-mosiezna-zmiotka-miotelka\/\"]}]},{\"@type\":\"BreadcrumbList\",\"@id\":\"https:\/\/bobimarket.pl\/index.php\/produkt\/skrobaczka-do-szyb-mosiezna-zmiotka-miotelka\/#breadcrumb\",\"itemListElement\":[{\"@type\":\"ListItem\",\"position\":1,\"name\":\"Strona g\u0142\u00f3wna\",\"item\":\"https:\/\/bobimarket.pl\/\"},{\"@type\":\"ListItem\",\"position\":2,\"name\":\"Sklep\",\"item\":\"https:\/\/bobimarket.pl\/index.php\/shop\/\"},{\"@type\":\"ListItem\",\"position\":3,\"name\":\"SKROBACZKA DO SZYB MOSI\u0118\u017bNA+ ZMIOTKA MIOTE\u0141KA\"}]},{\"@type\":\"WebSite\",\"@id\":\"https:\/\/bobimarket.pl\/#website\",\"url\":\"https:\/\/bobimarket.pl\/\",\"name\":\"BOBIMARKET.pl - Remontuj i urz\u0105dzaj z nami\",\"description\":\"Remontuj i urz\u0105dzaj z nami\",\"publisher\":{\"@id\":\"https:\/\/bobimarket.pl\/#organization\"},\"potentialAction\":[{\"@type\":\"SearchAction\",\"target\":{\"@type\":\"EntryPoint\",\"urlTemplate\":\"https:\/\/bobimarket.pl\/?s={search_term_string}\"},\"query-input\":\"required name=search_term_string\"}],\"inLanguage\":\"pl-PL\"},{\"@type\":\"Organization\",\"@id\":\"https:\/\/bobimarket.pl\/#organization\",\"name\":\"BOBIMARKET.pl\",\"url\":\"https:\/\/bobimarket.pl\/\",\"logo\":{\"@type\":\"ImageObject\",\"inLanguage\":\"pl-PL\",\"@id\":\"https:\/\/bobimarket.pl\/#\/schema\/logo\/image\/\",\"url\":\"https:\/\/bobimarket.pl\/wp-content\/uploads\/2021\/11\/slogan.png\",\"contentUrl\":\"https:\/\/bobimarket.pl\/wp-content\/uploads\/2021\/11\/slogan.png\",\"width\":2000,\"height\":384,\"caption\":\"BOBIMARKET.pl\"},\"image\":{\"@id\":\"https:\/\/bobimarket.pl\/#\/schema\/logo\/image\/\"}}]}<\/script>\n<!-- \/ Yoast SEO plugin. -->","yoast_head_json":{"title":"SKROBACZKA DO SZYB MOSI\u0118\u017bNA+ ZMIOTKA MIOTE\u0141KA - BOBIMARKET.pl - Remontuj i urz\u0105dzaj z nami","robots":{"index":"index","follow":"follow","max-snippet":"max-snippet:-1","max-image-preview":"max-image-preview:large","max-video-preview":"max-video-preview:-1"},"canonical":"https:\/\/bobimarket.pl\/index.php\/produkt\/skrobaczka-do-szyb-mosiezna-zmiotka-miotelka\/","og_locale":"pl_PL","og_type":"article","og_title":"SKROBACZKA DO SZYB MOSI\u0118\u017bNA+ ZMIOTKA MIOTE\u0141KA - BOBIMARKET.pl - Remontuj i urz\u0105dzaj z nami","og_description":"SKROBACZKA DO SZYB MOSI\u0118\u017bNA ZMIOTKA ZESTAW DANE TECHNICZNE:\u00a0 Wymiary zmiotki: 33,5 cm x 17 cm Wymiary skorabaczki: 9,5 cm Idealny zestaw na zasypane \u015bniegiem poranki! Komplet zawiera zmiotk\u0119 do od\u015bnie\u017cania auta oraz skrobaczk\u0119 do szyb. MIOTE\u0141KA D\u0142ugo\u015b\u0107 ca\u0142kowita: 335 mm D\u0142ugo\u015b\u0107 w\u0142osia: 6,5cm D\u0142ugo\u015b\u0107 zmiotki:170mm Materia\u0142: drewno W\u0142osie: mieszanka w\u0142osie naturalne oraz PET Produkt polski     Czytaj wi\u0119cej \"SKROBACZKA DO SZYB MOSI\u0118\u017bNA+ ZMIOTKA MIOTE\u0141KA\"","og_url":"https:\/\/bobimarket.pl\/index.php\/produkt\/skrobaczka-do-szyb-mosiezna-zmiotka-miotelka\/","og_site_name":"BOBIMARKET.pl - Remontuj i urz\u0105dzaj z nami","article_modified_time":"2025-02-27T14:23:31+00:00","og_image":[{"url":"https:\/\/upload.cdn.baselinker.com\/products\/14476\/cf3efc358cb53d0f0775b2b7476fed5c.jpg"}],"twitter_card":"summary_large_image","twitter_misc":{"Szacowany czas czytania":"1 minuta"},"schema":{"@context":"https:\/\/schema.org","@graph":[{"@type":"WebPage","@id":"https:\/\/bobimarket.pl\/index.php\/produkt\/skrobaczka-do-szyb-mosiezna-zmiotka-miotelka\/","url":"https:\/\/bobimarket.pl\/index.php\/produkt\/skrobaczka-do-szyb-mosiezna-zmiotka-miotelka\/","name":"SKROBACZKA DO SZYB MOSI\u0118\u017bNA+ ZMIOTKA MIOTE\u0141KA - BOBIMARKET.pl - Remontuj i urz\u0105dzaj z nami","isPartOf":{"@id":"https:\/\/bobimarket.pl\/#website"},"datePublished":"2023-08-29T21:08:45+00:00","dateModified":"2025-02-27T14:23:31+00:00","breadcrumb":{"@id":"https:\/\/bobimarket.pl\/index.php\/produkt\/skrobaczka-do-szyb-mosiezna-zmiotka-miotelka\/#breadcrumb"},"inLanguage":"pl-PL","potentialAction":[{"@type":"ReadAction","target":["https:\/\/bobimarket.pl\/index.php\/produkt\/skrobaczka-do-szyb-mosiezna-zmiotka-miotelka\/"]}]},{"@type":"BreadcrumbList","@id":"https:\/\/bobimarket.pl\/index.php\/produkt\/skrobaczka-do-szyb-mosiezna-zmiotka-miotelka\/#breadcrumb","itemListElement":[{"@type":"ListItem","position":1,"name":"Strona g\u0142\u00f3wna","item":"https:\/\/bobimarket.pl\/"},{"@type":"ListItem","position":2,"name":"Sklep","item":"https:\/\/bobimarket.pl\/index.php\/shop\/"},{"@type":"ListItem","position":3,"name":"SKROBACZKA DO SZYB MOSI\u0118\u017bNA+ ZMIOTKA MIOTE\u0141KA"}]},{"@type":"WebSite","@id":"https:\/\/bobimarket.pl\/#website","url":"https:\/\/bobimarket.pl\/","name":"BOBIMARKET.pl - Remontuj i urz\u0105dzaj z nami","description":"Remontuj i urz\u0105dzaj z nami","publisher":{"@id":"https:\/\/bobimarket.pl\/#organization"},"potentialAction":[{"@type":"SearchAction","target":{"@type":"EntryPoint","urlTemplate":"https:\/\/bobimarket.pl\/?s={search_term_string}"},"query-input":"required name=search_term_string"}],"inLanguage":"pl-PL"},{"@type":"Organization","@id":"https:\/\/bobimarket.pl\/#organization","name":"BOBIMARKET.pl","url":"https:\/\/bobimarket.pl\/","logo":{"@type":"ImageObject","inLanguage":"pl-PL","@id":"https:\/\/bobimarket.pl\/#\/schema\/logo\/image\/","url":"https:\/\/bobimarket.pl\/wp-content\/uploads\/2021\/11\/slogan.png","contentUrl":"https:\/\/bobimarket.pl\/wp-content\/uploads\/2021\/11\/slogan.png","width":2000,"height":384,"caption":"BOBIMARKET.pl"},"image":{"@id":"https:\/\/bobimarket.pl\/#\/schema\/logo\/image\/"}}]}},"_links":{"self":[{"href":"https:\/\/bobimarket.pl\/index.php\/wp-json\/wp\/v2\/product\/84651"}],"collection":[{"href":"https:\/\/bobimarket.pl\/index.php\/wp-json\/wp\/v2\/product"}],"about":[{"href":"https:\/\/bobimarket.pl\/index.php\/wp-json\/wp\/v2\/types\/product"}],"wp:featuredmedia":[{"embeddable":true,"href":"https:\/\/bobimarket.pl\/index.php\/wp-json\/wp\/v2\/media\/84648"}],"wp:attachment":[{"href":"https:\/\/bobimarket.pl\/index.php\/wp-json\/wp\/v2\/media?parent=84651"}],"wp:term":[{"taxonomy":"product_cat","embeddable":true,"href":"https:\/\/bobimarket.pl\/index.php\/wp-json\/wp\/v2\/product_cat?post=84651"},{"taxonomy":"product_tag","embeddable":true,"href":"https:\/\/bobimarket.pl\/index.php\/wp-json\/wp\/v2\/product_tag?post=84651"}],"curies":[{"name":"wp","href":"https:\/\/api.w.org\/{rel}","templated":true}]}}