{"id":84919,"date":"2023-08-29T21:33:36","date_gmt":"2023-08-29T21:33:36","guid":{"rendered":"https:\/\/bobimarket.pl\/index.php\/produkt\/sitko-kuchenne-do-mleka-cedzak-geste-160mm\/"},"modified":"2025-02-27T14:27:00","modified_gmt":"2025-02-27T14:27:00","slug":"sitko-kuchenne-do-mleka-cedzak-geste-160mm","status":"publish","type":"product","link":"https:\/\/bobimarket.pl\/index.php\/produkt\/sitko-kuchenne-do-mleka-cedzak-geste-160mm\/","title":{"rendered":"SITKO KUCHENNE DO MLEKA CEDZAK G\u0118STE 160mm"},"content":{"rendered":"<section class=\"section\">\n<div class=\"item item-6\">\n<section class=\"image-item\">\n            <img decoding=\"async\" src=\"https:\/\/upload.cdn.baselinker.com\/products\/14476\/38dc5a0d574c44e410d212bb25625f18.jpg\" \/><br \/>\n        <\/section>\n<\/p><\/div>\n<div class=\"item item-6\">\n<section class=\"text-item\">\n<h2>SITKO CEDZAK KUCHENNE PLASTIKOWE G\u0118STE\u00a0 160 mm<\/h2>\n<p><b>Dane techniczne:<\/b><\/p>\n<ul>\n<li>\u015arednica: <b>160<\/b>\u00a0<b>mm<\/b><\/li>\n<li>Wysoko\u015b\u0107:<b> 6,5 cm<\/b><\/li>\n<li>D\u0142ugo\u015b\u0107:<b> 28 cm<\/b><\/li>\n<li>Materia\u0142: wysokiej jako\u015bci tworzywo sztuczne<\/li>\n<\/ul>\n<\/section><\/div>\n<\/section>\n<section class=\"section\">\n<div class=\"item item-6\">\n<section class=\"image-item\">\n            <img decoding=\"async\" src=\"https:\/\/upload.cdn.baselinker.com\/products\/14476\/12c39eabae8d26b9a05ba31c9683f01c.jpg\" \/><br \/>\n        <\/section>\n<\/p><\/div>\n<div class=\"item item-6\">\n<section class=\"text-item\">\n<p>G\u0119ste sitko kuchenne wykonane z wysokiej jako\u015bci tworzywa sztucznego. Wielofunkcyjny element, niezb\u0119dy w ka\u017cdym domu!<\/p>\n<p>Sitko posiada g\u0119ste dno &#8211; idealne do cedzenia mleka lub dla winarzy. Sprawdzi si\u0119 r\u00f3wnie\u017c podczas przesiewania m\u0105ki czy cukru, lub odcedzania warzyw wyj\u0119tych z puszki.\u00a0<\/p>\n<ul>\n<li>D\u0142uga, por\u0119czna r\u0105czka z otworem do zawieszenia<\/li>\n<li>Dwa uchwyty umo\u017cliwiaj\u0105ce zawieszenie sitka do naczynia<\/li>\n<li>Bardzo g\u0119ste dno<\/li>\n<\/ul>\n<\/section><\/div>\n<\/section>\n","protected":false},"excerpt":{"rendered":"<p>SITKO CEDZAK KUCHENNE PLASTIKOWE G\u0118STE\u00a0 160 mm Dane techniczne: \u015arednica: 160\u00a0mm Wysoko\u015b\u0107: 6,5 cm D\u0142ugo\u015b\u0107: 28 cm Materia\u0142: wysokiej jako\u015bci tworzywo sztuczne G\u0119ste sitko kuchenne wykonane z wysokiej jako\u015bci tworzywa sztucznego. Wielofunkcyjny element, niezb\u0119dy w ka\u017cdym domu! Sitko posiada g\u0119ste dno &#8211; idealne do cedzenia mleka lub dla winarzy. Sprawdzi si\u0119 r\u00f3wnie\u017c podczas przesiewania m\u0105ki<br \/><a class=\"more-link\" href=\"https:\/\/bobimarket.pl\/index.php\/produkt\/sitko-kuchenne-do-mleka-cedzak-geste-160mm\/\"><br \/>\n        Czytaj wi\u0119cej<span class=\"screen-reader-text\"> &#8222;SITKO KUCHENNE DO MLEKA CEDZAK G\u0118STE 160mm&#8221;<\/span><\/a><\/p>\n","protected":false},"featured_media":84917,"template":"","meta":[],"product_cat":[8074],"product_tag":[],"yoast_head":"<!-- This site is optimized with the Yoast SEO plugin v21.0 - https:\/\/yoast.com\/wordpress\/plugins\/seo\/ -->\n<title>SITKO KUCHENNE DO MLEKA CEDZAK G\u0118STE 160mm - BOBIMARKET.pl - Remontuj i urz\u0105dzaj z nami<\/title>\n<meta name=\"robots\" content=\"index, follow, max-snippet:-1, max-image-preview:large, max-video-preview:-1\" \/>\n<link rel=\"canonical\" href=\"https:\/\/bobimarket.pl\/index.php\/produkt\/sitko-kuchenne-do-mleka-cedzak-geste-160mm\/\" \/>\n<meta property=\"og:locale\" content=\"pl_PL\" \/>\n<meta property=\"og:type\" content=\"article\" \/>\n<meta property=\"og:title\" content=\"SITKO KUCHENNE DO MLEKA CEDZAK G\u0118STE 160mm - BOBIMARKET.pl - Remontuj i urz\u0105dzaj z nami\" \/>\n<meta property=\"og:description\" content=\"SITKO CEDZAK KUCHENNE PLASTIKOWE G\u0118STE\u00a0 160 mm Dane techniczne: \u015arednica: 160\u00a0mm Wysoko\u015b\u0107: 6,5 cm D\u0142ugo\u015b\u0107: 28 cm Materia\u0142: wysokiej jako\u015bci tworzywo sztuczne G\u0119ste sitko kuchenne wykonane z wysokiej jako\u015bci tworzywa sztucznego. Wielofunkcyjny element, niezb\u0119dy w ka\u017cdym domu! Sitko posiada g\u0119ste dno &#8211; idealne do cedzenia mleka lub dla winarzy. Sprawdzi si\u0119 r\u00f3wnie\u017c podczas przesiewania m\u0105ki     Czytaj wi\u0119cej &quot;SITKO KUCHENNE DO MLEKA CEDZAK G\u0118STE 160mm&quot;\" \/>\n<meta property=\"og:url\" content=\"https:\/\/bobimarket.pl\/index.php\/produkt\/sitko-kuchenne-do-mleka-cedzak-geste-160mm\/\" \/>\n<meta property=\"og:site_name\" content=\"BOBIMARKET.pl - Remontuj i urz\u0105dzaj z nami\" \/>\n<meta property=\"article:modified_time\" content=\"2025-02-27T14:27:00+00:00\" \/>\n<meta property=\"og:image\" content=\"https:\/\/upload.cdn.baselinker.com\/products\/14476\/38dc5a0d574c44e410d212bb25625f18.jpg\" \/>\n<meta name=\"twitter:card\" content=\"summary_large_image\" \/>\n<script type=\"application\/ld+json\" class=\"yoast-schema-graph\">{\"@context\":\"https:\/\/schema.org\",\"@graph\":[{\"@type\":\"WebPage\",\"@id\":\"https:\/\/bobimarket.pl\/index.php\/produkt\/sitko-kuchenne-do-mleka-cedzak-geste-160mm\/\",\"url\":\"https:\/\/bobimarket.pl\/index.php\/produkt\/sitko-kuchenne-do-mleka-cedzak-geste-160mm\/\",\"name\":\"SITKO KUCHENNE DO MLEKA CEDZAK G\u0118STE 160mm - BOBIMARKET.pl - Remontuj i urz\u0105dzaj z nami\",\"isPartOf\":{\"@id\":\"https:\/\/bobimarket.pl\/#website\"},\"datePublished\":\"2023-08-29T21:33:36+00:00\",\"dateModified\":\"2025-02-27T14:27:00+00:00\",\"breadcrumb\":{\"@id\":\"https:\/\/bobimarket.pl\/index.php\/produkt\/sitko-kuchenne-do-mleka-cedzak-geste-160mm\/#breadcrumb\"},\"inLanguage\":\"pl-PL\",\"potentialAction\":[{\"@type\":\"ReadAction\",\"target\":[\"https:\/\/bobimarket.pl\/index.php\/produkt\/sitko-kuchenne-do-mleka-cedzak-geste-160mm\/\"]}]},{\"@type\":\"BreadcrumbList\",\"@id\":\"https:\/\/bobimarket.pl\/index.php\/produkt\/sitko-kuchenne-do-mleka-cedzak-geste-160mm\/#breadcrumb\",\"itemListElement\":[{\"@type\":\"ListItem\",\"position\":1,\"name\":\"Strona g\u0142\u00f3wna\",\"item\":\"https:\/\/bobimarket.pl\/\"},{\"@type\":\"ListItem\",\"position\":2,\"name\":\"Sklep\",\"item\":\"https:\/\/bobimarket.pl\/index.php\/shop\/\"},{\"@type\":\"ListItem\",\"position\":3,\"name\":\"SITKO KUCHENNE DO MLEKA CEDZAK G\u0118STE 160mm\"}]},{\"@type\":\"WebSite\",\"@id\":\"https:\/\/bobimarket.pl\/#website\",\"url\":\"https:\/\/bobimarket.pl\/\",\"name\":\"BOBIMARKET.pl - Remontuj i urz\u0105dzaj z nami\",\"description\":\"Remontuj i urz\u0105dzaj z nami\",\"publisher\":{\"@id\":\"https:\/\/bobimarket.pl\/#organization\"},\"potentialAction\":[{\"@type\":\"SearchAction\",\"target\":{\"@type\":\"EntryPoint\",\"urlTemplate\":\"https:\/\/bobimarket.pl\/?s={search_term_string}\"},\"query-input\":\"required name=search_term_string\"}],\"inLanguage\":\"pl-PL\"},{\"@type\":\"Organization\",\"@id\":\"https:\/\/bobimarket.pl\/#organization\",\"name\":\"BOBIMARKET.pl\",\"url\":\"https:\/\/bobimarket.pl\/\",\"logo\":{\"@type\":\"ImageObject\",\"inLanguage\":\"pl-PL\",\"@id\":\"https:\/\/bobimarket.pl\/#\/schema\/logo\/image\/\",\"url\":\"https:\/\/bobimarket.pl\/wp-content\/uploads\/2021\/11\/slogan.png\",\"contentUrl\":\"https:\/\/bobimarket.pl\/wp-content\/uploads\/2021\/11\/slogan.png\",\"width\":2000,\"height\":384,\"caption\":\"BOBIMARKET.pl\"},\"image\":{\"@id\":\"https:\/\/bobimarket.pl\/#\/schema\/logo\/image\/\"}}]}<\/script>\n<!-- \/ Yoast SEO plugin. -->","yoast_head_json":{"title":"SITKO KUCHENNE DO MLEKA CEDZAK G\u0118STE 160mm - BOBIMARKET.pl - Remontuj i urz\u0105dzaj z nami","robots":{"index":"index","follow":"follow","max-snippet":"max-snippet:-1","max-image-preview":"max-image-preview:large","max-video-preview":"max-video-preview:-1"},"canonical":"https:\/\/bobimarket.pl\/index.php\/produkt\/sitko-kuchenne-do-mleka-cedzak-geste-160mm\/","og_locale":"pl_PL","og_type":"article","og_title":"SITKO KUCHENNE DO MLEKA CEDZAK G\u0118STE 160mm - BOBIMARKET.pl - Remontuj i urz\u0105dzaj z nami","og_description":"SITKO CEDZAK KUCHENNE PLASTIKOWE G\u0118STE\u00a0 160 mm Dane techniczne: \u015arednica: 160\u00a0mm Wysoko\u015b\u0107: 6,5 cm D\u0142ugo\u015b\u0107: 28 cm Materia\u0142: wysokiej jako\u015bci tworzywo sztuczne G\u0119ste sitko kuchenne wykonane z wysokiej jako\u015bci tworzywa sztucznego. Wielofunkcyjny element, niezb\u0119dy w ka\u017cdym domu! Sitko posiada g\u0119ste dno &#8211; idealne do cedzenia mleka lub dla winarzy. Sprawdzi si\u0119 r\u00f3wnie\u017c podczas przesiewania m\u0105ki     Czytaj wi\u0119cej \"SITKO KUCHENNE DO MLEKA CEDZAK G\u0118STE 160mm\"","og_url":"https:\/\/bobimarket.pl\/index.php\/produkt\/sitko-kuchenne-do-mleka-cedzak-geste-160mm\/","og_site_name":"BOBIMARKET.pl - Remontuj i urz\u0105dzaj z nami","article_modified_time":"2025-02-27T14:27:00+00:00","og_image":[{"url":"https:\/\/upload.cdn.baselinker.com\/products\/14476\/38dc5a0d574c44e410d212bb25625f18.jpg"}],"twitter_card":"summary_large_image","schema":{"@context":"https:\/\/schema.org","@graph":[{"@type":"WebPage","@id":"https:\/\/bobimarket.pl\/index.php\/produkt\/sitko-kuchenne-do-mleka-cedzak-geste-160mm\/","url":"https:\/\/bobimarket.pl\/index.php\/produkt\/sitko-kuchenne-do-mleka-cedzak-geste-160mm\/","name":"SITKO KUCHENNE DO MLEKA CEDZAK G\u0118STE 160mm - BOBIMARKET.pl - Remontuj i urz\u0105dzaj z nami","isPartOf":{"@id":"https:\/\/bobimarket.pl\/#website"},"datePublished":"2023-08-29T21:33:36+00:00","dateModified":"2025-02-27T14:27:00+00:00","breadcrumb":{"@id":"https:\/\/bobimarket.pl\/index.php\/produkt\/sitko-kuchenne-do-mleka-cedzak-geste-160mm\/#breadcrumb"},"inLanguage":"pl-PL","potentialAction":[{"@type":"ReadAction","target":["https:\/\/bobimarket.pl\/index.php\/produkt\/sitko-kuchenne-do-mleka-cedzak-geste-160mm\/"]}]},{"@type":"BreadcrumbList","@id":"https:\/\/bobimarket.pl\/index.php\/produkt\/sitko-kuchenne-do-mleka-cedzak-geste-160mm\/#breadcrumb","itemListElement":[{"@type":"ListItem","position":1,"name":"Strona g\u0142\u00f3wna","item":"https:\/\/bobimarket.pl\/"},{"@type":"ListItem","position":2,"name":"Sklep","item":"https:\/\/bobimarket.pl\/index.php\/shop\/"},{"@type":"ListItem","position":3,"name":"SITKO KUCHENNE DO MLEKA CEDZAK G\u0118STE 160mm"}]},{"@type":"WebSite","@id":"https:\/\/bobimarket.pl\/#website","url":"https:\/\/bobimarket.pl\/","name":"BOBIMARKET.pl - Remontuj i urz\u0105dzaj z nami","description":"Remontuj i urz\u0105dzaj z nami","publisher":{"@id":"https:\/\/bobimarket.pl\/#organization"},"potentialAction":[{"@type":"SearchAction","target":{"@type":"EntryPoint","urlTemplate":"https:\/\/bobimarket.pl\/?s={search_term_string}"},"query-input":"required name=search_term_string"}],"inLanguage":"pl-PL"},{"@type":"Organization","@id":"https:\/\/bobimarket.pl\/#organization","name":"BOBIMARKET.pl","url":"https:\/\/bobimarket.pl\/","logo":{"@type":"ImageObject","inLanguage":"pl-PL","@id":"https:\/\/bobimarket.pl\/#\/schema\/logo\/image\/","url":"https:\/\/bobimarket.pl\/wp-content\/uploads\/2021\/11\/slogan.png","contentUrl":"https:\/\/bobimarket.pl\/wp-content\/uploads\/2021\/11\/slogan.png","width":2000,"height":384,"caption":"BOBIMARKET.pl"},"image":{"@id":"https:\/\/bobimarket.pl\/#\/schema\/logo\/image\/"}}]}},"_links":{"self":[{"href":"https:\/\/bobimarket.pl\/index.php\/wp-json\/wp\/v2\/product\/84919"}],"collection":[{"href":"https:\/\/bobimarket.pl\/index.php\/wp-json\/wp\/v2\/product"}],"about":[{"href":"https:\/\/bobimarket.pl\/index.php\/wp-json\/wp\/v2\/types\/product"}],"wp:featuredmedia":[{"embeddable":true,"href":"https:\/\/bobimarket.pl\/index.php\/wp-json\/wp\/v2\/media\/84917"}],"wp:attachment":[{"href":"https:\/\/bobimarket.pl\/index.php\/wp-json\/wp\/v2\/media?parent=84919"}],"wp:term":[{"taxonomy":"product_cat","embeddable":true,"href":"https:\/\/bobimarket.pl\/index.php\/wp-json\/wp\/v2\/product_cat?post=84919"},{"taxonomy":"product_tag","embeddable":true,"href":"https:\/\/bobimarket.pl\/index.php\/wp-json\/wp\/v2\/product_tag?post=84919"}],"curies":[{"name":"wp","href":"https:\/\/api.w.org\/{rel}","templated":true}]}}