{"id":84947,"date":"2023-08-29T21:36:23","date_gmt":"2023-08-29T21:36:23","guid":{"rendered":"https:\/\/bobimarket.pl\/index.php\/produkt\/zestaw-pedzli-2-k-castor-5-szt-profi\/"},"modified":"2025-02-27T14:27:24","modified_gmt":"2025-02-27T14:27:24","slug":"zestaw-pedzli-2-k-castor-5-szt-profi","status":"publish","type":"product","link":"https:\/\/bobimarket.pl\/index.php\/produkt\/zestaw-pedzli-2-k-castor-5-szt-profi\/","title":{"rendered":"ZESTAW P\u0118DZLI 2-K CASTOR 5 SZT. PROFI"},"content":{"rendered":"<section class=\"section\">\n<div class=\"item item-6\">\n<section class=\"image-item\">\n            <img decoding=\"async\" src=\"https:\/\/upload.cdn.baselinker.com\/products\/14476\/4d8010fd2fac57da9ffaa99b6524fdbc.jpg\" \/><br \/>\n        <\/section>\n<\/p><\/div>\n<div class=\"item item-6\">\n<section class=\"text-item\">\n<h1>ZESTAW P\u0118DZLI 2-K CASTOR 5 SZT.\u00a0<\/h1>\n<h1>Zestaw zawiera:<\/h1>\n<ul>\n<li>p\u0119dzel 2-K CASTOR 1\u2033 x 12 mm<\/li>\n<li>p\u0119dzel 2-K CASTOR 1,5\u2033 x 14 mm<\/li>\n<li>p\u0119dzel 2-K CASTOR 2\u2033 x 16 mm<\/li>\n<li>p\u0119dzel\u00a0okr\u0105g\u0142y BLACK 8 (16 mm)<\/li>\n<li>p\u0119dzel\u00a0okr\u0105g\u0142y BLACK\u00a014 (25 mm)<b>\u00a0 \u00a0 \u00a0<\/b><\/li>\n<\/ul>\n<p>Wysokiej jako\u015bci mieszanka w\u0142\u00f3kna syntetycznego i naturalnej szczeciny. Wygodna r\u0105czka wykonana z dwukomponentowego tworzywa.\u00a0<\/p>\n<p><b>P\u0119dzle wyprodukowane w Polsce!<\/b><\/p>\n<\/section><\/div>\n<\/section>\n<section class=\"section\">\n<div class=\"item item-6\">\n<section class=\"image-item\">\n            <img decoding=\"async\" src=\"https:\/\/upload.cdn.baselinker.com\/products\/14476\/268f542d5224c5fccb4b294e862c39c9.jpg\" \/><br \/>\n        <\/section>\n<\/p><\/div>\n<div class=\"item item-6\">\n<section class=\"text-item\">\n<p>P\u0119dzle 2-K CASTOR przeznaczone s\u0105 do farb olejnych, lakier\u00f3w i emalii. Natomiast okr\u0105g\u0142e p\u0119dzle BLACK z czarnym w\u0142osiem nadaj\u0105 si\u0119 do farb i lakier\u00f3w na bazie rozpuszczalnika.\u00a0<\/p>\n<\/section><\/div>\n<\/section>\n<section class=\"section\">\n<div class=\"item item-6\">\n<section class=\"image-item\">\n            <img decoding=\"async\" src=\"https:\/\/upload.cdn.baselinker.com\/products\/14476\/2e6cc5157e2a1c3602ace5a89f9a608c.jpg\" \/><br \/>\n        <\/section>\n<\/p><\/div>\n<div class=\"item item-6\">\n<section class=\"image-item\">\n            <img decoding=\"async\" src=\"https:\/\/upload.cdn.baselinker.com\/products\/14476\/895bdb1e1ed803c5692a7e311f83c031.jpg\" \/><br \/>\n        <\/section>\n<\/p><\/div>\n<\/section>\n<section class=\"section\">\n<div class=\"item item-12\">\n<section class=\"image-item\">\n            <img decoding=\"async\" src=\"https:\/\/upload.cdn.baselinker.com\/products\/14476\/c8f7d4226965d521d8e015f42baf891a.jpg\" \/><br \/>\n        <\/section>\n<\/p><\/div>\n<\/section>\n","protected":false},"excerpt":{"rendered":"<p>ZESTAW P\u0118DZLI 2-K CASTOR 5 SZT.\u00a0 Zestaw zawiera: p\u0119dzel 2-K CASTOR 1\u2033 x 12 mm p\u0119dzel 2-K CASTOR 1,5\u2033 x 14 mm p\u0119dzel 2-K CASTOR 2\u2033 x 16 mm p\u0119dzel\u00a0okr\u0105g\u0142y BLACK 8 (16 mm) p\u0119dzel\u00a0okr\u0105g\u0142y BLACK\u00a014 (25 mm)\u00a0 \u00a0 \u00a0 Wysokiej jako\u015bci mieszanka w\u0142\u00f3kna syntetycznego i naturalnej szczeciny. Wygodna r\u0105czka wykonana z dwukomponentowego tworzywa.\u00a0 P\u0119dzle<br \/><a class=\"more-link\" href=\"https:\/\/bobimarket.pl\/index.php\/produkt\/zestaw-pedzli-2-k-castor-5-szt-profi\/\"><br \/>\n        Czytaj wi\u0119cej<span class=\"screen-reader-text\"> &#8222;ZESTAW P\u0118DZLI 2-K CASTOR 5 SZT. PROFI&#8221;<\/span><\/a><\/p>\n","protected":false},"featured_media":84942,"template":"","meta":[],"product_cat":[8132],"product_tag":[],"yoast_head":"<!-- This site is optimized with the Yoast SEO plugin v21.0 - https:\/\/yoast.com\/wordpress\/plugins\/seo\/ -->\n<title>ZESTAW P\u0118DZLI 2-K CASTOR 5 SZT. PROFI - BOBIMARKET.pl - Remontuj i urz\u0105dzaj z nami<\/title>\n<meta name=\"robots\" content=\"index, follow, max-snippet:-1, max-image-preview:large, max-video-preview:-1\" \/>\n<link rel=\"canonical\" href=\"https:\/\/bobimarket.pl\/index.php\/produkt\/zestaw-pedzli-2-k-castor-5-szt-profi\/\" \/>\n<meta property=\"og:locale\" content=\"pl_PL\" \/>\n<meta property=\"og:type\" content=\"article\" \/>\n<meta property=\"og:title\" content=\"ZESTAW P\u0118DZLI 2-K CASTOR 5 SZT. PROFI - BOBIMARKET.pl - Remontuj i urz\u0105dzaj z nami\" \/>\n<meta property=\"og:description\" content=\"ZESTAW P\u0118DZLI 2-K CASTOR 5 SZT.\u00a0 Zestaw zawiera: p\u0119dzel 2-K CASTOR 1\u2033 x 12 mm p\u0119dzel 2-K CASTOR 1,5\u2033 x 14 mm p\u0119dzel 2-K CASTOR 2\u2033 x 16 mm p\u0119dzel\u00a0okr\u0105g\u0142y BLACK 8 (16 mm) p\u0119dzel\u00a0okr\u0105g\u0142y BLACK\u00a014 (25 mm)\u00a0 \u00a0 \u00a0 Wysokiej jako\u015bci mieszanka w\u0142\u00f3kna syntetycznego i naturalnej szczeciny. Wygodna r\u0105czka wykonana z dwukomponentowego tworzywa.\u00a0 P\u0119dzle     Czytaj wi\u0119cej &quot;ZESTAW P\u0118DZLI 2-K CASTOR 5 SZT. PROFI&quot;\" \/>\n<meta property=\"og:url\" content=\"https:\/\/bobimarket.pl\/index.php\/produkt\/zestaw-pedzli-2-k-castor-5-szt-profi\/\" \/>\n<meta property=\"og:site_name\" content=\"BOBIMARKET.pl - Remontuj i urz\u0105dzaj z nami\" \/>\n<meta property=\"article:modified_time\" content=\"2025-02-27T14:27:24+00:00\" \/>\n<meta property=\"og:image\" content=\"https:\/\/upload.cdn.baselinker.com\/products\/14476\/4d8010fd2fac57da9ffaa99b6524fdbc.jpg\" \/>\n<meta name=\"twitter:card\" content=\"summary_large_image\" \/>\n<script type=\"application\/ld+json\" class=\"yoast-schema-graph\">{\"@context\":\"https:\/\/schema.org\",\"@graph\":[{\"@type\":\"WebPage\",\"@id\":\"https:\/\/bobimarket.pl\/index.php\/produkt\/zestaw-pedzli-2-k-castor-5-szt-profi\/\",\"url\":\"https:\/\/bobimarket.pl\/index.php\/produkt\/zestaw-pedzli-2-k-castor-5-szt-profi\/\",\"name\":\"ZESTAW P\u0118DZLI 2-K CASTOR 5 SZT. PROFI - BOBIMARKET.pl - Remontuj i urz\u0105dzaj z nami\",\"isPartOf\":{\"@id\":\"https:\/\/bobimarket.pl\/#website\"},\"datePublished\":\"2023-08-29T21:36:23+00:00\",\"dateModified\":\"2025-02-27T14:27:24+00:00\",\"breadcrumb\":{\"@id\":\"https:\/\/bobimarket.pl\/index.php\/produkt\/zestaw-pedzli-2-k-castor-5-szt-profi\/#breadcrumb\"},\"inLanguage\":\"pl-PL\",\"potentialAction\":[{\"@type\":\"ReadAction\",\"target\":[\"https:\/\/bobimarket.pl\/index.php\/produkt\/zestaw-pedzli-2-k-castor-5-szt-profi\/\"]}]},{\"@type\":\"BreadcrumbList\",\"@id\":\"https:\/\/bobimarket.pl\/index.php\/produkt\/zestaw-pedzli-2-k-castor-5-szt-profi\/#breadcrumb\",\"itemListElement\":[{\"@type\":\"ListItem\",\"position\":1,\"name\":\"Strona g\u0142\u00f3wna\",\"item\":\"https:\/\/bobimarket.pl\/\"},{\"@type\":\"ListItem\",\"position\":2,\"name\":\"Sklep\",\"item\":\"https:\/\/bobimarket.pl\/index.php\/shop\/\"},{\"@type\":\"ListItem\",\"position\":3,\"name\":\"ZESTAW P\u0118DZLI 2-K CASTOR 5 SZT. PROFI\"}]},{\"@type\":\"WebSite\",\"@id\":\"https:\/\/bobimarket.pl\/#website\",\"url\":\"https:\/\/bobimarket.pl\/\",\"name\":\"BOBIMARKET.pl - Remontuj i urz\u0105dzaj z nami\",\"description\":\"Remontuj i urz\u0105dzaj z nami\",\"publisher\":{\"@id\":\"https:\/\/bobimarket.pl\/#organization\"},\"potentialAction\":[{\"@type\":\"SearchAction\",\"target\":{\"@type\":\"EntryPoint\",\"urlTemplate\":\"https:\/\/bobimarket.pl\/?s={search_term_string}\"},\"query-input\":\"required name=search_term_string\"}],\"inLanguage\":\"pl-PL\"},{\"@type\":\"Organization\",\"@id\":\"https:\/\/bobimarket.pl\/#organization\",\"name\":\"BOBIMARKET.pl\",\"url\":\"https:\/\/bobimarket.pl\/\",\"logo\":{\"@type\":\"ImageObject\",\"inLanguage\":\"pl-PL\",\"@id\":\"https:\/\/bobimarket.pl\/#\/schema\/logo\/image\/\",\"url\":\"https:\/\/bobimarket.pl\/wp-content\/uploads\/2021\/11\/slogan.png\",\"contentUrl\":\"https:\/\/bobimarket.pl\/wp-content\/uploads\/2021\/11\/slogan.png\",\"width\":2000,\"height\":384,\"caption\":\"BOBIMARKET.pl\"},\"image\":{\"@id\":\"https:\/\/bobimarket.pl\/#\/schema\/logo\/image\/\"}}]}<\/script>\n<!-- \/ Yoast SEO plugin. -->","yoast_head_json":{"title":"ZESTAW P\u0118DZLI 2-K CASTOR 5 SZT. PROFI - BOBIMARKET.pl - Remontuj i urz\u0105dzaj z nami","robots":{"index":"index","follow":"follow","max-snippet":"max-snippet:-1","max-image-preview":"max-image-preview:large","max-video-preview":"max-video-preview:-1"},"canonical":"https:\/\/bobimarket.pl\/index.php\/produkt\/zestaw-pedzli-2-k-castor-5-szt-profi\/","og_locale":"pl_PL","og_type":"article","og_title":"ZESTAW P\u0118DZLI 2-K CASTOR 5 SZT. PROFI - BOBIMARKET.pl - Remontuj i urz\u0105dzaj z nami","og_description":"ZESTAW P\u0118DZLI 2-K CASTOR 5 SZT.\u00a0 Zestaw zawiera: p\u0119dzel 2-K CASTOR 1\u2033 x 12 mm p\u0119dzel 2-K CASTOR 1,5\u2033 x 14 mm p\u0119dzel 2-K CASTOR 2\u2033 x 16 mm p\u0119dzel\u00a0okr\u0105g\u0142y BLACK 8 (16 mm) p\u0119dzel\u00a0okr\u0105g\u0142y BLACK\u00a014 (25 mm)\u00a0 \u00a0 \u00a0 Wysokiej jako\u015bci mieszanka w\u0142\u00f3kna syntetycznego i naturalnej szczeciny. Wygodna r\u0105czka wykonana z dwukomponentowego tworzywa.\u00a0 P\u0119dzle     Czytaj wi\u0119cej \"ZESTAW P\u0118DZLI 2-K CASTOR 5 SZT. PROFI\"","og_url":"https:\/\/bobimarket.pl\/index.php\/produkt\/zestaw-pedzli-2-k-castor-5-szt-profi\/","og_site_name":"BOBIMARKET.pl - Remontuj i urz\u0105dzaj z nami","article_modified_time":"2025-02-27T14:27:24+00:00","og_image":[{"url":"https:\/\/upload.cdn.baselinker.com\/products\/14476\/4d8010fd2fac57da9ffaa99b6524fdbc.jpg"}],"twitter_card":"summary_large_image","schema":{"@context":"https:\/\/schema.org","@graph":[{"@type":"WebPage","@id":"https:\/\/bobimarket.pl\/index.php\/produkt\/zestaw-pedzli-2-k-castor-5-szt-profi\/","url":"https:\/\/bobimarket.pl\/index.php\/produkt\/zestaw-pedzli-2-k-castor-5-szt-profi\/","name":"ZESTAW P\u0118DZLI 2-K CASTOR 5 SZT. PROFI - BOBIMARKET.pl - Remontuj i urz\u0105dzaj z nami","isPartOf":{"@id":"https:\/\/bobimarket.pl\/#website"},"datePublished":"2023-08-29T21:36:23+00:00","dateModified":"2025-02-27T14:27:24+00:00","breadcrumb":{"@id":"https:\/\/bobimarket.pl\/index.php\/produkt\/zestaw-pedzli-2-k-castor-5-szt-profi\/#breadcrumb"},"inLanguage":"pl-PL","potentialAction":[{"@type":"ReadAction","target":["https:\/\/bobimarket.pl\/index.php\/produkt\/zestaw-pedzli-2-k-castor-5-szt-profi\/"]}]},{"@type":"BreadcrumbList","@id":"https:\/\/bobimarket.pl\/index.php\/produkt\/zestaw-pedzli-2-k-castor-5-szt-profi\/#breadcrumb","itemListElement":[{"@type":"ListItem","position":1,"name":"Strona g\u0142\u00f3wna","item":"https:\/\/bobimarket.pl\/"},{"@type":"ListItem","position":2,"name":"Sklep","item":"https:\/\/bobimarket.pl\/index.php\/shop\/"},{"@type":"ListItem","position":3,"name":"ZESTAW P\u0118DZLI 2-K CASTOR 5 SZT. PROFI"}]},{"@type":"WebSite","@id":"https:\/\/bobimarket.pl\/#website","url":"https:\/\/bobimarket.pl\/","name":"BOBIMARKET.pl - Remontuj i urz\u0105dzaj z nami","description":"Remontuj i urz\u0105dzaj z nami","publisher":{"@id":"https:\/\/bobimarket.pl\/#organization"},"potentialAction":[{"@type":"SearchAction","target":{"@type":"EntryPoint","urlTemplate":"https:\/\/bobimarket.pl\/?s={search_term_string}"},"query-input":"required name=search_term_string"}],"inLanguage":"pl-PL"},{"@type":"Organization","@id":"https:\/\/bobimarket.pl\/#organization","name":"BOBIMARKET.pl","url":"https:\/\/bobimarket.pl\/","logo":{"@type":"ImageObject","inLanguage":"pl-PL","@id":"https:\/\/bobimarket.pl\/#\/schema\/logo\/image\/","url":"https:\/\/bobimarket.pl\/wp-content\/uploads\/2021\/11\/slogan.png","contentUrl":"https:\/\/bobimarket.pl\/wp-content\/uploads\/2021\/11\/slogan.png","width":2000,"height":384,"caption":"BOBIMARKET.pl"},"image":{"@id":"https:\/\/bobimarket.pl\/#\/schema\/logo\/image\/"}}]}},"_links":{"self":[{"href":"https:\/\/bobimarket.pl\/index.php\/wp-json\/wp\/v2\/product\/84947"}],"collection":[{"href":"https:\/\/bobimarket.pl\/index.php\/wp-json\/wp\/v2\/product"}],"about":[{"href":"https:\/\/bobimarket.pl\/index.php\/wp-json\/wp\/v2\/types\/product"}],"wp:featuredmedia":[{"embeddable":true,"href":"https:\/\/bobimarket.pl\/index.php\/wp-json\/wp\/v2\/media\/84942"}],"wp:attachment":[{"href":"https:\/\/bobimarket.pl\/index.php\/wp-json\/wp\/v2\/media?parent=84947"}],"wp:term":[{"taxonomy":"product_cat","embeddable":true,"href":"https:\/\/bobimarket.pl\/index.php\/wp-json\/wp\/v2\/product_cat?post=84947"},{"taxonomy":"product_tag","embeddable":true,"href":"https:\/\/bobimarket.pl\/index.php\/wp-json\/wp\/v2\/product_tag?post=84947"}],"curies":[{"name":"wp","href":"https:\/\/api.w.org\/{rel}","templated":true}]}}