{"id":85022,"date":"2023-08-29T21:42:43","date_gmt":"2023-08-29T21:42:43","guid":{"rendered":"https:\/\/bobimarket.pl\/index.php\/produkt\/lejek-do-sloikow-do-napelniania-przetwory-wino-2\/"},"modified":"2025-02-27T14:28:20","modified_gmt":"2025-02-27T14:28:20","slug":"lejek-do-sloikow-do-napelniania-przetwory-wino-2","status":"publish","type":"product","link":"https:\/\/bobimarket.pl\/index.php\/produkt\/lejek-do-sloikow-do-napelniania-przetwory-wino-2\/","title":{"rendered":"LEJEK DO S\u0141OIK\u00d3W DO NAPE\u0141NIANIA PRZETWORY WINO"},"content":{"rendered":"<section class=\"section\">\n<div class=\"item item-6\">\n<section class=\"image-item\">\n            <img decoding=\"async\" src=\"https:\/\/upload.cdn.baselinker.com\/products\/14476\/6eda64b11470ac7b013f016fe244c40a.jpg\" \/><br \/>\n        <\/section>\n<\/p><\/div>\n<div class=\"item item-6\">\n<section class=\"text-item\">\n<h2>LEJEK DO NAPE\u0141NIANIA S\u0141OIK\u00d3W PRZETWOR\u00d3W WINA<\/h2>\n<p><b>Dane techniczne:<\/b><\/p>\n<ul>\n<li>\u015arednica g\u00f3rna: <b>93mm<\/b><\/li>\n<li>\u015arednica dolna: <b>38mm<\/b><\/li>\n<li>Materia\u0142: Tworzywo<\/li>\n<\/ul>\n<p><b>Kolory wybieramy losowo!!<\/b><\/p>\n<\/section><\/div>\n<\/section>\n<section class=\"section\">\n<div class=\"item item-6\">\n<section class=\"image-item\">\n            <img decoding=\"async\" src=\"https:\/\/upload.cdn.baselinker.com\/products\/14476\/f5fe2ed893fd4717c2d880c8022cff17.jpg\" \/><br \/>\n        <\/section>\n<\/p><\/div>\n<div class=\"item item-6\">\n<section class=\"text-item\">\n<p>Uniwersalny lejek kuchenny. Znakomicie spe\u0142nia rol\u0119 podczas nape\u0142niania wszelkiego rodzaju s\u0142oik\u00f3w,balon\u00f3w.<\/p>\n<p>Nieodzowne narz\u0119dzie w ka\u017cdej kuchni.<\/p>\n<p>Produkt jest atestowany i posiada certyfikaty do kontaktu z \u017cywno\u015bci\u0105.<\/p>\n<\/section><\/div>\n<\/section>\n<section class=\"section\">\n<div class=\"item item-12\">\n<section class=\"image-item\">\n            <img decoding=\"async\" src=\"https:\/\/upload.cdn.baselinker.com\/products\/14476\/f5fe2ed893fd4717c2d880c8022cff17.jpg\" \/><br \/>\n        <\/section>\n<\/p><\/div>\n<\/section>\n","protected":false},"excerpt":{"rendered":"<p>LEJEK DO NAPE\u0141NIANIA S\u0141OIK\u00d3W PRZETWOR\u00d3W WINA Dane techniczne: \u015arednica g\u00f3rna: 93mm \u015arednica dolna: 38mm Materia\u0142: Tworzywo Kolory wybieramy losowo!! Uniwersalny lejek kuchenny. Znakomicie spe\u0142nia rol\u0119 podczas nape\u0142niania wszelkiego rodzaju s\u0142oik\u00f3w,balon\u00f3w. Nieodzowne narz\u0119dzie w ka\u017cdej kuchni. Produkt jest atestowany i posiada certyfikaty do kontaktu z \u017cywno\u015bci\u0105.<\/p>\n","protected":false},"featured_media":85020,"template":"","meta":[],"product_cat":[8074],"product_tag":[],"yoast_head":"<!-- This site is optimized with the Yoast SEO plugin v21.0 - https:\/\/yoast.com\/wordpress\/plugins\/seo\/ -->\n<title>LEJEK DO S\u0141OIK\u00d3W DO NAPE\u0141NIANIA PRZETWORY WINO - BOBIMARKET.pl - Remontuj i urz\u0105dzaj z nami<\/title>\n<meta name=\"robots\" content=\"index, follow, max-snippet:-1, max-image-preview:large, max-video-preview:-1\" \/>\n<link rel=\"canonical\" href=\"https:\/\/bobimarket.pl\/index.php\/produkt\/lejek-do-sloikow-do-napelniania-przetwory-wino-2\/\" \/>\n<meta property=\"og:locale\" content=\"pl_PL\" \/>\n<meta property=\"og:type\" content=\"article\" \/>\n<meta property=\"og:title\" content=\"LEJEK DO S\u0141OIK\u00d3W DO NAPE\u0141NIANIA PRZETWORY WINO - BOBIMARKET.pl - Remontuj i urz\u0105dzaj z nami\" \/>\n<meta property=\"og:description\" content=\"LEJEK DO NAPE\u0141NIANIA S\u0141OIK\u00d3W PRZETWOR\u00d3W WINA Dane techniczne: \u015arednica g\u00f3rna: 93mm \u015arednica dolna: 38mm Materia\u0142: Tworzywo Kolory wybieramy losowo!! Uniwersalny lejek kuchenny. Znakomicie spe\u0142nia rol\u0119 podczas nape\u0142niania wszelkiego rodzaju s\u0142oik\u00f3w,balon\u00f3w. Nieodzowne narz\u0119dzie w ka\u017cdej kuchni. Produkt jest atestowany i posiada certyfikaty do kontaktu z \u017cywno\u015bci\u0105.\" \/>\n<meta property=\"og:url\" content=\"https:\/\/bobimarket.pl\/index.php\/produkt\/lejek-do-sloikow-do-napelniania-przetwory-wino-2\/\" \/>\n<meta property=\"og:site_name\" content=\"BOBIMARKET.pl - Remontuj i urz\u0105dzaj z nami\" \/>\n<meta property=\"article:modified_time\" content=\"2025-02-27T14:28:20+00:00\" \/>\n<meta property=\"og:image\" content=\"https:\/\/upload.cdn.baselinker.com\/products\/14476\/6eda64b11470ac7b013f016fe244c40a.jpg\" \/>\n<meta name=\"twitter:card\" content=\"summary_large_image\" \/>\n<script type=\"application\/ld+json\" class=\"yoast-schema-graph\">{\"@context\":\"https:\/\/schema.org\",\"@graph\":[{\"@type\":\"WebPage\",\"@id\":\"https:\/\/bobimarket.pl\/index.php\/produkt\/lejek-do-sloikow-do-napelniania-przetwory-wino-2\/\",\"url\":\"https:\/\/bobimarket.pl\/index.php\/produkt\/lejek-do-sloikow-do-napelniania-przetwory-wino-2\/\",\"name\":\"LEJEK DO S\u0141OIK\u00d3W DO NAPE\u0141NIANIA PRZETWORY WINO - BOBIMARKET.pl - Remontuj i urz\u0105dzaj z nami\",\"isPartOf\":{\"@id\":\"https:\/\/bobimarket.pl\/#website\"},\"datePublished\":\"2023-08-29T21:42:43+00:00\",\"dateModified\":\"2025-02-27T14:28:20+00:00\",\"breadcrumb\":{\"@id\":\"https:\/\/bobimarket.pl\/index.php\/produkt\/lejek-do-sloikow-do-napelniania-przetwory-wino-2\/#breadcrumb\"},\"inLanguage\":\"pl-PL\",\"potentialAction\":[{\"@type\":\"ReadAction\",\"target\":[\"https:\/\/bobimarket.pl\/index.php\/produkt\/lejek-do-sloikow-do-napelniania-przetwory-wino-2\/\"]}]},{\"@type\":\"BreadcrumbList\",\"@id\":\"https:\/\/bobimarket.pl\/index.php\/produkt\/lejek-do-sloikow-do-napelniania-przetwory-wino-2\/#breadcrumb\",\"itemListElement\":[{\"@type\":\"ListItem\",\"position\":1,\"name\":\"Strona g\u0142\u00f3wna\",\"item\":\"https:\/\/bobimarket.pl\/\"},{\"@type\":\"ListItem\",\"position\":2,\"name\":\"Sklep\",\"item\":\"https:\/\/bobimarket.pl\/index.php\/shop\/\"},{\"@type\":\"ListItem\",\"position\":3,\"name\":\"LEJEK DO S\u0141OIK\u00d3W DO NAPE\u0141NIANIA PRZETWORY WINO\"}]},{\"@type\":\"WebSite\",\"@id\":\"https:\/\/bobimarket.pl\/#website\",\"url\":\"https:\/\/bobimarket.pl\/\",\"name\":\"BOBIMARKET.pl - Remontuj i urz\u0105dzaj z nami\",\"description\":\"Remontuj i urz\u0105dzaj z nami\",\"publisher\":{\"@id\":\"https:\/\/bobimarket.pl\/#organization\"},\"potentialAction\":[{\"@type\":\"SearchAction\",\"target\":{\"@type\":\"EntryPoint\",\"urlTemplate\":\"https:\/\/bobimarket.pl\/?s={search_term_string}\"},\"query-input\":\"required name=search_term_string\"}],\"inLanguage\":\"pl-PL\"},{\"@type\":\"Organization\",\"@id\":\"https:\/\/bobimarket.pl\/#organization\",\"name\":\"BOBIMARKET.pl\",\"url\":\"https:\/\/bobimarket.pl\/\",\"logo\":{\"@type\":\"ImageObject\",\"inLanguage\":\"pl-PL\",\"@id\":\"https:\/\/bobimarket.pl\/#\/schema\/logo\/image\/\",\"url\":\"https:\/\/bobimarket.pl\/wp-content\/uploads\/2021\/11\/slogan.png\",\"contentUrl\":\"https:\/\/bobimarket.pl\/wp-content\/uploads\/2021\/11\/slogan.png\",\"width\":2000,\"height\":384,\"caption\":\"BOBIMARKET.pl\"},\"image\":{\"@id\":\"https:\/\/bobimarket.pl\/#\/schema\/logo\/image\/\"}}]}<\/script>\n<!-- \/ Yoast SEO plugin. -->","yoast_head_json":{"title":"LEJEK DO S\u0141OIK\u00d3W DO NAPE\u0141NIANIA PRZETWORY WINO - BOBIMARKET.pl - Remontuj i urz\u0105dzaj z nami","robots":{"index":"index","follow":"follow","max-snippet":"max-snippet:-1","max-image-preview":"max-image-preview:large","max-video-preview":"max-video-preview:-1"},"canonical":"https:\/\/bobimarket.pl\/index.php\/produkt\/lejek-do-sloikow-do-napelniania-przetwory-wino-2\/","og_locale":"pl_PL","og_type":"article","og_title":"LEJEK DO S\u0141OIK\u00d3W DO NAPE\u0141NIANIA PRZETWORY WINO - BOBIMARKET.pl - Remontuj i urz\u0105dzaj z nami","og_description":"LEJEK DO NAPE\u0141NIANIA S\u0141OIK\u00d3W PRZETWOR\u00d3W WINA Dane techniczne: \u015arednica g\u00f3rna: 93mm \u015arednica dolna: 38mm Materia\u0142: Tworzywo Kolory wybieramy losowo!! Uniwersalny lejek kuchenny. Znakomicie spe\u0142nia rol\u0119 podczas nape\u0142niania wszelkiego rodzaju s\u0142oik\u00f3w,balon\u00f3w. Nieodzowne narz\u0119dzie w ka\u017cdej kuchni. Produkt jest atestowany i posiada certyfikaty do kontaktu z \u017cywno\u015bci\u0105.","og_url":"https:\/\/bobimarket.pl\/index.php\/produkt\/lejek-do-sloikow-do-napelniania-przetwory-wino-2\/","og_site_name":"BOBIMARKET.pl - Remontuj i urz\u0105dzaj z nami","article_modified_time":"2025-02-27T14:28:20+00:00","og_image":[{"url":"https:\/\/upload.cdn.baselinker.com\/products\/14476\/6eda64b11470ac7b013f016fe244c40a.jpg"}],"twitter_card":"summary_large_image","schema":{"@context":"https:\/\/schema.org","@graph":[{"@type":"WebPage","@id":"https:\/\/bobimarket.pl\/index.php\/produkt\/lejek-do-sloikow-do-napelniania-przetwory-wino-2\/","url":"https:\/\/bobimarket.pl\/index.php\/produkt\/lejek-do-sloikow-do-napelniania-przetwory-wino-2\/","name":"LEJEK DO S\u0141OIK\u00d3W DO NAPE\u0141NIANIA PRZETWORY WINO - BOBIMARKET.pl - Remontuj i urz\u0105dzaj z nami","isPartOf":{"@id":"https:\/\/bobimarket.pl\/#website"},"datePublished":"2023-08-29T21:42:43+00:00","dateModified":"2025-02-27T14:28:20+00:00","breadcrumb":{"@id":"https:\/\/bobimarket.pl\/index.php\/produkt\/lejek-do-sloikow-do-napelniania-przetwory-wino-2\/#breadcrumb"},"inLanguage":"pl-PL","potentialAction":[{"@type":"ReadAction","target":["https:\/\/bobimarket.pl\/index.php\/produkt\/lejek-do-sloikow-do-napelniania-przetwory-wino-2\/"]}]},{"@type":"BreadcrumbList","@id":"https:\/\/bobimarket.pl\/index.php\/produkt\/lejek-do-sloikow-do-napelniania-przetwory-wino-2\/#breadcrumb","itemListElement":[{"@type":"ListItem","position":1,"name":"Strona g\u0142\u00f3wna","item":"https:\/\/bobimarket.pl\/"},{"@type":"ListItem","position":2,"name":"Sklep","item":"https:\/\/bobimarket.pl\/index.php\/shop\/"},{"@type":"ListItem","position":3,"name":"LEJEK DO S\u0141OIK\u00d3W DO NAPE\u0141NIANIA PRZETWORY WINO"}]},{"@type":"WebSite","@id":"https:\/\/bobimarket.pl\/#website","url":"https:\/\/bobimarket.pl\/","name":"BOBIMARKET.pl - Remontuj i urz\u0105dzaj z nami","description":"Remontuj i urz\u0105dzaj z nami","publisher":{"@id":"https:\/\/bobimarket.pl\/#organization"},"potentialAction":[{"@type":"SearchAction","target":{"@type":"EntryPoint","urlTemplate":"https:\/\/bobimarket.pl\/?s={search_term_string}"},"query-input":"required name=search_term_string"}],"inLanguage":"pl-PL"},{"@type":"Organization","@id":"https:\/\/bobimarket.pl\/#organization","name":"BOBIMARKET.pl","url":"https:\/\/bobimarket.pl\/","logo":{"@type":"ImageObject","inLanguage":"pl-PL","@id":"https:\/\/bobimarket.pl\/#\/schema\/logo\/image\/","url":"https:\/\/bobimarket.pl\/wp-content\/uploads\/2021\/11\/slogan.png","contentUrl":"https:\/\/bobimarket.pl\/wp-content\/uploads\/2021\/11\/slogan.png","width":2000,"height":384,"caption":"BOBIMARKET.pl"},"image":{"@id":"https:\/\/bobimarket.pl\/#\/schema\/logo\/image\/"}}]}},"_links":{"self":[{"href":"https:\/\/bobimarket.pl\/index.php\/wp-json\/wp\/v2\/product\/85022"}],"collection":[{"href":"https:\/\/bobimarket.pl\/index.php\/wp-json\/wp\/v2\/product"}],"about":[{"href":"https:\/\/bobimarket.pl\/index.php\/wp-json\/wp\/v2\/types\/product"}],"wp:featuredmedia":[{"embeddable":true,"href":"https:\/\/bobimarket.pl\/index.php\/wp-json\/wp\/v2\/media\/85020"}],"wp:attachment":[{"href":"https:\/\/bobimarket.pl\/index.php\/wp-json\/wp\/v2\/media?parent=85022"}],"wp:term":[{"taxonomy":"product_cat","embeddable":true,"href":"https:\/\/bobimarket.pl\/index.php\/wp-json\/wp\/v2\/product_cat?post=85022"},{"taxonomy":"product_tag","embeddable":true,"href":"https:\/\/bobimarket.pl\/index.php\/wp-json\/wp\/v2\/product_tag?post=85022"}],"curies":[{"name":"wp","href":"https:\/\/api.w.org\/{rel}","templated":true}]}}