{"id":85104,"date":"2023-08-29T21:50:40","date_gmt":"2023-08-29T21:50:40","guid":{"rendered":"https:\/\/bobimarket.pl\/index.php\/produkt\/siekiera-rozlupujaca-z-klinem-toporek-1000g-profi\/"},"modified":"2025-02-27T14:29:11","modified_gmt":"2025-02-27T14:29:11","slug":"siekiera-rozlupujaca-z-klinem-toporek-1000g-profi","status":"publish","type":"product","link":"https:\/\/bobimarket.pl\/index.php\/produkt\/siekiera-rozlupujaca-z-klinem-toporek-1000g-profi\/","title":{"rendered":"SIEKIERA ROZ\u0141UPUJ\u0104CA Z KLINEM TOPOREK 1000G PROFI"},"content":{"rendered":"<section class=\"section\">\n<div class=\"item item-6\">\n<section class=\"image-item\">\n            <img decoding=\"async\" src=\"https:\/\/upload.cdn.baselinker.com\/products\/14476\/3fe13948f20849e044828322ccc64567.jpg\" \/><br \/>\n        <\/section>\n<\/p><\/div>\n<div class=\"item item-6\">\n<section class=\"text-item\">\n<h2>SIEKIERA ROZ\u0141UPUJ\u0104CA TOPOREK 1000G PROFI<\/h2>\n<p>Dane techniczne:<\/p>\n<ul>\n<li>Waga g\u0142owicy:<b> 1000g<\/b><\/li>\n<li>D\u0142ugo\u015b\u0107: <b>430mm<\/b><\/li>\n<li>Materia\u0142 trzonka: drewno<\/li>\n<li>Materia\u0142 ostrza:\u00a0stal w\u0119glowa<\/li>\n<li>D\u0142ugo\u015b\u0107 ostrza:<b> 8,3cm<\/b><\/li>\n<\/ul>\n<\/section><\/div>\n<\/section>\n<section class=\"section\">\n<div class=\"item item-6\">\n<section class=\"image-item\">\n            <img decoding=\"async\" src=\"https:\/\/upload.cdn.baselinker.com\/products\/14476\/31739d63bb6383a4ceb89c013c0655eb.jpg\" \/><br \/>\n        <\/section>\n<\/p><\/div>\n<div class=\"item item-6\">\n<section class=\"text-item\">\n<p>Wysokiej jako\u015bci siekiera z klinem s\u0142u\u017c\u0105ca do roz\u0142upywania drewna. Zastosowany <b>klin w g\u0142owicy<\/b> siekiery dodatkowo pomaga roz\u0142upywa\u0107 drewno.<\/p>\n<ul>\n<li><b>G\u0142owica<\/b> zosta\u0142a wykonana ze stali w\u0119glowej. Dodatkowo zabezpieczona du\u017cym klinem drewnianym oraz metalowym klinem pier\u015bcieniowym.<\/li>\n<li><b>Trzon<\/b> drewniany, profilowany oraz lakierowany.<\/li>\n<\/ul>\n<p><b>\u2705 ZASTOSOWANIE<\/b>:<\/p>\n<p>Produkt jest uniwersalny i znajdzie swoje zastosowanie w ka\u017cdym gospodarstwie domowym. Znakomita do r\u0105bania drewna i do innych prac gospodarczych.<\/p>\n<\/section><\/div>\n<\/section>\n<section class=\"section\">\n<div class=\"item item-6\">\n<section class=\"image-item\">\n            <img decoding=\"async\" src=\"https:\/\/upload.cdn.baselinker.com\/products\/14476\/a734df041e5683394ae272439c83883c.jpg\" \/><br \/>\n        <\/section>\n<\/p><\/div>\n<div class=\"item item-6\">\n<section class=\"image-item\">\n            <img decoding=\"async\" src=\"https:\/\/upload.cdn.baselinker.com\/products\/14476\/1b851bf301b5c6483b2d0070e05847ec.jpg\" \/><br \/>\n        <\/section>\n<\/p><\/div>\n<\/section>\n<section class=\"section\">\n<div class=\"item item-12\">\n<section class=\"image-item\">\n            <img decoding=\"async\" src=\"https:\/\/upload.cdn.baselinker.com\/products\/14476\/6c1055c41ea1f4d274eb19dcdcf36ae3.jpg\" \/><br \/>\n        <\/section>\n<\/p><\/div>\n<\/section>\n<section class=\"section\">\n<div class=\"item item-6\">\n<section class=\"image-item\">\n            <img decoding=\"async\" src=\"https:\/\/upload.cdn.baselinker.com\/products\/14476\/972bc24a902d2ad7ef13328933e428df.jpg\" \/><br \/>\n        <\/section>\n<\/p><\/div>\n<div class=\"item item-6\">\n<section class=\"image-item\">\n            <img decoding=\"async\" src=\"https:\/\/upload.cdn.baselinker.com\/products\/14476\/e0972693e03b17d48665736affd52a41.jpg\" \/><br \/>\n        <\/section>\n<\/p><\/div>\n<\/section>\n<section class=\"section\">\n<div class=\"item item-6\">\n<section class=\"image-item\">\n            <img decoding=\"async\" src=\"https:\/\/upload.cdn.baselinker.com\/products\/14476\/9f28d73b9f58805b3ceeac0f97df9d5c.jpg\" \/><br \/>\n        <\/section>\n<\/p><\/div>\n<div class=\"item item-6\">\n<section class=\"image-item\">\n            <img decoding=\"async\" src=\"https:\/\/upload.cdn.baselinker.com\/products\/14476\/2bea3f73e4ba0a3a1ebdc3aa279df2d4.jpg\" \/><br \/>\n        <\/section>\n<\/p><\/div>\n<\/section>\n<section class=\"section\">\n<div class=\"item item-12\">\n<section class=\"image-item\">\n            <img decoding=\"async\" src=\"https:\/\/upload.cdn.baselinker.com\/products\/14476\/b1d7a110658f26d204a19695a4417682.jpg\" \/><br \/>\n        <\/section>\n<\/p><\/div>\n<\/section>\n","protected":false},"excerpt":{"rendered":"<p>SIEKIERA ROZ\u0141UPUJ\u0104CA TOPOREK 1000G PROFI Dane techniczne: Waga g\u0142owicy: 1000g D\u0142ugo\u015b\u0107: 430mm Materia\u0142 trzonka: drewno Materia\u0142 ostrza:\u00a0stal w\u0119glowa D\u0142ugo\u015b\u0107 ostrza: 8,3cm Wysokiej jako\u015bci siekiera z klinem s\u0142u\u017c\u0105ca do roz\u0142upywania drewna. Zastosowany klin w g\u0142owicy siekiery dodatkowo pomaga roz\u0142upywa\u0107 drewno. G\u0142owica zosta\u0142a wykonana ze stali w\u0119glowej. Dodatkowo zabezpieczona du\u017cym klinem drewnianym oraz metalowym klinem pier\u015bcieniowym. Trzon<br \/><a class=\"more-link\" href=\"https:\/\/bobimarket.pl\/index.php\/produkt\/siekiera-rozlupujaca-z-klinem-toporek-1000g-profi\/\"><br \/>\n        Czytaj wi\u0119cej<span class=\"screen-reader-text\"> &#8222;SIEKIERA ROZ\u0141UPUJ\u0104CA Z KLINEM TOPOREK 1000G PROFI&#8221;<\/span><\/a><\/p>\n","protected":false},"featured_media":85092,"template":"","meta":[],"product_cat":[8251],"product_tag":[],"yoast_head":"<!-- This site is optimized with the Yoast SEO plugin v21.0 - https:\/\/yoast.com\/wordpress\/plugins\/seo\/ -->\n<title>SIEKIERA ROZ\u0141UPUJ\u0104CA Z KLINEM TOPOREK 1000G PROFI - BOBIMARKET.pl - Remontuj i urz\u0105dzaj z nami<\/title>\n<meta name=\"robots\" content=\"index, follow, max-snippet:-1, max-image-preview:large, max-video-preview:-1\" \/>\n<link rel=\"canonical\" href=\"https:\/\/bobimarket.pl\/index.php\/produkt\/siekiera-rozlupujaca-z-klinem-toporek-1000g-profi\/\" \/>\n<meta property=\"og:locale\" content=\"pl_PL\" \/>\n<meta property=\"og:type\" content=\"article\" \/>\n<meta property=\"og:title\" content=\"SIEKIERA ROZ\u0141UPUJ\u0104CA Z KLINEM TOPOREK 1000G PROFI - BOBIMARKET.pl - Remontuj i urz\u0105dzaj z nami\" \/>\n<meta property=\"og:description\" content=\"SIEKIERA ROZ\u0141UPUJ\u0104CA TOPOREK 1000G PROFI Dane techniczne: Waga g\u0142owicy: 1000g D\u0142ugo\u015b\u0107: 430mm Materia\u0142 trzonka: drewno Materia\u0142 ostrza:\u00a0stal w\u0119glowa D\u0142ugo\u015b\u0107 ostrza: 8,3cm Wysokiej jako\u015bci siekiera z klinem s\u0142u\u017c\u0105ca do roz\u0142upywania drewna. Zastosowany klin w g\u0142owicy siekiery dodatkowo pomaga roz\u0142upywa\u0107 drewno. G\u0142owica zosta\u0142a wykonana ze stali w\u0119glowej. Dodatkowo zabezpieczona du\u017cym klinem drewnianym oraz metalowym klinem pier\u015bcieniowym. Trzon     Czytaj wi\u0119cej &quot;SIEKIERA ROZ\u0141UPUJ\u0104CA Z KLINEM TOPOREK 1000G PROFI&quot;\" \/>\n<meta property=\"og:url\" content=\"https:\/\/bobimarket.pl\/index.php\/produkt\/siekiera-rozlupujaca-z-klinem-toporek-1000g-profi\/\" \/>\n<meta property=\"og:site_name\" content=\"BOBIMARKET.pl - Remontuj i urz\u0105dzaj z nami\" \/>\n<meta property=\"article:modified_time\" content=\"2025-02-27T14:29:11+00:00\" \/>\n<meta property=\"og:image\" content=\"https:\/\/upload.cdn.baselinker.com\/products\/14476\/3fe13948f20849e044828322ccc64567.jpg\" \/>\n<meta name=\"twitter:card\" content=\"summary_large_image\" \/>\n<script type=\"application\/ld+json\" class=\"yoast-schema-graph\">{\"@context\":\"https:\/\/schema.org\",\"@graph\":[{\"@type\":\"WebPage\",\"@id\":\"https:\/\/bobimarket.pl\/index.php\/produkt\/siekiera-rozlupujaca-z-klinem-toporek-1000g-profi\/\",\"url\":\"https:\/\/bobimarket.pl\/index.php\/produkt\/siekiera-rozlupujaca-z-klinem-toporek-1000g-profi\/\",\"name\":\"SIEKIERA ROZ\u0141UPUJ\u0104CA Z KLINEM TOPOREK 1000G PROFI - BOBIMARKET.pl - Remontuj i urz\u0105dzaj z nami\",\"isPartOf\":{\"@id\":\"https:\/\/bobimarket.pl\/#website\"},\"datePublished\":\"2023-08-29T21:50:40+00:00\",\"dateModified\":\"2025-02-27T14:29:11+00:00\",\"breadcrumb\":{\"@id\":\"https:\/\/bobimarket.pl\/index.php\/produkt\/siekiera-rozlupujaca-z-klinem-toporek-1000g-profi\/#breadcrumb\"},\"inLanguage\":\"pl-PL\",\"potentialAction\":[{\"@type\":\"ReadAction\",\"target\":[\"https:\/\/bobimarket.pl\/index.php\/produkt\/siekiera-rozlupujaca-z-klinem-toporek-1000g-profi\/\"]}]},{\"@type\":\"BreadcrumbList\",\"@id\":\"https:\/\/bobimarket.pl\/index.php\/produkt\/siekiera-rozlupujaca-z-klinem-toporek-1000g-profi\/#breadcrumb\",\"itemListElement\":[{\"@type\":\"ListItem\",\"position\":1,\"name\":\"Strona g\u0142\u00f3wna\",\"item\":\"https:\/\/bobimarket.pl\/\"},{\"@type\":\"ListItem\",\"position\":2,\"name\":\"Sklep\",\"item\":\"https:\/\/bobimarket.pl\/index.php\/shop\/\"},{\"@type\":\"ListItem\",\"position\":3,\"name\":\"SIEKIERA ROZ\u0141UPUJ\u0104CA Z KLINEM TOPOREK 1000G PROFI\"}]},{\"@type\":\"WebSite\",\"@id\":\"https:\/\/bobimarket.pl\/#website\",\"url\":\"https:\/\/bobimarket.pl\/\",\"name\":\"BOBIMARKET.pl - Remontuj i urz\u0105dzaj z nami\",\"description\":\"Remontuj i urz\u0105dzaj z nami\",\"publisher\":{\"@id\":\"https:\/\/bobimarket.pl\/#organization\"},\"potentialAction\":[{\"@type\":\"SearchAction\",\"target\":{\"@type\":\"EntryPoint\",\"urlTemplate\":\"https:\/\/bobimarket.pl\/?s={search_term_string}\"},\"query-input\":\"required name=search_term_string\"}],\"inLanguage\":\"pl-PL\"},{\"@type\":\"Organization\",\"@id\":\"https:\/\/bobimarket.pl\/#organization\",\"name\":\"BOBIMARKET.pl\",\"url\":\"https:\/\/bobimarket.pl\/\",\"logo\":{\"@type\":\"ImageObject\",\"inLanguage\":\"pl-PL\",\"@id\":\"https:\/\/bobimarket.pl\/#\/schema\/logo\/image\/\",\"url\":\"https:\/\/bobimarket.pl\/wp-content\/uploads\/2021\/11\/slogan.png\",\"contentUrl\":\"https:\/\/bobimarket.pl\/wp-content\/uploads\/2021\/11\/slogan.png\",\"width\":2000,\"height\":384,\"caption\":\"BOBIMARKET.pl\"},\"image\":{\"@id\":\"https:\/\/bobimarket.pl\/#\/schema\/logo\/image\/\"}}]}<\/script>\n<!-- \/ Yoast SEO plugin. -->","yoast_head_json":{"title":"SIEKIERA ROZ\u0141UPUJ\u0104CA Z KLINEM TOPOREK 1000G PROFI - BOBIMARKET.pl - Remontuj i urz\u0105dzaj z nami","robots":{"index":"index","follow":"follow","max-snippet":"max-snippet:-1","max-image-preview":"max-image-preview:large","max-video-preview":"max-video-preview:-1"},"canonical":"https:\/\/bobimarket.pl\/index.php\/produkt\/siekiera-rozlupujaca-z-klinem-toporek-1000g-profi\/","og_locale":"pl_PL","og_type":"article","og_title":"SIEKIERA ROZ\u0141UPUJ\u0104CA Z KLINEM TOPOREK 1000G PROFI - BOBIMARKET.pl - Remontuj i urz\u0105dzaj z nami","og_description":"SIEKIERA ROZ\u0141UPUJ\u0104CA TOPOREK 1000G PROFI Dane techniczne: Waga g\u0142owicy: 1000g D\u0142ugo\u015b\u0107: 430mm Materia\u0142 trzonka: drewno Materia\u0142 ostrza:\u00a0stal w\u0119glowa D\u0142ugo\u015b\u0107 ostrza: 8,3cm Wysokiej jako\u015bci siekiera z klinem s\u0142u\u017c\u0105ca do roz\u0142upywania drewna. Zastosowany klin w g\u0142owicy siekiery dodatkowo pomaga roz\u0142upywa\u0107 drewno. G\u0142owica zosta\u0142a wykonana ze stali w\u0119glowej. Dodatkowo zabezpieczona du\u017cym klinem drewnianym oraz metalowym klinem pier\u015bcieniowym. Trzon     Czytaj wi\u0119cej \"SIEKIERA ROZ\u0141UPUJ\u0104CA Z KLINEM TOPOREK 1000G PROFI\"","og_url":"https:\/\/bobimarket.pl\/index.php\/produkt\/siekiera-rozlupujaca-z-klinem-toporek-1000g-profi\/","og_site_name":"BOBIMARKET.pl - Remontuj i urz\u0105dzaj z nami","article_modified_time":"2025-02-27T14:29:11+00:00","og_image":[{"url":"https:\/\/upload.cdn.baselinker.com\/products\/14476\/3fe13948f20849e044828322ccc64567.jpg"}],"twitter_card":"summary_large_image","schema":{"@context":"https:\/\/schema.org","@graph":[{"@type":"WebPage","@id":"https:\/\/bobimarket.pl\/index.php\/produkt\/siekiera-rozlupujaca-z-klinem-toporek-1000g-profi\/","url":"https:\/\/bobimarket.pl\/index.php\/produkt\/siekiera-rozlupujaca-z-klinem-toporek-1000g-profi\/","name":"SIEKIERA ROZ\u0141UPUJ\u0104CA Z KLINEM TOPOREK 1000G PROFI - BOBIMARKET.pl - Remontuj i urz\u0105dzaj z nami","isPartOf":{"@id":"https:\/\/bobimarket.pl\/#website"},"datePublished":"2023-08-29T21:50:40+00:00","dateModified":"2025-02-27T14:29:11+00:00","breadcrumb":{"@id":"https:\/\/bobimarket.pl\/index.php\/produkt\/siekiera-rozlupujaca-z-klinem-toporek-1000g-profi\/#breadcrumb"},"inLanguage":"pl-PL","potentialAction":[{"@type":"ReadAction","target":["https:\/\/bobimarket.pl\/index.php\/produkt\/siekiera-rozlupujaca-z-klinem-toporek-1000g-profi\/"]}]},{"@type":"BreadcrumbList","@id":"https:\/\/bobimarket.pl\/index.php\/produkt\/siekiera-rozlupujaca-z-klinem-toporek-1000g-profi\/#breadcrumb","itemListElement":[{"@type":"ListItem","position":1,"name":"Strona g\u0142\u00f3wna","item":"https:\/\/bobimarket.pl\/"},{"@type":"ListItem","position":2,"name":"Sklep","item":"https:\/\/bobimarket.pl\/index.php\/shop\/"},{"@type":"ListItem","position":3,"name":"SIEKIERA ROZ\u0141UPUJ\u0104CA Z KLINEM TOPOREK 1000G PROFI"}]},{"@type":"WebSite","@id":"https:\/\/bobimarket.pl\/#website","url":"https:\/\/bobimarket.pl\/","name":"BOBIMARKET.pl - Remontuj i urz\u0105dzaj z nami","description":"Remontuj i urz\u0105dzaj z nami","publisher":{"@id":"https:\/\/bobimarket.pl\/#organization"},"potentialAction":[{"@type":"SearchAction","target":{"@type":"EntryPoint","urlTemplate":"https:\/\/bobimarket.pl\/?s={search_term_string}"},"query-input":"required name=search_term_string"}],"inLanguage":"pl-PL"},{"@type":"Organization","@id":"https:\/\/bobimarket.pl\/#organization","name":"BOBIMARKET.pl","url":"https:\/\/bobimarket.pl\/","logo":{"@type":"ImageObject","inLanguage":"pl-PL","@id":"https:\/\/bobimarket.pl\/#\/schema\/logo\/image\/","url":"https:\/\/bobimarket.pl\/wp-content\/uploads\/2021\/11\/slogan.png","contentUrl":"https:\/\/bobimarket.pl\/wp-content\/uploads\/2021\/11\/slogan.png","width":2000,"height":384,"caption":"BOBIMARKET.pl"},"image":{"@id":"https:\/\/bobimarket.pl\/#\/schema\/logo\/image\/"}}]}},"_links":{"self":[{"href":"https:\/\/bobimarket.pl\/index.php\/wp-json\/wp\/v2\/product\/85104"}],"collection":[{"href":"https:\/\/bobimarket.pl\/index.php\/wp-json\/wp\/v2\/product"}],"about":[{"href":"https:\/\/bobimarket.pl\/index.php\/wp-json\/wp\/v2\/types\/product"}],"wp:featuredmedia":[{"embeddable":true,"href":"https:\/\/bobimarket.pl\/index.php\/wp-json\/wp\/v2\/media\/85092"}],"wp:attachment":[{"href":"https:\/\/bobimarket.pl\/index.php\/wp-json\/wp\/v2\/media?parent=85104"}],"wp:term":[{"taxonomy":"product_cat","embeddable":true,"href":"https:\/\/bobimarket.pl\/index.php\/wp-json\/wp\/v2\/product_cat?post=85104"},{"taxonomy":"product_tag","embeddable":true,"href":"https:\/\/bobimarket.pl\/index.php\/wp-json\/wp\/v2\/product_tag?post=85104"}],"curies":[{"name":"wp","href":"https:\/\/api.w.org\/{rel}","templated":true}]}}