{"id":85157,"date":"2023-08-29T21:56:22","date_gmt":"2023-08-29T21:56:22","guid":{"rendered":"https:\/\/bobimarket.pl\/index.php\/produkt\/wkrety-do-plyt-karton-gips-metal-35-x-35mm-200szt\/"},"modified":"2025-02-27T14:29:46","modified_gmt":"2025-02-27T14:29:46","slug":"wkrety-do-plyt-karton-gips-metal-35-x-35mm-200szt","status":"publish","type":"product","link":"https:\/\/bobimarket.pl\/index.php\/produkt\/wkrety-do-plyt-karton-gips-metal-35-x-35mm-200szt\/","title":{"rendered":"WKR\u0118TY DO P\u0141YT KARTON GIPS METAL 3,5 x 35mm 200szt"},"content":{"rendered":"<section class=\"section\">\n<div class=\"item item-12\">\n<section class=\"text-item\">\n<p><b>Dane techniczne:<\/b><\/p>\n<ul>\n<li>\u015arednica: <b>3.5 MM<\/b><\/li>\n<li>D\u0142ugo\u015b\u0107 ca\u0142kowita:<b> 35MM<\/b><\/li>\n<li>Materia\u0142: <b>STAL HARTOWANA<\/b><\/li>\n<li>\u0141eb sto\u017ckowy<\/li>\n<li>Pow\u0142oka: Fosfatowana<\/li>\n<li><b>WYSOKA JAKO\u015a\u0106!!<\/b><\/li>\n<\/ul>\n<p><b>PODANA CENA DOTYCZY 200SZT !!!<\/b><\/p>\n<\/section><\/div>\n<\/section>\n<section class=\"section\">\n<div class=\"item item-12\">\n<section class=\"image-item\">\n            <img decoding=\"async\" src=\"https:\/\/upload.cdn.baselinker.com\/products\/14476\/ffa0f4b4ecf02de1eccad100184042a2.jpg\" \/><br \/>\n        <\/section>\n<\/p><\/div>\n<\/section>\n<section class=\"section\">\n<div class=\"item item-12\">\n<section class=\"text-item\">\n<p>Wysokiej jako\u015bci <b>hartowane<\/b> wkr\u0119ty do mocowania p\u0142yt kartonowo \u2013 gipsowych do profili metalowych. Fosfatowana pow\u0142oka zapewnia, \u017ce wkr\u0119t nie rdzewieje.<\/p>\n<p><b>\u2705 Produkt<\/b> dla rzemios\u0142a i zastosowa\u0144 przemys\u0142owych.<\/p>\n<\/section><\/div>\n<\/section>\n<section class=\"section\">\n<div class=\"item item-12\">\n<section class=\"image-item\">\n            <img decoding=\"async\" src=\"https:\/\/upload.cdn.baselinker.com\/products\/14476\/ffa0f4b4ecf02de1eccad100184042a2.jpg\" \/><br \/>\n        <\/section>\n<\/p><\/div>\n<\/section>\n","protected":false},"excerpt":{"rendered":"<p>Dane techniczne: \u015arednica: 3.5 MM D\u0142ugo\u015b\u0107 ca\u0142kowita: 35MM Materia\u0142: STAL HARTOWANA \u0141eb sto\u017ckowy Pow\u0142oka: Fosfatowana WYSOKA JAKO\u015a\u0106!! PODANA CENA DOTYCZY 200SZT !!! Wysokiej jako\u015bci hartowane wkr\u0119ty do mocowania p\u0142yt kartonowo \u2013 gipsowych do profili metalowych. Fosfatowana pow\u0142oka zapewnia, \u017ce wkr\u0119t nie rdzewieje. \u2705 Produkt dla rzemios\u0142a i zastosowa\u0144 przemys\u0142owych.<\/p>\n","protected":false},"featured_media":85155,"template":"","meta":[],"product_cat":[8057],"product_tag":[],"yoast_head":"<!-- This site is optimized with the Yoast SEO plugin v21.0 - https:\/\/yoast.com\/wordpress\/plugins\/seo\/ -->\n<title>WKR\u0118TY DO P\u0141YT KARTON GIPS METAL 3,5 x 35mm 200szt - BOBIMARKET.pl - Remontuj i urz\u0105dzaj z nami<\/title>\n<meta name=\"robots\" content=\"index, follow, max-snippet:-1, max-image-preview:large, max-video-preview:-1\" \/>\n<link rel=\"canonical\" href=\"https:\/\/bobimarket.pl\/index.php\/produkt\/wkrety-do-plyt-karton-gips-metal-35-x-35mm-200szt\/\" \/>\n<meta property=\"og:locale\" content=\"pl_PL\" \/>\n<meta property=\"og:type\" content=\"article\" \/>\n<meta property=\"og:title\" content=\"WKR\u0118TY DO P\u0141YT KARTON GIPS METAL 3,5 x 35mm 200szt - BOBIMARKET.pl - Remontuj i urz\u0105dzaj z nami\" \/>\n<meta property=\"og:description\" content=\"Dane techniczne: \u015arednica: 3.5 MM D\u0142ugo\u015b\u0107 ca\u0142kowita: 35MM Materia\u0142: STAL HARTOWANA \u0141eb sto\u017ckowy Pow\u0142oka: Fosfatowana WYSOKA JAKO\u015a\u0106!! PODANA CENA DOTYCZY 200SZT !!! Wysokiej jako\u015bci hartowane wkr\u0119ty do mocowania p\u0142yt kartonowo \u2013 gipsowych do profili metalowych. Fosfatowana pow\u0142oka zapewnia, \u017ce wkr\u0119t nie rdzewieje. \u2705 Produkt dla rzemios\u0142a i zastosowa\u0144 przemys\u0142owych.\" \/>\n<meta property=\"og:url\" content=\"https:\/\/bobimarket.pl\/index.php\/produkt\/wkrety-do-plyt-karton-gips-metal-35-x-35mm-200szt\/\" \/>\n<meta property=\"og:site_name\" content=\"BOBIMARKET.pl - Remontuj i urz\u0105dzaj z nami\" \/>\n<meta property=\"article:modified_time\" content=\"2025-02-27T14:29:46+00:00\" \/>\n<meta property=\"og:image\" content=\"https:\/\/upload.cdn.baselinker.com\/products\/14476\/ffa0f4b4ecf02de1eccad100184042a2.jpg\" \/>\n<meta name=\"twitter:card\" content=\"summary_large_image\" \/>\n<script type=\"application\/ld+json\" class=\"yoast-schema-graph\">{\"@context\":\"https:\/\/schema.org\",\"@graph\":[{\"@type\":\"WebPage\",\"@id\":\"https:\/\/bobimarket.pl\/index.php\/produkt\/wkrety-do-plyt-karton-gips-metal-35-x-35mm-200szt\/\",\"url\":\"https:\/\/bobimarket.pl\/index.php\/produkt\/wkrety-do-plyt-karton-gips-metal-35-x-35mm-200szt\/\",\"name\":\"WKR\u0118TY DO P\u0141YT KARTON GIPS METAL 3,5 x 35mm 200szt - BOBIMARKET.pl - Remontuj i urz\u0105dzaj z nami\",\"isPartOf\":{\"@id\":\"https:\/\/bobimarket.pl\/#website\"},\"datePublished\":\"2023-08-29T21:56:22+00:00\",\"dateModified\":\"2025-02-27T14:29:46+00:00\",\"breadcrumb\":{\"@id\":\"https:\/\/bobimarket.pl\/index.php\/produkt\/wkrety-do-plyt-karton-gips-metal-35-x-35mm-200szt\/#breadcrumb\"},\"inLanguage\":\"pl-PL\",\"potentialAction\":[{\"@type\":\"ReadAction\",\"target\":[\"https:\/\/bobimarket.pl\/index.php\/produkt\/wkrety-do-plyt-karton-gips-metal-35-x-35mm-200szt\/\"]}]},{\"@type\":\"BreadcrumbList\",\"@id\":\"https:\/\/bobimarket.pl\/index.php\/produkt\/wkrety-do-plyt-karton-gips-metal-35-x-35mm-200szt\/#breadcrumb\",\"itemListElement\":[{\"@type\":\"ListItem\",\"position\":1,\"name\":\"Strona g\u0142\u00f3wna\",\"item\":\"https:\/\/bobimarket.pl\/\"},{\"@type\":\"ListItem\",\"position\":2,\"name\":\"Sklep\",\"item\":\"https:\/\/bobimarket.pl\/index.php\/shop\/\"},{\"@type\":\"ListItem\",\"position\":3,\"name\":\"WKR\u0118TY DO P\u0141YT KARTON GIPS METAL 3,5 x 35mm 200szt\"}]},{\"@type\":\"WebSite\",\"@id\":\"https:\/\/bobimarket.pl\/#website\",\"url\":\"https:\/\/bobimarket.pl\/\",\"name\":\"BOBIMARKET.pl - Remontuj i urz\u0105dzaj z nami\",\"description\":\"Remontuj i urz\u0105dzaj z nami\",\"publisher\":{\"@id\":\"https:\/\/bobimarket.pl\/#organization\"},\"potentialAction\":[{\"@type\":\"SearchAction\",\"target\":{\"@type\":\"EntryPoint\",\"urlTemplate\":\"https:\/\/bobimarket.pl\/?s={search_term_string}\"},\"query-input\":\"required name=search_term_string\"}],\"inLanguage\":\"pl-PL\"},{\"@type\":\"Organization\",\"@id\":\"https:\/\/bobimarket.pl\/#organization\",\"name\":\"BOBIMARKET.pl\",\"url\":\"https:\/\/bobimarket.pl\/\",\"logo\":{\"@type\":\"ImageObject\",\"inLanguage\":\"pl-PL\",\"@id\":\"https:\/\/bobimarket.pl\/#\/schema\/logo\/image\/\",\"url\":\"https:\/\/bobimarket.pl\/wp-content\/uploads\/2021\/11\/slogan.png\",\"contentUrl\":\"https:\/\/bobimarket.pl\/wp-content\/uploads\/2021\/11\/slogan.png\",\"width\":2000,\"height\":384,\"caption\":\"BOBIMARKET.pl\"},\"image\":{\"@id\":\"https:\/\/bobimarket.pl\/#\/schema\/logo\/image\/\"}}]}<\/script>\n<!-- \/ Yoast SEO plugin. -->","yoast_head_json":{"title":"WKR\u0118TY DO P\u0141YT KARTON GIPS METAL 3,5 x 35mm 200szt - BOBIMARKET.pl - Remontuj i urz\u0105dzaj z nami","robots":{"index":"index","follow":"follow","max-snippet":"max-snippet:-1","max-image-preview":"max-image-preview:large","max-video-preview":"max-video-preview:-1"},"canonical":"https:\/\/bobimarket.pl\/index.php\/produkt\/wkrety-do-plyt-karton-gips-metal-35-x-35mm-200szt\/","og_locale":"pl_PL","og_type":"article","og_title":"WKR\u0118TY DO P\u0141YT KARTON GIPS METAL 3,5 x 35mm 200szt - BOBIMARKET.pl - Remontuj i urz\u0105dzaj z nami","og_description":"Dane techniczne: \u015arednica: 3.5 MM D\u0142ugo\u015b\u0107 ca\u0142kowita: 35MM Materia\u0142: STAL HARTOWANA \u0141eb sto\u017ckowy Pow\u0142oka: Fosfatowana WYSOKA JAKO\u015a\u0106!! PODANA CENA DOTYCZY 200SZT !!! Wysokiej jako\u015bci hartowane wkr\u0119ty do mocowania p\u0142yt kartonowo \u2013 gipsowych do profili metalowych. Fosfatowana pow\u0142oka zapewnia, \u017ce wkr\u0119t nie rdzewieje. \u2705 Produkt dla rzemios\u0142a i zastosowa\u0144 przemys\u0142owych.","og_url":"https:\/\/bobimarket.pl\/index.php\/produkt\/wkrety-do-plyt-karton-gips-metal-35-x-35mm-200szt\/","og_site_name":"BOBIMARKET.pl - Remontuj i urz\u0105dzaj z nami","article_modified_time":"2025-02-27T14:29:46+00:00","og_image":[{"url":"https:\/\/upload.cdn.baselinker.com\/products\/14476\/ffa0f4b4ecf02de1eccad100184042a2.jpg"}],"twitter_card":"summary_large_image","schema":{"@context":"https:\/\/schema.org","@graph":[{"@type":"WebPage","@id":"https:\/\/bobimarket.pl\/index.php\/produkt\/wkrety-do-plyt-karton-gips-metal-35-x-35mm-200szt\/","url":"https:\/\/bobimarket.pl\/index.php\/produkt\/wkrety-do-plyt-karton-gips-metal-35-x-35mm-200szt\/","name":"WKR\u0118TY DO P\u0141YT KARTON GIPS METAL 3,5 x 35mm 200szt - BOBIMARKET.pl - Remontuj i urz\u0105dzaj z nami","isPartOf":{"@id":"https:\/\/bobimarket.pl\/#website"},"datePublished":"2023-08-29T21:56:22+00:00","dateModified":"2025-02-27T14:29:46+00:00","breadcrumb":{"@id":"https:\/\/bobimarket.pl\/index.php\/produkt\/wkrety-do-plyt-karton-gips-metal-35-x-35mm-200szt\/#breadcrumb"},"inLanguage":"pl-PL","potentialAction":[{"@type":"ReadAction","target":["https:\/\/bobimarket.pl\/index.php\/produkt\/wkrety-do-plyt-karton-gips-metal-35-x-35mm-200szt\/"]}]},{"@type":"BreadcrumbList","@id":"https:\/\/bobimarket.pl\/index.php\/produkt\/wkrety-do-plyt-karton-gips-metal-35-x-35mm-200szt\/#breadcrumb","itemListElement":[{"@type":"ListItem","position":1,"name":"Strona g\u0142\u00f3wna","item":"https:\/\/bobimarket.pl\/"},{"@type":"ListItem","position":2,"name":"Sklep","item":"https:\/\/bobimarket.pl\/index.php\/shop\/"},{"@type":"ListItem","position":3,"name":"WKR\u0118TY DO P\u0141YT KARTON GIPS METAL 3,5 x 35mm 200szt"}]},{"@type":"WebSite","@id":"https:\/\/bobimarket.pl\/#website","url":"https:\/\/bobimarket.pl\/","name":"BOBIMARKET.pl - Remontuj i urz\u0105dzaj z nami","description":"Remontuj i urz\u0105dzaj z nami","publisher":{"@id":"https:\/\/bobimarket.pl\/#organization"},"potentialAction":[{"@type":"SearchAction","target":{"@type":"EntryPoint","urlTemplate":"https:\/\/bobimarket.pl\/?s={search_term_string}"},"query-input":"required name=search_term_string"}],"inLanguage":"pl-PL"},{"@type":"Organization","@id":"https:\/\/bobimarket.pl\/#organization","name":"BOBIMARKET.pl","url":"https:\/\/bobimarket.pl\/","logo":{"@type":"ImageObject","inLanguage":"pl-PL","@id":"https:\/\/bobimarket.pl\/#\/schema\/logo\/image\/","url":"https:\/\/bobimarket.pl\/wp-content\/uploads\/2021\/11\/slogan.png","contentUrl":"https:\/\/bobimarket.pl\/wp-content\/uploads\/2021\/11\/slogan.png","width":2000,"height":384,"caption":"BOBIMARKET.pl"},"image":{"@id":"https:\/\/bobimarket.pl\/#\/schema\/logo\/image\/"}}]}},"_links":{"self":[{"href":"https:\/\/bobimarket.pl\/index.php\/wp-json\/wp\/v2\/product\/85157"}],"collection":[{"href":"https:\/\/bobimarket.pl\/index.php\/wp-json\/wp\/v2\/product"}],"about":[{"href":"https:\/\/bobimarket.pl\/index.php\/wp-json\/wp\/v2\/types\/product"}],"wp:featuredmedia":[{"embeddable":true,"href":"https:\/\/bobimarket.pl\/index.php\/wp-json\/wp\/v2\/media\/85155"}],"wp:attachment":[{"href":"https:\/\/bobimarket.pl\/index.php\/wp-json\/wp\/v2\/media?parent=85157"}],"wp:term":[{"taxonomy":"product_cat","embeddable":true,"href":"https:\/\/bobimarket.pl\/index.php\/wp-json\/wp\/v2\/product_cat?post=85157"},{"taxonomy":"product_tag","embeddable":true,"href":"https:\/\/bobimarket.pl\/index.php\/wp-json\/wp\/v2\/product_tag?post=85157"}],"curies":[{"name":"wp","href":"https:\/\/api.w.org\/{rel}","templated":true}]}}