{"id":85305,"date":"2023-08-29T22:12:38","date_gmt":"2023-08-29T22:12:38","guid":{"rendered":"https:\/\/bobimarket.pl\/index.php\/produkt\/karabinczyk-karabinek-uchwyt-hak-do-lin-brelok-8mm\/"},"modified":"2025-02-27T14:31:53","modified_gmt":"2025-02-27T14:31:53","slug":"karabinczyk-karabinek-uchwyt-hak-do-lin-brelok-8mm","status":"publish","type":"product","link":"https:\/\/bobimarket.pl\/index.php\/produkt\/karabinczyk-karabinek-uchwyt-hak-do-lin-brelok-8mm\/","title":{"rendered":"KARABI\u0143CZYK KARABINEK UCHWYT HAK DO LIN BRELOK 8MM"},"content":{"rendered":"<section class=\"section\">\n<div class=\"item item-6\">\n<section class=\"image-item\">\n            <img decoding=\"async\" src=\"https:\/\/upload.cdn.baselinker.com\/products\/14476\/72137d7288871f267bd68dec4960ea3e.jpg\" \/><br \/>\n        <\/section>\n<\/p><\/div>\n<div class=\"item item-6\">\n<section class=\"text-item\">\n<h2>KARABI\u0143CZYK KARABINEK UCHWYT HAK DO LIN ALUMINIOWY 8MM<\/h2>\n<p><b>Dane techniczne:<\/b><\/p>\n<ul>\n<li>\u015arednica:<b>\u00a08 mm<\/b><\/li>\n<li>Materia\u0142: aluminium<\/li>\n<\/ul>\n<\/section><\/div>\n<\/section>\n<section class=\"section\">\n<div class=\"item item-6\">\n<section class=\"image-item\">\n            <img decoding=\"async\" src=\"https:\/\/upload.cdn.baselinker.com\/products\/14476\/cedeb040ed5cf1f94b9a29ed935ac49b.jpg\" \/><br \/>\n        <\/section>\n<\/p><\/div>\n<div class=\"item item-6\">\n<section class=\"text-item\">\n<p>U\u0142atwiaj\u0105cy funkcjonowanie karabi\u0144yk w r\u00f3\u017cnych kolorach to gad\u017cet kt\u00f3ry jest niezb\u0119dny, oraz praktyczny w ka\u017cdej dziedzinie \u017cycia.<\/p>\n<p>Jest prosty w obs\u0142udze,mo\u017cna szybko po\u0142\u0105czy\u0107 ze sob\u0105 dwa elementy, mo\u017ce pos\u0142u\u017cy\u0107 jako hak,zawieszka do domu,gara\u017cu.<\/p>\n<p>Idealnie nadaje si\u0119 na brelok do kluczy,a dzi\u0119ki swojemu pi\u0119knemu kolorze, \u0142atwo odnajdzie si\u0119 w torebce ka\u017cdej pani.<\/p>\n<\/section><\/div>\n<\/section>\n<section class=\"section\">\n<div class=\"item item-6\">\n<section class=\"image-item\">\n            <img decoding=\"async\" src=\"https:\/\/upload.cdn.baselinker.com\/products\/14476\/764a2155bc200464585051cf375b0b99.jpg\" \/><br \/>\n        <\/section>\n<\/p><\/div>\n<div class=\"item item-6\">\n<section class=\"image-item\">\n            <img decoding=\"async\" src=\"https:\/\/upload.cdn.baselinker.com\/products\/14476\/2ca30d522bb4b5f7b65a78afbd8300ff.jpg\" \/><br \/>\n        <\/section>\n<\/p><\/div>\n<\/section>\n<section class=\"section\">\n<div class=\"item item-6\">\n<section class=\"image-item\">\n            <img decoding=\"async\" src=\"https:\/\/upload.cdn.baselinker.com\/products\/14476\/bd381216a20e93a8f68784e564878d8b.jpg\" \/><br \/>\n        <\/section>\n<\/p><\/div>\n<div class=\"item item-6\">\n<section class=\"image-item\">\n            <img decoding=\"async\" src=\"https:\/\/upload.cdn.baselinker.com\/products\/14476\/3e1f94758aff58e15759932cc54aa0ae.jpg\" \/><br \/>\n        <\/section>\n<\/p><\/div>\n<\/section>\n<section class=\"section\">\n<div class=\"item item-12\">\n<section class=\"image-item\">\n            <img decoding=\"async\" src=\"https:\/\/upload.cdn.baselinker.com\/products\/14476\/c1896bd02e72b99a666e16995e071280.jpg\" \/><br \/>\n        <\/section>\n<\/p><\/div>\n<\/section>\n","protected":false},"excerpt":{"rendered":"<p>KARABI\u0143CZYK KARABINEK UCHWYT HAK DO LIN ALUMINIOWY 8MM Dane techniczne: \u015arednica:\u00a08 mm Materia\u0142: aluminium U\u0142atwiaj\u0105cy funkcjonowanie karabi\u0144yk w r\u00f3\u017cnych kolorach to gad\u017cet kt\u00f3ry jest niezb\u0119dny, oraz praktyczny w ka\u017cdej dziedzinie \u017cycia. Jest prosty w obs\u0142udze,mo\u017cna szybko po\u0142\u0105czy\u0107 ze sob\u0105 dwa elementy, mo\u017ce pos\u0142u\u017cy\u0107 jako hak,zawieszka do domu,gara\u017cu. Idealnie nadaje si\u0119 na brelok do kluczy,a dzi\u0119ki<br \/><a class=\"more-link\" href=\"https:\/\/bobimarket.pl\/index.php\/produkt\/karabinczyk-karabinek-uchwyt-hak-do-lin-brelok-8mm\/\"><br \/>\n        Czytaj wi\u0119cej<span class=\"screen-reader-text\"> &#8222;KARABI\u0143CZYK KARABINEK UCHWYT HAK DO LIN BRELOK 8MM&#8221;<\/span><\/a><\/p>\n","protected":false},"featured_media":85297,"template":"","meta":[],"product_cat":[8289],"product_tag":[],"yoast_head":"<!-- This site is optimized with the Yoast SEO plugin v21.0 - https:\/\/yoast.com\/wordpress\/plugins\/seo\/ -->\n<title>KARABI\u0143CZYK KARABINEK UCHWYT HAK DO LIN BRELOK 8MM - BOBIMARKET.pl - Remontuj i urz\u0105dzaj z nami<\/title>\n<meta name=\"robots\" content=\"index, follow, max-snippet:-1, max-image-preview:large, max-video-preview:-1\" \/>\n<link rel=\"canonical\" href=\"https:\/\/bobimarket.pl\/index.php\/produkt\/karabinczyk-karabinek-uchwyt-hak-do-lin-brelok-8mm\/\" \/>\n<meta property=\"og:locale\" content=\"pl_PL\" \/>\n<meta property=\"og:type\" content=\"article\" \/>\n<meta property=\"og:title\" content=\"KARABI\u0143CZYK KARABINEK UCHWYT HAK DO LIN BRELOK 8MM - BOBIMARKET.pl - Remontuj i urz\u0105dzaj z nami\" \/>\n<meta property=\"og:description\" content=\"KARABI\u0143CZYK KARABINEK UCHWYT HAK DO LIN ALUMINIOWY 8MM Dane techniczne: \u015arednica:\u00a08 mm Materia\u0142: aluminium U\u0142atwiaj\u0105cy funkcjonowanie karabi\u0144yk w r\u00f3\u017cnych kolorach to gad\u017cet kt\u00f3ry jest niezb\u0119dny, oraz praktyczny w ka\u017cdej dziedzinie \u017cycia. Jest prosty w obs\u0142udze,mo\u017cna szybko po\u0142\u0105czy\u0107 ze sob\u0105 dwa elementy, mo\u017ce pos\u0142u\u017cy\u0107 jako hak,zawieszka do domu,gara\u017cu. Idealnie nadaje si\u0119 na brelok do kluczy,a dzi\u0119ki     Czytaj wi\u0119cej &quot;KARABI\u0143CZYK KARABINEK UCHWYT HAK DO LIN BRELOK 8MM&quot;\" \/>\n<meta property=\"og:url\" content=\"https:\/\/bobimarket.pl\/index.php\/produkt\/karabinczyk-karabinek-uchwyt-hak-do-lin-brelok-8mm\/\" \/>\n<meta property=\"og:site_name\" content=\"BOBIMARKET.pl - Remontuj i urz\u0105dzaj z nami\" \/>\n<meta property=\"article:modified_time\" content=\"2025-02-27T14:31:53+00:00\" \/>\n<meta property=\"og:image\" content=\"https:\/\/upload.cdn.baselinker.com\/products\/14476\/72137d7288871f267bd68dec4960ea3e.jpg\" \/>\n<meta name=\"twitter:card\" content=\"summary_large_image\" \/>\n<script type=\"application\/ld+json\" class=\"yoast-schema-graph\">{\"@context\":\"https:\/\/schema.org\",\"@graph\":[{\"@type\":\"WebPage\",\"@id\":\"https:\/\/bobimarket.pl\/index.php\/produkt\/karabinczyk-karabinek-uchwyt-hak-do-lin-brelok-8mm\/\",\"url\":\"https:\/\/bobimarket.pl\/index.php\/produkt\/karabinczyk-karabinek-uchwyt-hak-do-lin-brelok-8mm\/\",\"name\":\"KARABI\u0143CZYK KARABINEK UCHWYT HAK DO LIN BRELOK 8MM - BOBIMARKET.pl - Remontuj i urz\u0105dzaj z nami\",\"isPartOf\":{\"@id\":\"https:\/\/bobimarket.pl\/#website\"},\"datePublished\":\"2023-08-29T22:12:38+00:00\",\"dateModified\":\"2025-02-27T14:31:53+00:00\",\"breadcrumb\":{\"@id\":\"https:\/\/bobimarket.pl\/index.php\/produkt\/karabinczyk-karabinek-uchwyt-hak-do-lin-brelok-8mm\/#breadcrumb\"},\"inLanguage\":\"pl-PL\",\"potentialAction\":[{\"@type\":\"ReadAction\",\"target\":[\"https:\/\/bobimarket.pl\/index.php\/produkt\/karabinczyk-karabinek-uchwyt-hak-do-lin-brelok-8mm\/\"]}]},{\"@type\":\"BreadcrumbList\",\"@id\":\"https:\/\/bobimarket.pl\/index.php\/produkt\/karabinczyk-karabinek-uchwyt-hak-do-lin-brelok-8mm\/#breadcrumb\",\"itemListElement\":[{\"@type\":\"ListItem\",\"position\":1,\"name\":\"Strona g\u0142\u00f3wna\",\"item\":\"https:\/\/bobimarket.pl\/\"},{\"@type\":\"ListItem\",\"position\":2,\"name\":\"Sklep\",\"item\":\"https:\/\/bobimarket.pl\/index.php\/shop\/\"},{\"@type\":\"ListItem\",\"position\":3,\"name\":\"KARABI\u0143CZYK KARABINEK UCHWYT HAK DO LIN BRELOK 8MM\"}]},{\"@type\":\"WebSite\",\"@id\":\"https:\/\/bobimarket.pl\/#website\",\"url\":\"https:\/\/bobimarket.pl\/\",\"name\":\"BOBIMARKET.pl - Remontuj i urz\u0105dzaj z nami\",\"description\":\"Remontuj i urz\u0105dzaj z nami\",\"publisher\":{\"@id\":\"https:\/\/bobimarket.pl\/#organization\"},\"potentialAction\":[{\"@type\":\"SearchAction\",\"target\":{\"@type\":\"EntryPoint\",\"urlTemplate\":\"https:\/\/bobimarket.pl\/?s={search_term_string}\"},\"query-input\":\"required name=search_term_string\"}],\"inLanguage\":\"pl-PL\"},{\"@type\":\"Organization\",\"@id\":\"https:\/\/bobimarket.pl\/#organization\",\"name\":\"BOBIMARKET.pl\",\"url\":\"https:\/\/bobimarket.pl\/\",\"logo\":{\"@type\":\"ImageObject\",\"inLanguage\":\"pl-PL\",\"@id\":\"https:\/\/bobimarket.pl\/#\/schema\/logo\/image\/\",\"url\":\"https:\/\/bobimarket.pl\/wp-content\/uploads\/2021\/11\/slogan.png\",\"contentUrl\":\"https:\/\/bobimarket.pl\/wp-content\/uploads\/2021\/11\/slogan.png\",\"width\":2000,\"height\":384,\"caption\":\"BOBIMARKET.pl\"},\"image\":{\"@id\":\"https:\/\/bobimarket.pl\/#\/schema\/logo\/image\/\"}}]}<\/script>\n<!-- \/ Yoast SEO plugin. -->","yoast_head_json":{"title":"KARABI\u0143CZYK KARABINEK UCHWYT HAK DO LIN BRELOK 8MM - BOBIMARKET.pl - Remontuj i urz\u0105dzaj z nami","robots":{"index":"index","follow":"follow","max-snippet":"max-snippet:-1","max-image-preview":"max-image-preview:large","max-video-preview":"max-video-preview:-1"},"canonical":"https:\/\/bobimarket.pl\/index.php\/produkt\/karabinczyk-karabinek-uchwyt-hak-do-lin-brelok-8mm\/","og_locale":"pl_PL","og_type":"article","og_title":"KARABI\u0143CZYK KARABINEK UCHWYT HAK DO LIN BRELOK 8MM - BOBIMARKET.pl - Remontuj i urz\u0105dzaj z nami","og_description":"KARABI\u0143CZYK KARABINEK UCHWYT HAK DO LIN ALUMINIOWY 8MM Dane techniczne: \u015arednica:\u00a08 mm Materia\u0142: aluminium U\u0142atwiaj\u0105cy funkcjonowanie karabi\u0144yk w r\u00f3\u017cnych kolorach to gad\u017cet kt\u00f3ry jest niezb\u0119dny, oraz praktyczny w ka\u017cdej dziedzinie \u017cycia. Jest prosty w obs\u0142udze,mo\u017cna szybko po\u0142\u0105czy\u0107 ze sob\u0105 dwa elementy, mo\u017ce pos\u0142u\u017cy\u0107 jako hak,zawieszka do domu,gara\u017cu. Idealnie nadaje si\u0119 na brelok do kluczy,a dzi\u0119ki     Czytaj wi\u0119cej \"KARABI\u0143CZYK KARABINEK UCHWYT HAK DO LIN BRELOK 8MM\"","og_url":"https:\/\/bobimarket.pl\/index.php\/produkt\/karabinczyk-karabinek-uchwyt-hak-do-lin-brelok-8mm\/","og_site_name":"BOBIMARKET.pl - Remontuj i urz\u0105dzaj z nami","article_modified_time":"2025-02-27T14:31:53+00:00","og_image":[{"url":"https:\/\/upload.cdn.baselinker.com\/products\/14476\/72137d7288871f267bd68dec4960ea3e.jpg"}],"twitter_card":"summary_large_image","schema":{"@context":"https:\/\/schema.org","@graph":[{"@type":"WebPage","@id":"https:\/\/bobimarket.pl\/index.php\/produkt\/karabinczyk-karabinek-uchwyt-hak-do-lin-brelok-8mm\/","url":"https:\/\/bobimarket.pl\/index.php\/produkt\/karabinczyk-karabinek-uchwyt-hak-do-lin-brelok-8mm\/","name":"KARABI\u0143CZYK KARABINEK UCHWYT HAK DO LIN BRELOK 8MM - BOBIMARKET.pl - Remontuj i urz\u0105dzaj z nami","isPartOf":{"@id":"https:\/\/bobimarket.pl\/#website"},"datePublished":"2023-08-29T22:12:38+00:00","dateModified":"2025-02-27T14:31:53+00:00","breadcrumb":{"@id":"https:\/\/bobimarket.pl\/index.php\/produkt\/karabinczyk-karabinek-uchwyt-hak-do-lin-brelok-8mm\/#breadcrumb"},"inLanguage":"pl-PL","potentialAction":[{"@type":"ReadAction","target":["https:\/\/bobimarket.pl\/index.php\/produkt\/karabinczyk-karabinek-uchwyt-hak-do-lin-brelok-8mm\/"]}]},{"@type":"BreadcrumbList","@id":"https:\/\/bobimarket.pl\/index.php\/produkt\/karabinczyk-karabinek-uchwyt-hak-do-lin-brelok-8mm\/#breadcrumb","itemListElement":[{"@type":"ListItem","position":1,"name":"Strona g\u0142\u00f3wna","item":"https:\/\/bobimarket.pl\/"},{"@type":"ListItem","position":2,"name":"Sklep","item":"https:\/\/bobimarket.pl\/index.php\/shop\/"},{"@type":"ListItem","position":3,"name":"KARABI\u0143CZYK KARABINEK UCHWYT HAK DO LIN BRELOK 8MM"}]},{"@type":"WebSite","@id":"https:\/\/bobimarket.pl\/#website","url":"https:\/\/bobimarket.pl\/","name":"BOBIMARKET.pl - Remontuj i urz\u0105dzaj z nami","description":"Remontuj i urz\u0105dzaj z nami","publisher":{"@id":"https:\/\/bobimarket.pl\/#organization"},"potentialAction":[{"@type":"SearchAction","target":{"@type":"EntryPoint","urlTemplate":"https:\/\/bobimarket.pl\/?s={search_term_string}"},"query-input":"required name=search_term_string"}],"inLanguage":"pl-PL"},{"@type":"Organization","@id":"https:\/\/bobimarket.pl\/#organization","name":"BOBIMARKET.pl","url":"https:\/\/bobimarket.pl\/","logo":{"@type":"ImageObject","inLanguage":"pl-PL","@id":"https:\/\/bobimarket.pl\/#\/schema\/logo\/image\/","url":"https:\/\/bobimarket.pl\/wp-content\/uploads\/2021\/11\/slogan.png","contentUrl":"https:\/\/bobimarket.pl\/wp-content\/uploads\/2021\/11\/slogan.png","width":2000,"height":384,"caption":"BOBIMARKET.pl"},"image":{"@id":"https:\/\/bobimarket.pl\/#\/schema\/logo\/image\/"}}]}},"_links":{"self":[{"href":"https:\/\/bobimarket.pl\/index.php\/wp-json\/wp\/v2\/product\/85305"}],"collection":[{"href":"https:\/\/bobimarket.pl\/index.php\/wp-json\/wp\/v2\/product"}],"about":[{"href":"https:\/\/bobimarket.pl\/index.php\/wp-json\/wp\/v2\/types\/product"}],"wp:featuredmedia":[{"embeddable":true,"href":"https:\/\/bobimarket.pl\/index.php\/wp-json\/wp\/v2\/media\/85297"}],"wp:attachment":[{"href":"https:\/\/bobimarket.pl\/index.php\/wp-json\/wp\/v2\/media?parent=85305"}],"wp:term":[{"taxonomy":"product_cat","embeddable":true,"href":"https:\/\/bobimarket.pl\/index.php\/wp-json\/wp\/v2\/product_cat?post=85305"},{"taxonomy":"product_tag","embeddable":true,"href":"https:\/\/bobimarket.pl\/index.php\/wp-json\/wp\/v2\/product_tag?post=85305"}],"curies":[{"name":"wp","href":"https:\/\/api.w.org\/{rel}","templated":true}]}}