{"id":85387,"date":"2023-08-29T22:21:05","date_gmt":"2023-08-29T22:21:05","guid":{"rendered":"https:\/\/bobimarket.pl\/index.php\/produkt\/linka-sznurek-na-pranie-do-bielizny-pcv-stalowa-30\/"},"modified":"2025-02-27T16:45:43","modified_gmt":"2025-02-27T16:45:43","slug":"linka-sznurek-na-pranie-do-bielizny-pcv-stalowa-30","status":"publish","type":"product","link":"https:\/\/bobimarket.pl\/index.php\/produkt\/linka-sznurek-na-pranie-do-bielizny-pcv-stalowa-30\/","title":{"rendered":"LINKA SZNUREK NA PRANIE DO BIELIZNY PCV STALOWA 30"},"content":{"rendered":"<section class=\"section\">\n<div class=\"item item-6\">\n<section class=\"image-item\">\n            <img decoding=\"async\" src=\"https:\/\/upload.cdn.baselinker.com\/products\/14476\/70c659d19eec6610495df68ec78e1945.jpg\" \/><br \/>\n        <\/section>\n<\/p><\/div>\n<div class=\"item item-6\">\n<section class=\"text-item\">\n<h2>LINKA SZNUREK NA PRANIE DO BIELIZNY PCV STALOWA 30 M<\/h2>\n<p><b>Dane techniczne:<\/b><\/p>\n<ul>\n<li>D\u0142ugo\u015b\u0107:<b> 30m<\/b><\/li>\n<li>Grubo\u015b\u0107: <b>oko\u0142o 3 mm<\/b><\/li>\n<li>Matria\u0142:<b> Stal\/pcv<\/b><\/li>\n<li><b>BARDZO MOCNA!!<\/b><\/li>\n<\/ul>\n<p><b>Dost\u0119pne r\u00f3\u017cne kolory! Kolor linki wybieramy losowo!<\/b><\/p>\n<\/section><\/div>\n<\/section>\n<section class=\"section\">\n<div class=\"item item-6\">\n<section class=\"image-item\">\n            <img decoding=\"async\" src=\"https:\/\/upload.cdn.baselinker.com\/products\/14476\/66f67ec31247450b02238d49efd8b253.jpg\" \/><br \/>\n        <\/section>\n<\/p><\/div>\n<div class=\"item item-6\">\n<section class=\"text-item\">\n<p>Bardzo mocna linka do bielizny z wk\u0142adem stalowym w plastikowej koszulce.<\/p>\n<p>Linka jest <b>nierozci\u0105gliwa<\/b> w dodatku odporna na rozrywanie oraz warunki atmosferyczne. \u0141atwa w czyszczeniu.<\/p>\n<\/section><\/div>\n<\/section>\n<section class=\"section\">\n<div class=\"item item-12\">\n<section class=\"image-item\">\n            <img decoding=\"async\" src=\"https:\/\/upload.cdn.baselinker.com\/products\/14476\/75d9322c956b5e27036130a390bbab9b.jpg\" \/><br \/>\n        <\/section>\n<\/p><\/div>\n<\/section>\n","protected":false},"excerpt":{"rendered":"<p>LINKA SZNUREK NA PRANIE DO BIELIZNY PCV STALOWA 30 M Dane techniczne: D\u0142ugo\u015b\u0107: 30m Grubo\u015b\u0107: oko\u0142o 3 mm Matria\u0142: Stal\/pcv BARDZO MOCNA!! Dost\u0119pne r\u00f3\u017cne kolory! Kolor linki wybieramy losowo! Bardzo mocna linka do bielizny z wk\u0142adem stalowym w plastikowej koszulce. Linka jest nierozci\u0105gliwa w dodatku odporna na rozrywanie oraz warunki atmosferyczne. \u0141atwa w czyszczeniu.<\/p>\n","protected":false},"featured_media":85384,"template":"","meta":[],"product_cat":[8276],"product_tag":[],"yoast_head":"<!-- This site is optimized with the Yoast SEO plugin v21.0 - https:\/\/yoast.com\/wordpress\/plugins\/seo\/ -->\n<title>LINKA SZNUREK NA PRANIE DO BIELIZNY PCV STALOWA 30 - BOBIMARKET.pl - Remontuj i urz\u0105dzaj z nami<\/title>\n<meta name=\"robots\" content=\"index, follow, max-snippet:-1, max-image-preview:large, max-video-preview:-1\" \/>\n<link rel=\"canonical\" href=\"https:\/\/bobimarket.pl\/index.php\/produkt\/linka-sznurek-na-pranie-do-bielizny-pcv-stalowa-30\/\" \/>\n<meta property=\"og:locale\" content=\"pl_PL\" \/>\n<meta property=\"og:type\" content=\"article\" \/>\n<meta property=\"og:title\" content=\"LINKA SZNUREK NA PRANIE DO BIELIZNY PCV STALOWA 30 - BOBIMARKET.pl - Remontuj i urz\u0105dzaj z nami\" \/>\n<meta property=\"og:description\" content=\"LINKA SZNUREK NA PRANIE DO BIELIZNY PCV STALOWA 30 M Dane techniczne: D\u0142ugo\u015b\u0107: 30m Grubo\u015b\u0107: oko\u0142o 3 mm Matria\u0142: Stal\/pcv BARDZO MOCNA!! Dost\u0119pne r\u00f3\u017cne kolory! Kolor linki wybieramy losowo! Bardzo mocna linka do bielizny z wk\u0142adem stalowym w plastikowej koszulce. Linka jest nierozci\u0105gliwa w dodatku odporna na rozrywanie oraz warunki atmosferyczne. \u0141atwa w czyszczeniu.\" \/>\n<meta property=\"og:url\" content=\"https:\/\/bobimarket.pl\/index.php\/produkt\/linka-sznurek-na-pranie-do-bielizny-pcv-stalowa-30\/\" \/>\n<meta property=\"og:site_name\" content=\"BOBIMARKET.pl - Remontuj i urz\u0105dzaj z nami\" \/>\n<meta property=\"article:modified_time\" content=\"2025-02-27T16:45:43+00:00\" \/>\n<meta property=\"og:image\" content=\"https:\/\/upload.cdn.baselinker.com\/products\/14476\/70c659d19eec6610495df68ec78e1945.jpg\" \/>\n<meta name=\"twitter:card\" content=\"summary_large_image\" \/>\n<script type=\"application\/ld+json\" class=\"yoast-schema-graph\">{\"@context\":\"https:\/\/schema.org\",\"@graph\":[{\"@type\":\"WebPage\",\"@id\":\"https:\/\/bobimarket.pl\/index.php\/produkt\/linka-sznurek-na-pranie-do-bielizny-pcv-stalowa-30\/\",\"url\":\"https:\/\/bobimarket.pl\/index.php\/produkt\/linka-sznurek-na-pranie-do-bielizny-pcv-stalowa-30\/\",\"name\":\"LINKA SZNUREK NA PRANIE DO BIELIZNY PCV STALOWA 30 - BOBIMARKET.pl - Remontuj i urz\u0105dzaj z nami\",\"isPartOf\":{\"@id\":\"https:\/\/bobimarket.pl\/#website\"},\"datePublished\":\"2023-08-29T22:21:05+00:00\",\"dateModified\":\"2025-02-27T16:45:43+00:00\",\"breadcrumb\":{\"@id\":\"https:\/\/bobimarket.pl\/index.php\/produkt\/linka-sznurek-na-pranie-do-bielizny-pcv-stalowa-30\/#breadcrumb\"},\"inLanguage\":\"pl-PL\",\"potentialAction\":[{\"@type\":\"ReadAction\",\"target\":[\"https:\/\/bobimarket.pl\/index.php\/produkt\/linka-sznurek-na-pranie-do-bielizny-pcv-stalowa-30\/\"]}]},{\"@type\":\"BreadcrumbList\",\"@id\":\"https:\/\/bobimarket.pl\/index.php\/produkt\/linka-sznurek-na-pranie-do-bielizny-pcv-stalowa-30\/#breadcrumb\",\"itemListElement\":[{\"@type\":\"ListItem\",\"position\":1,\"name\":\"Strona g\u0142\u00f3wna\",\"item\":\"https:\/\/bobimarket.pl\/\"},{\"@type\":\"ListItem\",\"position\":2,\"name\":\"Sklep\",\"item\":\"https:\/\/bobimarket.pl\/index.php\/shop\/\"},{\"@type\":\"ListItem\",\"position\":3,\"name\":\"LINKA SZNUREK NA PRANIE DO BIELIZNY PCV STALOWA 30\"}]},{\"@type\":\"WebSite\",\"@id\":\"https:\/\/bobimarket.pl\/#website\",\"url\":\"https:\/\/bobimarket.pl\/\",\"name\":\"BOBIMARKET.pl - Remontuj i urz\u0105dzaj z nami\",\"description\":\"Remontuj i urz\u0105dzaj z nami\",\"publisher\":{\"@id\":\"https:\/\/bobimarket.pl\/#organization\"},\"potentialAction\":[{\"@type\":\"SearchAction\",\"target\":{\"@type\":\"EntryPoint\",\"urlTemplate\":\"https:\/\/bobimarket.pl\/?s={search_term_string}\"},\"query-input\":\"required name=search_term_string\"}],\"inLanguage\":\"pl-PL\"},{\"@type\":\"Organization\",\"@id\":\"https:\/\/bobimarket.pl\/#organization\",\"name\":\"BOBIMARKET.pl\",\"url\":\"https:\/\/bobimarket.pl\/\",\"logo\":{\"@type\":\"ImageObject\",\"inLanguage\":\"pl-PL\",\"@id\":\"https:\/\/bobimarket.pl\/#\/schema\/logo\/image\/\",\"url\":\"https:\/\/bobimarket.pl\/wp-content\/uploads\/2021\/11\/slogan.png\",\"contentUrl\":\"https:\/\/bobimarket.pl\/wp-content\/uploads\/2021\/11\/slogan.png\",\"width\":2000,\"height\":384,\"caption\":\"BOBIMARKET.pl\"},\"image\":{\"@id\":\"https:\/\/bobimarket.pl\/#\/schema\/logo\/image\/\"}}]}<\/script>\n<!-- \/ Yoast SEO plugin. -->","yoast_head_json":{"title":"LINKA SZNUREK NA PRANIE DO BIELIZNY PCV STALOWA 30 - BOBIMARKET.pl - Remontuj i urz\u0105dzaj z nami","robots":{"index":"index","follow":"follow","max-snippet":"max-snippet:-1","max-image-preview":"max-image-preview:large","max-video-preview":"max-video-preview:-1"},"canonical":"https:\/\/bobimarket.pl\/index.php\/produkt\/linka-sznurek-na-pranie-do-bielizny-pcv-stalowa-30\/","og_locale":"pl_PL","og_type":"article","og_title":"LINKA SZNUREK NA PRANIE DO BIELIZNY PCV STALOWA 30 - BOBIMARKET.pl - Remontuj i urz\u0105dzaj z nami","og_description":"LINKA SZNUREK NA PRANIE DO BIELIZNY PCV STALOWA 30 M Dane techniczne: D\u0142ugo\u015b\u0107: 30m Grubo\u015b\u0107: oko\u0142o 3 mm Matria\u0142: Stal\/pcv BARDZO MOCNA!! Dost\u0119pne r\u00f3\u017cne kolory! Kolor linki wybieramy losowo! Bardzo mocna linka do bielizny z wk\u0142adem stalowym w plastikowej koszulce. Linka jest nierozci\u0105gliwa w dodatku odporna na rozrywanie oraz warunki atmosferyczne. \u0141atwa w czyszczeniu.","og_url":"https:\/\/bobimarket.pl\/index.php\/produkt\/linka-sznurek-na-pranie-do-bielizny-pcv-stalowa-30\/","og_site_name":"BOBIMARKET.pl - Remontuj i urz\u0105dzaj z nami","article_modified_time":"2025-02-27T16:45:43+00:00","og_image":[{"url":"https:\/\/upload.cdn.baselinker.com\/products\/14476\/70c659d19eec6610495df68ec78e1945.jpg"}],"twitter_card":"summary_large_image","schema":{"@context":"https:\/\/schema.org","@graph":[{"@type":"WebPage","@id":"https:\/\/bobimarket.pl\/index.php\/produkt\/linka-sznurek-na-pranie-do-bielizny-pcv-stalowa-30\/","url":"https:\/\/bobimarket.pl\/index.php\/produkt\/linka-sznurek-na-pranie-do-bielizny-pcv-stalowa-30\/","name":"LINKA SZNUREK NA PRANIE DO BIELIZNY PCV STALOWA 30 - BOBIMARKET.pl - Remontuj i urz\u0105dzaj z nami","isPartOf":{"@id":"https:\/\/bobimarket.pl\/#website"},"datePublished":"2023-08-29T22:21:05+00:00","dateModified":"2025-02-27T16:45:43+00:00","breadcrumb":{"@id":"https:\/\/bobimarket.pl\/index.php\/produkt\/linka-sznurek-na-pranie-do-bielizny-pcv-stalowa-30\/#breadcrumb"},"inLanguage":"pl-PL","potentialAction":[{"@type":"ReadAction","target":["https:\/\/bobimarket.pl\/index.php\/produkt\/linka-sznurek-na-pranie-do-bielizny-pcv-stalowa-30\/"]}]},{"@type":"BreadcrumbList","@id":"https:\/\/bobimarket.pl\/index.php\/produkt\/linka-sznurek-na-pranie-do-bielizny-pcv-stalowa-30\/#breadcrumb","itemListElement":[{"@type":"ListItem","position":1,"name":"Strona g\u0142\u00f3wna","item":"https:\/\/bobimarket.pl\/"},{"@type":"ListItem","position":2,"name":"Sklep","item":"https:\/\/bobimarket.pl\/index.php\/shop\/"},{"@type":"ListItem","position":3,"name":"LINKA SZNUREK NA PRANIE DO BIELIZNY PCV STALOWA 30"}]},{"@type":"WebSite","@id":"https:\/\/bobimarket.pl\/#website","url":"https:\/\/bobimarket.pl\/","name":"BOBIMARKET.pl - Remontuj i urz\u0105dzaj z nami","description":"Remontuj i urz\u0105dzaj z nami","publisher":{"@id":"https:\/\/bobimarket.pl\/#organization"},"potentialAction":[{"@type":"SearchAction","target":{"@type":"EntryPoint","urlTemplate":"https:\/\/bobimarket.pl\/?s={search_term_string}"},"query-input":"required name=search_term_string"}],"inLanguage":"pl-PL"},{"@type":"Organization","@id":"https:\/\/bobimarket.pl\/#organization","name":"BOBIMARKET.pl","url":"https:\/\/bobimarket.pl\/","logo":{"@type":"ImageObject","inLanguage":"pl-PL","@id":"https:\/\/bobimarket.pl\/#\/schema\/logo\/image\/","url":"https:\/\/bobimarket.pl\/wp-content\/uploads\/2021\/11\/slogan.png","contentUrl":"https:\/\/bobimarket.pl\/wp-content\/uploads\/2021\/11\/slogan.png","width":2000,"height":384,"caption":"BOBIMARKET.pl"},"image":{"@id":"https:\/\/bobimarket.pl\/#\/schema\/logo\/image\/"}}]}},"_links":{"self":[{"href":"https:\/\/bobimarket.pl\/index.php\/wp-json\/wp\/v2\/product\/85387"}],"collection":[{"href":"https:\/\/bobimarket.pl\/index.php\/wp-json\/wp\/v2\/product"}],"about":[{"href":"https:\/\/bobimarket.pl\/index.php\/wp-json\/wp\/v2\/types\/product"}],"wp:featuredmedia":[{"embeddable":true,"href":"https:\/\/bobimarket.pl\/index.php\/wp-json\/wp\/v2\/media\/85384"}],"wp:attachment":[{"href":"https:\/\/bobimarket.pl\/index.php\/wp-json\/wp\/v2\/media?parent=85387"}],"wp:term":[{"taxonomy":"product_cat","embeddable":true,"href":"https:\/\/bobimarket.pl\/index.php\/wp-json\/wp\/v2\/product_cat?post=85387"},{"taxonomy":"product_tag","embeddable":true,"href":"https:\/\/bobimarket.pl\/index.php\/wp-json\/wp\/v2\/product_tag?post=85387"}],"curies":[{"name":"wp","href":"https:\/\/api.w.org\/{rel}","templated":true}]}}