{"id":85539,"date":"2023-08-29T22:37:25","date_gmt":"2023-08-29T22:37:25","guid":{"rendered":"https:\/\/bobimarket.pl\/index.php\/produkt\/zraszacz-wody-pistolet-dysza-na-waz-ogrodowy\/"},"modified":"2025-02-27T14:34:46","modified_gmt":"2025-02-27T14:34:46","slug":"zraszacz-wody-pistolet-dysza-na-waz-ogrodowy","status":"publish","type":"product","link":"https:\/\/bobimarket.pl\/index.php\/produkt\/zraszacz-wody-pistolet-dysza-na-waz-ogrodowy\/","title":{"rendered":"ZRASZACZ WODY PISTOLET DYSZA NA W\u0104\u017b OGRODOWY"},"content":{"rendered":"<section class=\"section\">\n<div class=\"item item-6\">\n<section class=\"image-item\">\n            <img decoding=\"async\" src=\"https:\/\/upload.cdn.baselinker.com\/products\/14476\/d0eeca945c5e690b75947d1cb4f5d847.jpg\" \/><br \/>\n        <\/section>\n<\/p><\/div>\n<div class=\"item item-6\">\n<section class=\"text-item\">\n<h2>ZRASZACZ WODY PISTOLET DYSZA NA W\u0104\u017b OGRODOWY<\/h2>\n<p>DANE TECHNICZNE:<\/p>\n<ul>\n<li>Rodzaj: Zraszacz<\/li>\n<li>Materia\u0142: Tworzywo ABS<\/li>\n<li>Linia produktu: <b>AQUA LINE<\/b><\/li>\n<\/ul>\n<\/section><\/div>\n<\/section>\n<section class=\"section\">\n<div class=\"item item-6\">\n<section class=\"image-item\">\n            <img decoding=\"async\" src=\"https:\/\/upload.cdn.baselinker.com\/products\/14476\/9f022941438dd66a61bd508cefa767ad.jpg\" \/><br \/>\n        <\/section>\n<\/p><\/div>\n<div class=\"item item-6\">\n<section class=\"text-item\">\n<p>Klasyczny zraszacz do wody z seri AQUA LINE. Wykonany z mocnego tworzywa kt\u00f3re zapewnia d\u0142ugotrwa\u0142e dzia\u0142anie.<\/p>\n<p>Posiada bezstopniow\u0105 regulacje strumienia wody.<\/p>\n<p>Dysza pozwoli ci na efektywne podlewanie ro\u015blin w twoim ogrodzie jaki i mycie samochodu ,rowera itp.<\/p>\n<\/section><\/div>\n<\/section>\n<section class=\"section\">\n<div class=\"item item-12\">\n<section class=\"image-item\">\n            <img decoding=\"async\" src=\"https:\/\/upload.cdn.baselinker.com\/products\/14476\/9f022941438dd66a61bd508cefa767ad.jpg\" \/><br \/>\n        <\/section>\n<\/p><\/div>\n<\/section>\n","protected":false},"excerpt":{"rendered":"<p>ZRASZACZ WODY PISTOLET DYSZA NA W\u0104\u017b OGRODOWY DANE TECHNICZNE: Rodzaj: Zraszacz Materia\u0142: Tworzywo ABS Linia produktu: AQUA LINE Klasyczny zraszacz do wody z seri AQUA LINE. Wykonany z mocnego tworzywa kt\u00f3re zapewnia d\u0142ugotrwa\u0142e dzia\u0142anie. Posiada bezstopniow\u0105 regulacje strumienia wody. Dysza pozwoli ci na efektywne podlewanie ro\u015blin w twoim ogrodzie jaki i mycie samochodu ,rowera itp.<\/p>\n","protected":false},"featured_media":85535,"template":"","meta":[],"product_cat":[8230],"product_tag":[],"yoast_head":"<!-- This site is optimized with the Yoast SEO plugin v21.0 - https:\/\/yoast.com\/wordpress\/plugins\/seo\/ -->\n<title>ZRASZACZ WODY PISTOLET DYSZA NA W\u0104\u017b OGRODOWY - BOBIMARKET.pl - Remontuj i urz\u0105dzaj z nami<\/title>\n<meta name=\"robots\" content=\"index, follow, max-snippet:-1, max-image-preview:large, max-video-preview:-1\" \/>\n<link rel=\"canonical\" href=\"https:\/\/bobimarket.pl\/index.php\/produkt\/zraszacz-wody-pistolet-dysza-na-waz-ogrodowy\/\" \/>\n<meta property=\"og:locale\" content=\"pl_PL\" \/>\n<meta property=\"og:type\" content=\"article\" \/>\n<meta property=\"og:title\" content=\"ZRASZACZ WODY PISTOLET DYSZA NA W\u0104\u017b OGRODOWY - BOBIMARKET.pl - Remontuj i urz\u0105dzaj z nami\" \/>\n<meta property=\"og:description\" content=\"ZRASZACZ WODY PISTOLET DYSZA NA W\u0104\u017b OGRODOWY DANE TECHNICZNE: Rodzaj: Zraszacz Materia\u0142: Tworzywo ABS Linia produktu: AQUA LINE Klasyczny zraszacz do wody z seri AQUA LINE. Wykonany z mocnego tworzywa kt\u00f3re zapewnia d\u0142ugotrwa\u0142e dzia\u0142anie. Posiada bezstopniow\u0105 regulacje strumienia wody. Dysza pozwoli ci na efektywne podlewanie ro\u015blin w twoim ogrodzie jaki i mycie samochodu ,rowera itp.\" \/>\n<meta property=\"og:url\" content=\"https:\/\/bobimarket.pl\/index.php\/produkt\/zraszacz-wody-pistolet-dysza-na-waz-ogrodowy\/\" \/>\n<meta property=\"og:site_name\" content=\"BOBIMARKET.pl - Remontuj i urz\u0105dzaj z nami\" \/>\n<meta property=\"article:modified_time\" content=\"2025-02-27T14:34:46+00:00\" \/>\n<meta property=\"og:image\" content=\"https:\/\/upload.cdn.baselinker.com\/products\/14476\/d0eeca945c5e690b75947d1cb4f5d847.jpg\" \/>\n<meta name=\"twitter:card\" content=\"summary_large_image\" \/>\n<script type=\"application\/ld+json\" class=\"yoast-schema-graph\">{\"@context\":\"https:\/\/schema.org\",\"@graph\":[{\"@type\":\"WebPage\",\"@id\":\"https:\/\/bobimarket.pl\/index.php\/produkt\/zraszacz-wody-pistolet-dysza-na-waz-ogrodowy\/\",\"url\":\"https:\/\/bobimarket.pl\/index.php\/produkt\/zraszacz-wody-pistolet-dysza-na-waz-ogrodowy\/\",\"name\":\"ZRASZACZ WODY PISTOLET DYSZA NA W\u0104\u017b OGRODOWY - BOBIMARKET.pl - Remontuj i urz\u0105dzaj z nami\",\"isPartOf\":{\"@id\":\"https:\/\/bobimarket.pl\/#website\"},\"datePublished\":\"2023-08-29T22:37:25+00:00\",\"dateModified\":\"2025-02-27T14:34:46+00:00\",\"breadcrumb\":{\"@id\":\"https:\/\/bobimarket.pl\/index.php\/produkt\/zraszacz-wody-pistolet-dysza-na-waz-ogrodowy\/#breadcrumb\"},\"inLanguage\":\"pl-PL\",\"potentialAction\":[{\"@type\":\"ReadAction\",\"target\":[\"https:\/\/bobimarket.pl\/index.php\/produkt\/zraszacz-wody-pistolet-dysza-na-waz-ogrodowy\/\"]}]},{\"@type\":\"BreadcrumbList\",\"@id\":\"https:\/\/bobimarket.pl\/index.php\/produkt\/zraszacz-wody-pistolet-dysza-na-waz-ogrodowy\/#breadcrumb\",\"itemListElement\":[{\"@type\":\"ListItem\",\"position\":1,\"name\":\"Strona g\u0142\u00f3wna\",\"item\":\"https:\/\/bobimarket.pl\/\"},{\"@type\":\"ListItem\",\"position\":2,\"name\":\"Sklep\",\"item\":\"https:\/\/bobimarket.pl\/index.php\/shop\/\"},{\"@type\":\"ListItem\",\"position\":3,\"name\":\"ZRASZACZ WODY PISTOLET DYSZA NA W\u0104\u017b OGRODOWY\"}]},{\"@type\":\"WebSite\",\"@id\":\"https:\/\/bobimarket.pl\/#website\",\"url\":\"https:\/\/bobimarket.pl\/\",\"name\":\"BOBIMARKET.pl - Remontuj i urz\u0105dzaj z nami\",\"description\":\"Remontuj i urz\u0105dzaj z nami\",\"publisher\":{\"@id\":\"https:\/\/bobimarket.pl\/#organization\"},\"potentialAction\":[{\"@type\":\"SearchAction\",\"target\":{\"@type\":\"EntryPoint\",\"urlTemplate\":\"https:\/\/bobimarket.pl\/?s={search_term_string}\"},\"query-input\":\"required name=search_term_string\"}],\"inLanguage\":\"pl-PL\"},{\"@type\":\"Organization\",\"@id\":\"https:\/\/bobimarket.pl\/#organization\",\"name\":\"BOBIMARKET.pl\",\"url\":\"https:\/\/bobimarket.pl\/\",\"logo\":{\"@type\":\"ImageObject\",\"inLanguage\":\"pl-PL\",\"@id\":\"https:\/\/bobimarket.pl\/#\/schema\/logo\/image\/\",\"url\":\"https:\/\/bobimarket.pl\/wp-content\/uploads\/2021\/11\/slogan.png\",\"contentUrl\":\"https:\/\/bobimarket.pl\/wp-content\/uploads\/2021\/11\/slogan.png\",\"width\":2000,\"height\":384,\"caption\":\"BOBIMARKET.pl\"},\"image\":{\"@id\":\"https:\/\/bobimarket.pl\/#\/schema\/logo\/image\/\"}}]}<\/script>\n<!-- \/ Yoast SEO plugin. -->","yoast_head_json":{"title":"ZRASZACZ WODY PISTOLET DYSZA NA W\u0104\u017b OGRODOWY - BOBIMARKET.pl - Remontuj i urz\u0105dzaj z nami","robots":{"index":"index","follow":"follow","max-snippet":"max-snippet:-1","max-image-preview":"max-image-preview:large","max-video-preview":"max-video-preview:-1"},"canonical":"https:\/\/bobimarket.pl\/index.php\/produkt\/zraszacz-wody-pistolet-dysza-na-waz-ogrodowy\/","og_locale":"pl_PL","og_type":"article","og_title":"ZRASZACZ WODY PISTOLET DYSZA NA W\u0104\u017b OGRODOWY - BOBIMARKET.pl - Remontuj i urz\u0105dzaj z nami","og_description":"ZRASZACZ WODY PISTOLET DYSZA NA W\u0104\u017b OGRODOWY DANE TECHNICZNE: Rodzaj: Zraszacz Materia\u0142: Tworzywo ABS Linia produktu: AQUA LINE Klasyczny zraszacz do wody z seri AQUA LINE. Wykonany z mocnego tworzywa kt\u00f3re zapewnia d\u0142ugotrwa\u0142e dzia\u0142anie. Posiada bezstopniow\u0105 regulacje strumienia wody. Dysza pozwoli ci na efektywne podlewanie ro\u015blin w twoim ogrodzie jaki i mycie samochodu ,rowera itp.","og_url":"https:\/\/bobimarket.pl\/index.php\/produkt\/zraszacz-wody-pistolet-dysza-na-waz-ogrodowy\/","og_site_name":"BOBIMARKET.pl - Remontuj i urz\u0105dzaj z nami","article_modified_time":"2025-02-27T14:34:46+00:00","og_image":[{"url":"https:\/\/upload.cdn.baselinker.com\/products\/14476\/d0eeca945c5e690b75947d1cb4f5d847.jpg"}],"twitter_card":"summary_large_image","schema":{"@context":"https:\/\/schema.org","@graph":[{"@type":"WebPage","@id":"https:\/\/bobimarket.pl\/index.php\/produkt\/zraszacz-wody-pistolet-dysza-na-waz-ogrodowy\/","url":"https:\/\/bobimarket.pl\/index.php\/produkt\/zraszacz-wody-pistolet-dysza-na-waz-ogrodowy\/","name":"ZRASZACZ WODY PISTOLET DYSZA NA W\u0104\u017b OGRODOWY - BOBIMARKET.pl - Remontuj i urz\u0105dzaj z nami","isPartOf":{"@id":"https:\/\/bobimarket.pl\/#website"},"datePublished":"2023-08-29T22:37:25+00:00","dateModified":"2025-02-27T14:34:46+00:00","breadcrumb":{"@id":"https:\/\/bobimarket.pl\/index.php\/produkt\/zraszacz-wody-pistolet-dysza-na-waz-ogrodowy\/#breadcrumb"},"inLanguage":"pl-PL","potentialAction":[{"@type":"ReadAction","target":["https:\/\/bobimarket.pl\/index.php\/produkt\/zraszacz-wody-pistolet-dysza-na-waz-ogrodowy\/"]}]},{"@type":"BreadcrumbList","@id":"https:\/\/bobimarket.pl\/index.php\/produkt\/zraszacz-wody-pistolet-dysza-na-waz-ogrodowy\/#breadcrumb","itemListElement":[{"@type":"ListItem","position":1,"name":"Strona g\u0142\u00f3wna","item":"https:\/\/bobimarket.pl\/"},{"@type":"ListItem","position":2,"name":"Sklep","item":"https:\/\/bobimarket.pl\/index.php\/shop\/"},{"@type":"ListItem","position":3,"name":"ZRASZACZ WODY PISTOLET DYSZA NA W\u0104\u017b OGRODOWY"}]},{"@type":"WebSite","@id":"https:\/\/bobimarket.pl\/#website","url":"https:\/\/bobimarket.pl\/","name":"BOBIMARKET.pl - Remontuj i urz\u0105dzaj z nami","description":"Remontuj i urz\u0105dzaj z nami","publisher":{"@id":"https:\/\/bobimarket.pl\/#organization"},"potentialAction":[{"@type":"SearchAction","target":{"@type":"EntryPoint","urlTemplate":"https:\/\/bobimarket.pl\/?s={search_term_string}"},"query-input":"required name=search_term_string"}],"inLanguage":"pl-PL"},{"@type":"Organization","@id":"https:\/\/bobimarket.pl\/#organization","name":"BOBIMARKET.pl","url":"https:\/\/bobimarket.pl\/","logo":{"@type":"ImageObject","inLanguage":"pl-PL","@id":"https:\/\/bobimarket.pl\/#\/schema\/logo\/image\/","url":"https:\/\/bobimarket.pl\/wp-content\/uploads\/2021\/11\/slogan.png","contentUrl":"https:\/\/bobimarket.pl\/wp-content\/uploads\/2021\/11\/slogan.png","width":2000,"height":384,"caption":"BOBIMARKET.pl"},"image":{"@id":"https:\/\/bobimarket.pl\/#\/schema\/logo\/image\/"}}]}},"_links":{"self":[{"href":"https:\/\/bobimarket.pl\/index.php\/wp-json\/wp\/v2\/product\/85539"}],"collection":[{"href":"https:\/\/bobimarket.pl\/index.php\/wp-json\/wp\/v2\/product"}],"about":[{"href":"https:\/\/bobimarket.pl\/index.php\/wp-json\/wp\/v2\/types\/product"}],"wp:featuredmedia":[{"embeddable":true,"href":"https:\/\/bobimarket.pl\/index.php\/wp-json\/wp\/v2\/media\/85535"}],"wp:attachment":[{"href":"https:\/\/bobimarket.pl\/index.php\/wp-json\/wp\/v2\/media?parent=85539"}],"wp:term":[{"taxonomy":"product_cat","embeddable":true,"href":"https:\/\/bobimarket.pl\/index.php\/wp-json\/wp\/v2\/product_cat?post=85539"},{"taxonomy":"product_tag","embeddable":true,"href":"https:\/\/bobimarket.pl\/index.php\/wp-json\/wp\/v2\/product_tag?post=85539"}],"curies":[{"name":"wp","href":"https:\/\/api.w.org\/{rel}","templated":true}]}}