{"id":85627,"date":"2023-08-29T22:44:25","date_gmt":"2023-08-29T22:44:25","guid":{"rendered":"https:\/\/bobimarket.pl\/index.php\/produkt\/walek-do-odcinania-kolorow-odciec-10-cm-paskow\/"},"modified":"2025-02-27T14:35:48","modified_gmt":"2025-02-27T14:35:48","slug":"walek-do-odcinania-kolorow-odciec-10-cm-paskow","status":"publish","type":"product","link":"https:\/\/bobimarket.pl\/index.php\/produkt\/walek-do-odcinania-kolorow-odciec-10-cm-paskow\/","title":{"rendered":"WA\u0141EK DO ODCINANIA KOLOR\u00d3W ODCI\u0118\u0106 10 CM PASK\u00d3W"},"content":{"rendered":"<section class=\"section\">\n<div class=\"item item-12\">\n<section class=\"text-item\">\n<h1>WA\u0141EK DO ODCINANIA KOLOR\u00d3W ODCI\u0118\u0106 10 CM PASK\u00d3W<\/h1>\n<p><b>Dane techniczne:<\/b><\/p>\n<ul>\n<li>D\u0142ugo\u015b\u0107 ca\u0142kowita: <b>270 mm<\/b><\/li>\n<li>\u015arednica:<b> wa\u0142ek midi 45&#215;100 mm<\/b><\/li>\n<li>\u015arednica raczki: <b>6 mm<\/b><\/li>\n<\/ul>\n<p><b>UWAGA!<\/b> W zale\u017cno\u015bci od dostawy kolor r\u0105czki wa\u0142ka oraz wz\u00f3r na wa\u0142ku mo\u017ce si\u0119 r\u00f3\u017cnic od tego przedstawionego na zdj\u0119ciu!\u00a0 Wa\u0142ek wyst\u0119puje r\u00f3wnie\u017c w wersji z pomara\u0144czow\u0105 r\u0105czk\u0105 i kropkami na wa\u0142ku.<\/p>\n<\/section><\/div>\n<\/section>\n<section class=\"section\">\n<div class=\"item item-12\">\n<section class=\"image-item\">\n            <img decoding=\"async\" src=\"https:\/\/upload.cdn.baselinker.com\/products\/14476\/4832e0bf14f5aeab08add3245aceb553.jpg\" \/><br \/>\n        <\/section>\n<\/p><\/div>\n<\/section>\n<section class=\"section\">\n<div class=\"item item-12\">\n<section class=\"text-item\">\n<p>Walek do odcinania kolor\u00f3w. Struktura wk\u0142adu <b>doskonale wch\u0142ania farb\u0119<\/b>, dlatego wa\u0142ek umo\u017cliwia przeprowadzenie czystych i szybkich prac remontowych. Dodatkowo posiada <b>solidn\u0105 i\u00a0 wygodn\u0105 r\u0105czk\u0119<\/b> wykonan\u0105 ze specjalnego tworzywa.<\/p>\n<p><b>\u2705 Zastosowanie<\/b>:<\/p>\n<p>Wa\u0142ek pozwoli Ci na r\u00f3wnomierne odci\u0119cie kolor\u00f3w. Swoje zastosowanie znajdzie podczas malowania pas\u00f3w, odcinania sufitu itp..<\/p>\n<\/section><\/div>\n<\/section>\n<section class=\"section\">\n<div class=\"item item-12\">\n<section class=\"image-item\">\n            <img decoding=\"async\" src=\"https:\/\/upload.cdn.baselinker.com\/products\/14476\/016b44a51f7bba99b1e54a8e5166a181.jpg\" \/><br \/>\n        <\/section>\n<\/p><\/div>\n<\/section>\n<section class=\"section\">\n<div class=\"item item-12\">\n<section class=\"image-item\">\n            <img decoding=\"async\" src=\"https:\/\/upload.cdn.baselinker.com\/products\/14476\/4832e0bf14f5aeab08add3245aceb553.jpg\" \/><br \/>\n        <\/section>\n<\/p><\/div>\n<\/section>\n","protected":false},"excerpt":{"rendered":"<p>WA\u0141EK DO ODCINANIA KOLOR\u00d3W ODCI\u0118\u0106 10 CM PASK\u00d3W Dane techniczne: D\u0142ugo\u015b\u0107 ca\u0142kowita: 270 mm \u015arednica: wa\u0142ek midi 45&#215;100 mm \u015arednica raczki: 6 mm UWAGA! W zale\u017cno\u015bci od dostawy kolor r\u0105czki wa\u0142ka oraz wz\u00f3r na wa\u0142ku mo\u017ce si\u0119 r\u00f3\u017cnic od tego przedstawionego na zdj\u0119ciu!\u00a0 Wa\u0142ek wyst\u0119puje r\u00f3wnie\u017c w wersji z pomara\u0144czow\u0105 r\u0105czk\u0105 i kropkami na wa\u0142ku.<br \/><a class=\"more-link\" href=\"https:\/\/bobimarket.pl\/index.php\/produkt\/walek-do-odcinania-kolorow-odciec-10-cm-paskow\/\"><br \/>\n        Czytaj wi\u0119cej<span class=\"screen-reader-text\"> &#8222;WA\u0141EK DO ODCINANIA KOLOR\u00d3W ODCI\u0118\u0106 10 CM PASK\u00d3W&#8221;<\/span><\/a><\/p>\n","protected":false},"featured_media":85624,"template":"","meta":[],"product_cat":[8063],"product_tag":[],"yoast_head":"<!-- This site is optimized with the Yoast SEO plugin v21.0 - https:\/\/yoast.com\/wordpress\/plugins\/seo\/ -->\n<title>WA\u0141EK DO ODCINANIA KOLOR\u00d3W ODCI\u0118\u0106 10 CM PASK\u00d3W - BOBIMARKET.pl - Remontuj i urz\u0105dzaj z nami<\/title>\n<meta name=\"robots\" content=\"index, follow, max-snippet:-1, max-image-preview:large, max-video-preview:-1\" \/>\n<link rel=\"canonical\" href=\"https:\/\/bobimarket.pl\/index.php\/produkt\/walek-do-odcinania-kolorow-odciec-10-cm-paskow\/\" \/>\n<meta property=\"og:locale\" content=\"pl_PL\" \/>\n<meta property=\"og:type\" content=\"article\" \/>\n<meta property=\"og:title\" content=\"WA\u0141EK DO ODCINANIA KOLOR\u00d3W ODCI\u0118\u0106 10 CM PASK\u00d3W - BOBIMARKET.pl - Remontuj i urz\u0105dzaj z nami\" \/>\n<meta property=\"og:description\" content=\"WA\u0141EK DO ODCINANIA KOLOR\u00d3W ODCI\u0118\u0106 10 CM PASK\u00d3W Dane techniczne: D\u0142ugo\u015b\u0107 ca\u0142kowita: 270 mm \u015arednica: wa\u0142ek midi 45&#215;100 mm \u015arednica raczki: 6 mm UWAGA! W zale\u017cno\u015bci od dostawy kolor r\u0105czki wa\u0142ka oraz wz\u00f3r na wa\u0142ku mo\u017ce si\u0119 r\u00f3\u017cnic od tego przedstawionego na zdj\u0119ciu!\u00a0 Wa\u0142ek wyst\u0119puje r\u00f3wnie\u017c w wersji z pomara\u0144czow\u0105 r\u0105czk\u0105 i kropkami na wa\u0142ku.     Czytaj wi\u0119cej &quot;WA\u0141EK DO ODCINANIA KOLOR\u00d3W ODCI\u0118\u0106 10 CM PASK\u00d3W&quot;\" \/>\n<meta property=\"og:url\" content=\"https:\/\/bobimarket.pl\/index.php\/produkt\/walek-do-odcinania-kolorow-odciec-10-cm-paskow\/\" \/>\n<meta property=\"og:site_name\" content=\"BOBIMARKET.pl - Remontuj i urz\u0105dzaj z nami\" \/>\n<meta property=\"article:modified_time\" content=\"2025-02-27T14:35:48+00:00\" \/>\n<meta property=\"og:image\" content=\"https:\/\/upload.cdn.baselinker.com\/products\/14476\/4832e0bf14f5aeab08add3245aceb553.jpg\" \/>\n<meta name=\"twitter:card\" content=\"summary_large_image\" \/>\n<meta name=\"twitter:label1\" content=\"Szacowany czas czytania\" \/>\n\t<meta name=\"twitter:data1\" content=\"1 minuta\" \/>\n<script type=\"application\/ld+json\" class=\"yoast-schema-graph\">{\"@context\":\"https:\/\/schema.org\",\"@graph\":[{\"@type\":\"WebPage\",\"@id\":\"https:\/\/bobimarket.pl\/index.php\/produkt\/walek-do-odcinania-kolorow-odciec-10-cm-paskow\/\",\"url\":\"https:\/\/bobimarket.pl\/index.php\/produkt\/walek-do-odcinania-kolorow-odciec-10-cm-paskow\/\",\"name\":\"WA\u0141EK DO ODCINANIA KOLOR\u00d3W ODCI\u0118\u0106 10 CM PASK\u00d3W - BOBIMARKET.pl - Remontuj i urz\u0105dzaj z nami\",\"isPartOf\":{\"@id\":\"https:\/\/bobimarket.pl\/#website\"},\"datePublished\":\"2023-08-29T22:44:25+00:00\",\"dateModified\":\"2025-02-27T14:35:48+00:00\",\"breadcrumb\":{\"@id\":\"https:\/\/bobimarket.pl\/index.php\/produkt\/walek-do-odcinania-kolorow-odciec-10-cm-paskow\/#breadcrumb\"},\"inLanguage\":\"pl-PL\",\"potentialAction\":[{\"@type\":\"ReadAction\",\"target\":[\"https:\/\/bobimarket.pl\/index.php\/produkt\/walek-do-odcinania-kolorow-odciec-10-cm-paskow\/\"]}]},{\"@type\":\"BreadcrumbList\",\"@id\":\"https:\/\/bobimarket.pl\/index.php\/produkt\/walek-do-odcinania-kolorow-odciec-10-cm-paskow\/#breadcrumb\",\"itemListElement\":[{\"@type\":\"ListItem\",\"position\":1,\"name\":\"Strona g\u0142\u00f3wna\",\"item\":\"https:\/\/bobimarket.pl\/\"},{\"@type\":\"ListItem\",\"position\":2,\"name\":\"Sklep\",\"item\":\"https:\/\/bobimarket.pl\/index.php\/shop\/\"},{\"@type\":\"ListItem\",\"position\":3,\"name\":\"WA\u0141EK DO ODCINANIA KOLOR\u00d3W ODCI\u0118\u0106 10 CM PASK\u00d3W\"}]},{\"@type\":\"WebSite\",\"@id\":\"https:\/\/bobimarket.pl\/#website\",\"url\":\"https:\/\/bobimarket.pl\/\",\"name\":\"BOBIMARKET.pl - Remontuj i urz\u0105dzaj z nami\",\"description\":\"Remontuj i urz\u0105dzaj z nami\",\"publisher\":{\"@id\":\"https:\/\/bobimarket.pl\/#organization\"},\"potentialAction\":[{\"@type\":\"SearchAction\",\"target\":{\"@type\":\"EntryPoint\",\"urlTemplate\":\"https:\/\/bobimarket.pl\/?s={search_term_string}\"},\"query-input\":\"required name=search_term_string\"}],\"inLanguage\":\"pl-PL\"},{\"@type\":\"Organization\",\"@id\":\"https:\/\/bobimarket.pl\/#organization\",\"name\":\"BOBIMARKET.pl\",\"url\":\"https:\/\/bobimarket.pl\/\",\"logo\":{\"@type\":\"ImageObject\",\"inLanguage\":\"pl-PL\",\"@id\":\"https:\/\/bobimarket.pl\/#\/schema\/logo\/image\/\",\"url\":\"https:\/\/bobimarket.pl\/wp-content\/uploads\/2021\/11\/slogan.png\",\"contentUrl\":\"https:\/\/bobimarket.pl\/wp-content\/uploads\/2021\/11\/slogan.png\",\"width\":2000,\"height\":384,\"caption\":\"BOBIMARKET.pl\"},\"image\":{\"@id\":\"https:\/\/bobimarket.pl\/#\/schema\/logo\/image\/\"}}]}<\/script>\n<!-- \/ Yoast SEO plugin. -->","yoast_head_json":{"title":"WA\u0141EK DO ODCINANIA KOLOR\u00d3W ODCI\u0118\u0106 10 CM PASK\u00d3W - BOBIMARKET.pl - Remontuj i urz\u0105dzaj z nami","robots":{"index":"index","follow":"follow","max-snippet":"max-snippet:-1","max-image-preview":"max-image-preview:large","max-video-preview":"max-video-preview:-1"},"canonical":"https:\/\/bobimarket.pl\/index.php\/produkt\/walek-do-odcinania-kolorow-odciec-10-cm-paskow\/","og_locale":"pl_PL","og_type":"article","og_title":"WA\u0141EK DO ODCINANIA KOLOR\u00d3W ODCI\u0118\u0106 10 CM PASK\u00d3W - BOBIMARKET.pl - Remontuj i urz\u0105dzaj z nami","og_description":"WA\u0141EK DO ODCINANIA KOLOR\u00d3W ODCI\u0118\u0106 10 CM PASK\u00d3W Dane techniczne: D\u0142ugo\u015b\u0107 ca\u0142kowita: 270 mm \u015arednica: wa\u0142ek midi 45&#215;100 mm \u015arednica raczki: 6 mm UWAGA! W zale\u017cno\u015bci od dostawy kolor r\u0105czki wa\u0142ka oraz wz\u00f3r na wa\u0142ku mo\u017ce si\u0119 r\u00f3\u017cnic od tego przedstawionego na zdj\u0119ciu!\u00a0 Wa\u0142ek wyst\u0119puje r\u00f3wnie\u017c w wersji z pomara\u0144czow\u0105 r\u0105czk\u0105 i kropkami na wa\u0142ku.     Czytaj wi\u0119cej \"WA\u0141EK DO ODCINANIA KOLOR\u00d3W ODCI\u0118\u0106 10 CM PASK\u00d3W\"","og_url":"https:\/\/bobimarket.pl\/index.php\/produkt\/walek-do-odcinania-kolorow-odciec-10-cm-paskow\/","og_site_name":"BOBIMARKET.pl - Remontuj i urz\u0105dzaj z nami","article_modified_time":"2025-02-27T14:35:48+00:00","og_image":[{"url":"https:\/\/upload.cdn.baselinker.com\/products\/14476\/4832e0bf14f5aeab08add3245aceb553.jpg"}],"twitter_card":"summary_large_image","twitter_misc":{"Szacowany czas czytania":"1 minuta"},"schema":{"@context":"https:\/\/schema.org","@graph":[{"@type":"WebPage","@id":"https:\/\/bobimarket.pl\/index.php\/produkt\/walek-do-odcinania-kolorow-odciec-10-cm-paskow\/","url":"https:\/\/bobimarket.pl\/index.php\/produkt\/walek-do-odcinania-kolorow-odciec-10-cm-paskow\/","name":"WA\u0141EK DO ODCINANIA KOLOR\u00d3W ODCI\u0118\u0106 10 CM PASK\u00d3W - BOBIMARKET.pl - Remontuj i urz\u0105dzaj z nami","isPartOf":{"@id":"https:\/\/bobimarket.pl\/#website"},"datePublished":"2023-08-29T22:44:25+00:00","dateModified":"2025-02-27T14:35:48+00:00","breadcrumb":{"@id":"https:\/\/bobimarket.pl\/index.php\/produkt\/walek-do-odcinania-kolorow-odciec-10-cm-paskow\/#breadcrumb"},"inLanguage":"pl-PL","potentialAction":[{"@type":"ReadAction","target":["https:\/\/bobimarket.pl\/index.php\/produkt\/walek-do-odcinania-kolorow-odciec-10-cm-paskow\/"]}]},{"@type":"BreadcrumbList","@id":"https:\/\/bobimarket.pl\/index.php\/produkt\/walek-do-odcinania-kolorow-odciec-10-cm-paskow\/#breadcrumb","itemListElement":[{"@type":"ListItem","position":1,"name":"Strona g\u0142\u00f3wna","item":"https:\/\/bobimarket.pl\/"},{"@type":"ListItem","position":2,"name":"Sklep","item":"https:\/\/bobimarket.pl\/index.php\/shop\/"},{"@type":"ListItem","position":3,"name":"WA\u0141EK DO ODCINANIA KOLOR\u00d3W ODCI\u0118\u0106 10 CM PASK\u00d3W"}]},{"@type":"WebSite","@id":"https:\/\/bobimarket.pl\/#website","url":"https:\/\/bobimarket.pl\/","name":"BOBIMARKET.pl - Remontuj i urz\u0105dzaj z nami","description":"Remontuj i urz\u0105dzaj z nami","publisher":{"@id":"https:\/\/bobimarket.pl\/#organization"},"potentialAction":[{"@type":"SearchAction","target":{"@type":"EntryPoint","urlTemplate":"https:\/\/bobimarket.pl\/?s={search_term_string}"},"query-input":"required name=search_term_string"}],"inLanguage":"pl-PL"},{"@type":"Organization","@id":"https:\/\/bobimarket.pl\/#organization","name":"BOBIMARKET.pl","url":"https:\/\/bobimarket.pl\/","logo":{"@type":"ImageObject","inLanguage":"pl-PL","@id":"https:\/\/bobimarket.pl\/#\/schema\/logo\/image\/","url":"https:\/\/bobimarket.pl\/wp-content\/uploads\/2021\/11\/slogan.png","contentUrl":"https:\/\/bobimarket.pl\/wp-content\/uploads\/2021\/11\/slogan.png","width":2000,"height":384,"caption":"BOBIMARKET.pl"},"image":{"@id":"https:\/\/bobimarket.pl\/#\/schema\/logo\/image\/"}}]}},"_links":{"self":[{"href":"https:\/\/bobimarket.pl\/index.php\/wp-json\/wp\/v2\/product\/85627"}],"collection":[{"href":"https:\/\/bobimarket.pl\/index.php\/wp-json\/wp\/v2\/product"}],"about":[{"href":"https:\/\/bobimarket.pl\/index.php\/wp-json\/wp\/v2\/types\/product"}],"wp:featuredmedia":[{"embeddable":true,"href":"https:\/\/bobimarket.pl\/index.php\/wp-json\/wp\/v2\/media\/85624"}],"wp:attachment":[{"href":"https:\/\/bobimarket.pl\/index.php\/wp-json\/wp\/v2\/media?parent=85627"}],"wp:term":[{"taxonomy":"product_cat","embeddable":true,"href":"https:\/\/bobimarket.pl\/index.php\/wp-json\/wp\/v2\/product_cat?post=85627"},{"taxonomy":"product_tag","embeddable":true,"href":"https:\/\/bobimarket.pl\/index.php\/wp-json\/wp\/v2\/product_tag?post=85627"}],"curies":[{"name":"wp","href":"https:\/\/api.w.org\/{rel}","templated":true}]}}