{"id":86161,"date":"2023-08-29T23:31:15","date_gmt":"2023-08-29T23:31:15","guid":{"rendered":"https:\/\/bobimarket.pl\/index.php\/produkt\/paca-szlifierska-skrecana-motylek-na-siatke-papier\/"},"modified":"2025-02-27T14:42:33","modified_gmt":"2025-02-27T14:42:33","slug":"paca-szlifierska-skrecana-motylek-na-siatke-papier","status":"publish","type":"product","link":"https:\/\/bobimarket.pl\/index.php\/produkt\/paca-szlifierska-skrecana-motylek-na-siatke-papier\/","title":{"rendered":"PACA SZLIFIERSKA SKR\u0118CANA MOTYLEK NA SIATK\u0118 PAPIER"},"content":{"rendered":"<section class=\"section\">\n<div class=\"item item-6\">\n<section class=\"image-item\">\n                <img decoding=\"async\" src=\"https:\/\/upload.cdn.baselinker.com\/products\/14476\/c42bd0bcf25a0e1ab3cb23bfd26f68b7.jpg\" \/><br \/>\n            <\/section>\n<\/p><\/div>\n<div class=\"item item-6\">\n<section class=\"text-item\">\n<h1>PACA SZLIFIERSKA SKR\u0118CANA MOTYLEK NA SIATK\u0118 PAPIER<\/h1>\n<p><b>Dane techniczne:<\/b><\/p>\n<ul>\n<li>D\u0142ugo\u015b\u0107: <b>215mm<\/b><\/li>\n<li>Szeroko\u015b\u0107: <b>105mm<\/b><\/li>\n<li>Waga: 0,25kg<\/li>\n<li>Materia\u0142: <b>ABS<\/b><\/li>\n<\/ul>\n<p><b>Paca wyprodukowana w Polsce!<\/b><\/p>\n<\/section><\/div>\n<\/section>\n<section class=\"section\">\n<div class=\"item item-6\">\n<section class=\"image-item\">\n                <img decoding=\"async\" src=\"https:\/\/upload.cdn.baselinker.com\/products\/14476\/cb399dcb5ba3787e19c4d6cb05b594ba.jpg\" \/><br \/>\n            <\/section>\n<\/p><\/div>\n<div class=\"item item-6\">\n<section class=\"text-item\">\n<p>Paca\u00a0 <b>szlifierska skr\u0119cana na tak zwany motylek<\/b>. Dwa metalowe uchwyty umo\u017cliwiaj\u0105 wygodne i szybkie zamontowanie arkusza siatki \u015bciernej przy pacy.<\/p>\n<ul>\n<li>Wyprodukowana z wysoko odpornego na uderzenia tworzywa jakim jest <b>ABS.<\/b><\/li>\n<li>Wygodny uchwyt zapewnia komfort pracy.<\/li>\n<\/ul>\n<p><b>\u2705 Zastosowanie<\/b>:<\/p>\n<p>Przeznaczona do <b>prac z wykorzystaniem siatki \u015bciernej<\/b>. Paca znajduje swoje zastosowanie przy pracach g\u0142adz\u0105cych, \u015bcieraj\u0105cych oraz innych prac wyko\u0144czeniowych.<\/p>\n<\/section><\/div>\n<\/section>\n<section class=\"section\">\n<div class=\"item item-6\">\n<section class=\"image-item\">\n                <img decoding=\"async\" src=\"https:\/\/upload.cdn.baselinker.com\/products\/14476\/7d19309252f7d5cac7ce07488602bab5.jpg\" \/><br \/>\n            <\/section>\n<\/p><\/div>\n<div class=\"item item-6\">\n<section class=\"image-item\">\n                <img decoding=\"async\" src=\"https:\/\/upload.cdn.baselinker.com\/products\/14476\/6581fd96ad6593fd9243b869609d36e7.jpg\" \/><br \/>\n            <\/section>\n<\/p><\/div>\n<\/section>\n","protected":false},"excerpt":{"rendered":"<p>PACA SZLIFIERSKA SKR\u0118CANA MOTYLEK NA SIATK\u0118 PAPIER Dane techniczne: D\u0142ugo\u015b\u0107: 215mm Szeroko\u015b\u0107: 105mm Waga: 0,25kg Materia\u0142: ABS Paca wyprodukowana w Polsce! Paca\u00a0 szlifierska skr\u0119cana na tak zwany motylek. Dwa metalowe uchwyty umo\u017cliwiaj\u0105 wygodne i szybkie zamontowanie arkusza siatki \u015bciernej przy pacy. Wyprodukowana z wysoko odpornego na uderzenia tworzywa jakim jest ABS. Wygodny uchwyt zapewnia komfort<br \/><a class=\"more-link\" href=\"https:\/\/bobimarket.pl\/index.php\/produkt\/paca-szlifierska-skrecana-motylek-na-siatke-papier\/\"><br \/>\n        Czytaj wi\u0119cej<span class=\"screen-reader-text\"> &#8222;PACA SZLIFIERSKA SKR\u0118CANA MOTYLEK NA SIATK\u0118 PAPIER&#8221;<\/span><\/a><\/p>\n","protected":false},"featured_media":86157,"template":"","meta":[],"product_cat":[8261],"product_tag":[],"yoast_head":"<!-- This site is optimized with the Yoast SEO plugin v21.0 - https:\/\/yoast.com\/wordpress\/plugins\/seo\/ -->\n<title>PACA SZLIFIERSKA SKR\u0118CANA MOTYLEK NA SIATK\u0118 PAPIER - BOBIMARKET.pl - Remontuj i urz\u0105dzaj z nami<\/title>\n<meta name=\"robots\" content=\"index, follow, max-snippet:-1, max-image-preview:large, max-video-preview:-1\" \/>\n<link rel=\"canonical\" href=\"https:\/\/bobimarket.pl\/index.php\/produkt\/paca-szlifierska-skrecana-motylek-na-siatke-papier\/\" \/>\n<meta property=\"og:locale\" content=\"pl_PL\" \/>\n<meta property=\"og:type\" content=\"article\" \/>\n<meta property=\"og:title\" content=\"PACA SZLIFIERSKA SKR\u0118CANA MOTYLEK NA SIATK\u0118 PAPIER - BOBIMARKET.pl - Remontuj i urz\u0105dzaj z nami\" \/>\n<meta property=\"og:description\" content=\"PACA SZLIFIERSKA SKR\u0118CANA MOTYLEK NA SIATK\u0118 PAPIER Dane techniczne: D\u0142ugo\u015b\u0107: 215mm Szeroko\u015b\u0107: 105mm Waga: 0,25kg Materia\u0142: ABS Paca wyprodukowana w Polsce! Paca\u00a0 szlifierska skr\u0119cana na tak zwany motylek. Dwa metalowe uchwyty umo\u017cliwiaj\u0105 wygodne i szybkie zamontowanie arkusza siatki \u015bciernej przy pacy. Wyprodukowana z wysoko odpornego na uderzenia tworzywa jakim jest ABS. Wygodny uchwyt zapewnia komfort     Czytaj wi\u0119cej &quot;PACA SZLIFIERSKA SKR\u0118CANA MOTYLEK NA SIATK\u0118 PAPIER&quot;\" \/>\n<meta property=\"og:url\" content=\"https:\/\/bobimarket.pl\/index.php\/produkt\/paca-szlifierska-skrecana-motylek-na-siatke-papier\/\" \/>\n<meta property=\"og:site_name\" content=\"BOBIMARKET.pl - Remontuj i urz\u0105dzaj z nami\" \/>\n<meta property=\"article:modified_time\" content=\"2025-02-27T14:42:33+00:00\" \/>\n<meta property=\"og:image\" content=\"https:\/\/upload.cdn.baselinker.com\/products\/14476\/c42bd0bcf25a0e1ab3cb23bfd26f68b7.jpg\" \/>\n<meta name=\"twitter:card\" content=\"summary_large_image\" \/>\n<script type=\"application\/ld+json\" class=\"yoast-schema-graph\">{\"@context\":\"https:\/\/schema.org\",\"@graph\":[{\"@type\":\"WebPage\",\"@id\":\"https:\/\/bobimarket.pl\/index.php\/produkt\/paca-szlifierska-skrecana-motylek-na-siatke-papier\/\",\"url\":\"https:\/\/bobimarket.pl\/index.php\/produkt\/paca-szlifierska-skrecana-motylek-na-siatke-papier\/\",\"name\":\"PACA SZLIFIERSKA SKR\u0118CANA MOTYLEK NA SIATK\u0118 PAPIER - BOBIMARKET.pl - Remontuj i urz\u0105dzaj z nami\",\"isPartOf\":{\"@id\":\"https:\/\/bobimarket.pl\/#website\"},\"datePublished\":\"2023-08-29T23:31:15+00:00\",\"dateModified\":\"2025-02-27T14:42:33+00:00\",\"breadcrumb\":{\"@id\":\"https:\/\/bobimarket.pl\/index.php\/produkt\/paca-szlifierska-skrecana-motylek-na-siatke-papier\/#breadcrumb\"},\"inLanguage\":\"pl-PL\",\"potentialAction\":[{\"@type\":\"ReadAction\",\"target\":[\"https:\/\/bobimarket.pl\/index.php\/produkt\/paca-szlifierska-skrecana-motylek-na-siatke-papier\/\"]}]},{\"@type\":\"BreadcrumbList\",\"@id\":\"https:\/\/bobimarket.pl\/index.php\/produkt\/paca-szlifierska-skrecana-motylek-na-siatke-papier\/#breadcrumb\",\"itemListElement\":[{\"@type\":\"ListItem\",\"position\":1,\"name\":\"Strona g\u0142\u00f3wna\",\"item\":\"https:\/\/bobimarket.pl\/\"},{\"@type\":\"ListItem\",\"position\":2,\"name\":\"Sklep\",\"item\":\"https:\/\/bobimarket.pl\/index.php\/shop\/\"},{\"@type\":\"ListItem\",\"position\":3,\"name\":\"PACA SZLIFIERSKA SKR\u0118CANA MOTYLEK NA SIATK\u0118 PAPIER\"}]},{\"@type\":\"WebSite\",\"@id\":\"https:\/\/bobimarket.pl\/#website\",\"url\":\"https:\/\/bobimarket.pl\/\",\"name\":\"BOBIMARKET.pl - Remontuj i urz\u0105dzaj z nami\",\"description\":\"Remontuj i urz\u0105dzaj z nami\",\"publisher\":{\"@id\":\"https:\/\/bobimarket.pl\/#organization\"},\"potentialAction\":[{\"@type\":\"SearchAction\",\"target\":{\"@type\":\"EntryPoint\",\"urlTemplate\":\"https:\/\/bobimarket.pl\/?s={search_term_string}\"},\"query-input\":\"required name=search_term_string\"}],\"inLanguage\":\"pl-PL\"},{\"@type\":\"Organization\",\"@id\":\"https:\/\/bobimarket.pl\/#organization\",\"name\":\"BOBIMARKET.pl\",\"url\":\"https:\/\/bobimarket.pl\/\",\"logo\":{\"@type\":\"ImageObject\",\"inLanguage\":\"pl-PL\",\"@id\":\"https:\/\/bobimarket.pl\/#\/schema\/logo\/image\/\",\"url\":\"https:\/\/bobimarket.pl\/wp-content\/uploads\/2021\/11\/slogan.png\",\"contentUrl\":\"https:\/\/bobimarket.pl\/wp-content\/uploads\/2021\/11\/slogan.png\",\"width\":2000,\"height\":384,\"caption\":\"BOBIMARKET.pl\"},\"image\":{\"@id\":\"https:\/\/bobimarket.pl\/#\/schema\/logo\/image\/\"}}]}<\/script>\n<!-- \/ Yoast SEO plugin. -->","yoast_head_json":{"title":"PACA SZLIFIERSKA SKR\u0118CANA MOTYLEK NA SIATK\u0118 PAPIER - BOBIMARKET.pl - Remontuj i urz\u0105dzaj z nami","robots":{"index":"index","follow":"follow","max-snippet":"max-snippet:-1","max-image-preview":"max-image-preview:large","max-video-preview":"max-video-preview:-1"},"canonical":"https:\/\/bobimarket.pl\/index.php\/produkt\/paca-szlifierska-skrecana-motylek-na-siatke-papier\/","og_locale":"pl_PL","og_type":"article","og_title":"PACA SZLIFIERSKA SKR\u0118CANA MOTYLEK NA SIATK\u0118 PAPIER - BOBIMARKET.pl - Remontuj i urz\u0105dzaj z nami","og_description":"PACA SZLIFIERSKA SKR\u0118CANA MOTYLEK NA SIATK\u0118 PAPIER Dane techniczne: D\u0142ugo\u015b\u0107: 215mm Szeroko\u015b\u0107: 105mm Waga: 0,25kg Materia\u0142: ABS Paca wyprodukowana w Polsce! Paca\u00a0 szlifierska skr\u0119cana na tak zwany motylek. Dwa metalowe uchwyty umo\u017cliwiaj\u0105 wygodne i szybkie zamontowanie arkusza siatki \u015bciernej przy pacy. Wyprodukowana z wysoko odpornego na uderzenia tworzywa jakim jest ABS. Wygodny uchwyt zapewnia komfort     Czytaj wi\u0119cej \"PACA SZLIFIERSKA SKR\u0118CANA MOTYLEK NA SIATK\u0118 PAPIER\"","og_url":"https:\/\/bobimarket.pl\/index.php\/produkt\/paca-szlifierska-skrecana-motylek-na-siatke-papier\/","og_site_name":"BOBIMARKET.pl - Remontuj i urz\u0105dzaj z nami","article_modified_time":"2025-02-27T14:42:33+00:00","og_image":[{"url":"https:\/\/upload.cdn.baselinker.com\/products\/14476\/c42bd0bcf25a0e1ab3cb23bfd26f68b7.jpg"}],"twitter_card":"summary_large_image","schema":{"@context":"https:\/\/schema.org","@graph":[{"@type":"WebPage","@id":"https:\/\/bobimarket.pl\/index.php\/produkt\/paca-szlifierska-skrecana-motylek-na-siatke-papier\/","url":"https:\/\/bobimarket.pl\/index.php\/produkt\/paca-szlifierska-skrecana-motylek-na-siatke-papier\/","name":"PACA SZLIFIERSKA SKR\u0118CANA MOTYLEK NA SIATK\u0118 PAPIER - BOBIMARKET.pl - Remontuj i urz\u0105dzaj z nami","isPartOf":{"@id":"https:\/\/bobimarket.pl\/#website"},"datePublished":"2023-08-29T23:31:15+00:00","dateModified":"2025-02-27T14:42:33+00:00","breadcrumb":{"@id":"https:\/\/bobimarket.pl\/index.php\/produkt\/paca-szlifierska-skrecana-motylek-na-siatke-papier\/#breadcrumb"},"inLanguage":"pl-PL","potentialAction":[{"@type":"ReadAction","target":["https:\/\/bobimarket.pl\/index.php\/produkt\/paca-szlifierska-skrecana-motylek-na-siatke-papier\/"]}]},{"@type":"BreadcrumbList","@id":"https:\/\/bobimarket.pl\/index.php\/produkt\/paca-szlifierska-skrecana-motylek-na-siatke-papier\/#breadcrumb","itemListElement":[{"@type":"ListItem","position":1,"name":"Strona g\u0142\u00f3wna","item":"https:\/\/bobimarket.pl\/"},{"@type":"ListItem","position":2,"name":"Sklep","item":"https:\/\/bobimarket.pl\/index.php\/shop\/"},{"@type":"ListItem","position":3,"name":"PACA SZLIFIERSKA SKR\u0118CANA MOTYLEK NA SIATK\u0118 PAPIER"}]},{"@type":"WebSite","@id":"https:\/\/bobimarket.pl\/#website","url":"https:\/\/bobimarket.pl\/","name":"BOBIMARKET.pl - Remontuj i urz\u0105dzaj z nami","description":"Remontuj i urz\u0105dzaj z nami","publisher":{"@id":"https:\/\/bobimarket.pl\/#organization"},"potentialAction":[{"@type":"SearchAction","target":{"@type":"EntryPoint","urlTemplate":"https:\/\/bobimarket.pl\/?s={search_term_string}"},"query-input":"required name=search_term_string"}],"inLanguage":"pl-PL"},{"@type":"Organization","@id":"https:\/\/bobimarket.pl\/#organization","name":"BOBIMARKET.pl","url":"https:\/\/bobimarket.pl\/","logo":{"@type":"ImageObject","inLanguage":"pl-PL","@id":"https:\/\/bobimarket.pl\/#\/schema\/logo\/image\/","url":"https:\/\/bobimarket.pl\/wp-content\/uploads\/2021\/11\/slogan.png","contentUrl":"https:\/\/bobimarket.pl\/wp-content\/uploads\/2021\/11\/slogan.png","width":2000,"height":384,"caption":"BOBIMARKET.pl"},"image":{"@id":"https:\/\/bobimarket.pl\/#\/schema\/logo\/image\/"}}]}},"_links":{"self":[{"href":"https:\/\/bobimarket.pl\/index.php\/wp-json\/wp\/v2\/product\/86161"}],"collection":[{"href":"https:\/\/bobimarket.pl\/index.php\/wp-json\/wp\/v2\/product"}],"about":[{"href":"https:\/\/bobimarket.pl\/index.php\/wp-json\/wp\/v2\/types\/product"}],"wp:featuredmedia":[{"embeddable":true,"href":"https:\/\/bobimarket.pl\/index.php\/wp-json\/wp\/v2\/media\/86157"}],"wp:attachment":[{"href":"https:\/\/bobimarket.pl\/index.php\/wp-json\/wp\/v2\/media?parent=86161"}],"wp:term":[{"taxonomy":"product_cat","embeddable":true,"href":"https:\/\/bobimarket.pl\/index.php\/wp-json\/wp\/v2\/product_cat?post=86161"},{"taxonomy":"product_tag","embeddable":true,"href":"https:\/\/bobimarket.pl\/index.php\/wp-json\/wp\/v2\/product_tag?post=86161"}],"curies":[{"name":"wp","href":"https:\/\/api.w.org\/{rel}","templated":true}]}}