{"id":86267,"date":"2023-08-29T23:39:15","date_gmt":"2023-08-29T23:39:15","guid":{"rendered":"https:\/\/bobimarket.pl\/index.php\/produkt\/marker-permanentny-wodoodporny-okragly-czarny12szt\/"},"modified":"2025-02-27T14:43:55","modified_gmt":"2025-02-27T14:43:55","slug":"marker-permanentny-wodoodporny-okragly-czarny12szt","status":"publish","type":"product","link":"https:\/\/bobimarket.pl\/index.php\/produkt\/marker-permanentny-wodoodporny-okragly-czarny12szt\/","title":{"rendered":"MARKER PERMANENTNY WODOODPORNY OKR\u0104G\u0141Y CZARNY12SZT"},"content":{"rendered":"<section class=\"section\">\n<div class=\"item item-6\">\n<section class=\"image-item\">\n                <img decoding=\"async\" src=\"https:\/\/upload.cdn.baselinker.com\/products\/14476\/0053d1690e2dfe07d91711088993a495.jpg\" \/><br \/>\n            <\/section>\n<\/p><\/div>\n<div class=\"item item-6\">\n<section class=\"text-item\">\n<h2>MARKER PERMANENTNY WODOODPORNY OKR\u0104G\u0141Y CZARNY 12SZT<\/h2>\n<p><b>Informacje og\u00f3lne: <\/b><\/p>\n<ul>\n<li>Wodoodporny<\/li>\n<li>Szybkoschn\u0105cy<\/li>\n<li>Okr\u0105g\u0142a konc\u00f3wka<\/li>\n<li>Kolor: <b>CZARNY<\/b><\/li>\n<li>Pernametny<\/li>\n<li><b>WYSOKA JAKO\u015a\u0106!!<\/b><\/li>\n<\/ul>\n<h2>W ZESTAWIE TANIEJ! Kup 12 sztuki i zap\u0142a\u0107 mniej!<\/h2>\n<h2><\/h2>\n<\/section><\/div>\n<\/section>\n<section class=\"section\">\n<div class=\"item item-6\">\n<section class=\"image-item\">\n                <img decoding=\"async\" src=\"https:\/\/upload.cdn.baselinker.com\/products\/14476\/8f0f0338425951242d01a89f82c474d5.jpg\" \/><br \/>\n            <\/section>\n<\/p><\/div>\n<div class=\"item item-6\">\n<section class=\"text-item\">\n<h2>Przydatny i wielofunkcyjny!<\/h2>\n<p>Czarny permanentny marker o uniwersalnym zastosowaniu. Na pewno przyda si\u0119 w \u017cyciu codziennym. Sprawdzi si\u0119 w biurze, na magazynie, w warsztacie lub kuchni.<\/p>\n<ul>\n<li>Naturalny zapach.<\/li>\n<li>Nie zawiera szkodliwego toluenu oraz ksylenu!<\/li>\n<li>Klips u\u0142atwia korzystanie z pisaka &#8211; mo\u017cna go z \u0142atwo\u015bci\u0105 zaczepi\u0107 np. na ok\u0142adk\u0119 zeszytu.<\/li>\n<\/ul>\n<p>\u2705 \u015awietnie nadaje si\u0119 do pisania na r\u00f3\u017cnego rodzaju powierzchniach:<\/p>\n<ul>\n<li>tworzywach sztucznych,<\/li>\n<li>metalach<\/li>\n<li>oraz szkle.<\/li>\n<\/ul>\n<\/section><\/div>\n<\/section>\n<section class=\"section\">\n<div class=\"item item-6\">\n<section class=\"image-item\">\n                <img decoding=\"async\" src=\"https:\/\/upload.cdn.baselinker.com\/products\/14476\/de769ce7f74c330ea202a44d4414bd0f.jpg\" \/><br \/>\n            <\/section>\n<\/p><\/div>\n<div class=\"item item-6\">\n<section class=\"text-item\">\n<p>\u2705 W zestawie znajduj\u0105 si\u0119 <b>12 sztuki markera.<\/b> Nawet je\u017celi w ferworze pracy zgubisz jeden z nich mo\u017cesz bez problemu si\u0119gn\u0105\u0107 po nast\u0119pny.<\/p>\n<\/section><\/div>\n<\/section>\n<section class=\"section\">\n<div class=\"item item-6\">\n<section class=\"image-item\">\n                <img decoding=\"async\" src=\"https:\/\/upload.cdn.baselinker.com\/products\/14476\/fd4ca6f38094584c3429aab4a0e1b1a0.jpg\" \/><br \/>\n            <\/section>\n<\/p><\/div>\n<div class=\"item item-6\">\n<section class=\"image-item\">\n                <img decoding=\"async\" src=\"https:\/\/upload.cdn.baselinker.com\/products\/14476\/a9eee8b8e3a7505ccbafa687ffbb5e57.jpg\" \/><br \/>\n            <\/section>\n<\/p><\/div>\n<\/section>\n","protected":false},"excerpt":{"rendered":"<p>MARKER PERMANENTNY WODOODPORNY OKR\u0104G\u0141Y CZARNY 12SZT Informacje og\u00f3lne: Wodoodporny Szybkoschn\u0105cy Okr\u0105g\u0142a konc\u00f3wka Kolor: CZARNY Pernametny WYSOKA JAKO\u015a\u0106!! W ZESTAWIE TANIEJ! Kup 12 sztuki i zap\u0142a\u0107 mniej! Przydatny i wielofunkcyjny! Czarny permanentny marker o uniwersalnym zastosowaniu. Na pewno przyda si\u0119 w \u017cyciu codziennym. Sprawdzi si\u0119 w biurze, na magazynie, w warsztacie lub kuchni. Naturalny zapach. Nie<br \/><a class=\"more-link\" href=\"https:\/\/bobimarket.pl\/index.php\/produkt\/marker-permanentny-wodoodporny-okragly-czarny12szt\/\"><br \/>\n        Czytaj wi\u0119cej<span class=\"screen-reader-text\"> &#8222;MARKER PERMANENTNY WODOODPORNY OKR\u0104G\u0141Y CZARNY12SZT&#8221;<\/span><\/a><\/p>\n","protected":false},"featured_media":86262,"template":"","meta":[],"product_cat":[8302],"product_tag":[],"yoast_head":"<!-- This site is optimized with the Yoast SEO plugin v21.0 - https:\/\/yoast.com\/wordpress\/plugins\/seo\/ -->\n<title>MARKER PERMANENTNY WODOODPORNY OKR\u0104G\u0141Y CZARNY12SZT - BOBIMARKET.pl - Remontuj i urz\u0105dzaj z nami<\/title>\n<meta name=\"robots\" content=\"index, follow, max-snippet:-1, max-image-preview:large, max-video-preview:-1\" \/>\n<link rel=\"canonical\" href=\"https:\/\/bobimarket.pl\/index.php\/produkt\/marker-permanentny-wodoodporny-okragly-czarny12szt\/\" \/>\n<meta property=\"og:locale\" content=\"pl_PL\" \/>\n<meta property=\"og:type\" content=\"article\" \/>\n<meta property=\"og:title\" content=\"MARKER PERMANENTNY WODOODPORNY OKR\u0104G\u0141Y CZARNY12SZT - BOBIMARKET.pl - Remontuj i urz\u0105dzaj z nami\" \/>\n<meta property=\"og:description\" content=\"MARKER PERMANENTNY WODOODPORNY OKR\u0104G\u0141Y CZARNY 12SZT Informacje og\u00f3lne: Wodoodporny Szybkoschn\u0105cy Okr\u0105g\u0142a konc\u00f3wka Kolor: CZARNY Pernametny WYSOKA JAKO\u015a\u0106!! W ZESTAWIE TANIEJ! Kup 12 sztuki i zap\u0142a\u0107 mniej! Przydatny i wielofunkcyjny! Czarny permanentny marker o uniwersalnym zastosowaniu. Na pewno przyda si\u0119 w \u017cyciu codziennym. Sprawdzi si\u0119 w biurze, na magazynie, w warsztacie lub kuchni. Naturalny zapach. Nie     Czytaj wi\u0119cej &quot;MARKER PERMANENTNY WODOODPORNY OKR\u0104G\u0141Y CZARNY12SZT&quot;\" \/>\n<meta property=\"og:url\" content=\"https:\/\/bobimarket.pl\/index.php\/produkt\/marker-permanentny-wodoodporny-okragly-czarny12szt\/\" \/>\n<meta property=\"og:site_name\" content=\"BOBIMARKET.pl - Remontuj i urz\u0105dzaj z nami\" \/>\n<meta property=\"article:modified_time\" content=\"2025-02-27T14:43:55+00:00\" \/>\n<meta property=\"og:image\" content=\"https:\/\/upload.cdn.baselinker.com\/products\/14476\/0053d1690e2dfe07d91711088993a495.jpg\" \/>\n<meta name=\"twitter:card\" content=\"summary_large_image\" \/>\n<meta name=\"twitter:label1\" content=\"Szacowany czas czytania\" \/>\n\t<meta name=\"twitter:data1\" content=\"1 minuta\" \/>\n<script type=\"application\/ld+json\" class=\"yoast-schema-graph\">{\"@context\":\"https:\/\/schema.org\",\"@graph\":[{\"@type\":\"WebPage\",\"@id\":\"https:\/\/bobimarket.pl\/index.php\/produkt\/marker-permanentny-wodoodporny-okragly-czarny12szt\/\",\"url\":\"https:\/\/bobimarket.pl\/index.php\/produkt\/marker-permanentny-wodoodporny-okragly-czarny12szt\/\",\"name\":\"MARKER PERMANENTNY WODOODPORNY OKR\u0104G\u0141Y CZARNY12SZT - BOBIMARKET.pl - Remontuj i urz\u0105dzaj z nami\",\"isPartOf\":{\"@id\":\"https:\/\/bobimarket.pl\/#website\"},\"datePublished\":\"2023-08-29T23:39:15+00:00\",\"dateModified\":\"2025-02-27T14:43:55+00:00\",\"breadcrumb\":{\"@id\":\"https:\/\/bobimarket.pl\/index.php\/produkt\/marker-permanentny-wodoodporny-okragly-czarny12szt\/#breadcrumb\"},\"inLanguage\":\"pl-PL\",\"potentialAction\":[{\"@type\":\"ReadAction\",\"target\":[\"https:\/\/bobimarket.pl\/index.php\/produkt\/marker-permanentny-wodoodporny-okragly-czarny12szt\/\"]}]},{\"@type\":\"BreadcrumbList\",\"@id\":\"https:\/\/bobimarket.pl\/index.php\/produkt\/marker-permanentny-wodoodporny-okragly-czarny12szt\/#breadcrumb\",\"itemListElement\":[{\"@type\":\"ListItem\",\"position\":1,\"name\":\"Strona g\u0142\u00f3wna\",\"item\":\"https:\/\/bobimarket.pl\/\"},{\"@type\":\"ListItem\",\"position\":2,\"name\":\"Sklep\",\"item\":\"https:\/\/bobimarket.pl\/index.php\/shop\/\"},{\"@type\":\"ListItem\",\"position\":3,\"name\":\"MARKER PERMANENTNY WODOODPORNY OKR\u0104G\u0141Y CZARNY12SZT\"}]},{\"@type\":\"WebSite\",\"@id\":\"https:\/\/bobimarket.pl\/#website\",\"url\":\"https:\/\/bobimarket.pl\/\",\"name\":\"BOBIMARKET.pl - Remontuj i urz\u0105dzaj z nami\",\"description\":\"Remontuj i urz\u0105dzaj z nami\",\"publisher\":{\"@id\":\"https:\/\/bobimarket.pl\/#organization\"},\"potentialAction\":[{\"@type\":\"SearchAction\",\"target\":{\"@type\":\"EntryPoint\",\"urlTemplate\":\"https:\/\/bobimarket.pl\/?s={search_term_string}\"},\"query-input\":\"required name=search_term_string\"}],\"inLanguage\":\"pl-PL\"},{\"@type\":\"Organization\",\"@id\":\"https:\/\/bobimarket.pl\/#organization\",\"name\":\"BOBIMARKET.pl\",\"url\":\"https:\/\/bobimarket.pl\/\",\"logo\":{\"@type\":\"ImageObject\",\"inLanguage\":\"pl-PL\",\"@id\":\"https:\/\/bobimarket.pl\/#\/schema\/logo\/image\/\",\"url\":\"https:\/\/bobimarket.pl\/wp-content\/uploads\/2021\/11\/slogan.png\",\"contentUrl\":\"https:\/\/bobimarket.pl\/wp-content\/uploads\/2021\/11\/slogan.png\",\"width\":2000,\"height\":384,\"caption\":\"BOBIMARKET.pl\"},\"image\":{\"@id\":\"https:\/\/bobimarket.pl\/#\/schema\/logo\/image\/\"}}]}<\/script>\n<!-- \/ Yoast SEO plugin. -->","yoast_head_json":{"title":"MARKER PERMANENTNY WODOODPORNY OKR\u0104G\u0141Y CZARNY12SZT - BOBIMARKET.pl - Remontuj i urz\u0105dzaj z nami","robots":{"index":"index","follow":"follow","max-snippet":"max-snippet:-1","max-image-preview":"max-image-preview:large","max-video-preview":"max-video-preview:-1"},"canonical":"https:\/\/bobimarket.pl\/index.php\/produkt\/marker-permanentny-wodoodporny-okragly-czarny12szt\/","og_locale":"pl_PL","og_type":"article","og_title":"MARKER PERMANENTNY WODOODPORNY OKR\u0104G\u0141Y CZARNY12SZT - BOBIMARKET.pl - Remontuj i urz\u0105dzaj z nami","og_description":"MARKER PERMANENTNY WODOODPORNY OKR\u0104G\u0141Y CZARNY 12SZT Informacje og\u00f3lne: Wodoodporny Szybkoschn\u0105cy Okr\u0105g\u0142a konc\u00f3wka Kolor: CZARNY Pernametny WYSOKA JAKO\u015a\u0106!! W ZESTAWIE TANIEJ! Kup 12 sztuki i zap\u0142a\u0107 mniej! Przydatny i wielofunkcyjny! Czarny permanentny marker o uniwersalnym zastosowaniu. Na pewno przyda si\u0119 w \u017cyciu codziennym. Sprawdzi si\u0119 w biurze, na magazynie, w warsztacie lub kuchni. Naturalny zapach. Nie     Czytaj wi\u0119cej \"MARKER PERMANENTNY WODOODPORNY OKR\u0104G\u0141Y CZARNY12SZT\"","og_url":"https:\/\/bobimarket.pl\/index.php\/produkt\/marker-permanentny-wodoodporny-okragly-czarny12szt\/","og_site_name":"BOBIMARKET.pl - Remontuj i urz\u0105dzaj z nami","article_modified_time":"2025-02-27T14:43:55+00:00","og_image":[{"url":"https:\/\/upload.cdn.baselinker.com\/products\/14476\/0053d1690e2dfe07d91711088993a495.jpg"}],"twitter_card":"summary_large_image","twitter_misc":{"Szacowany czas czytania":"1 minuta"},"schema":{"@context":"https:\/\/schema.org","@graph":[{"@type":"WebPage","@id":"https:\/\/bobimarket.pl\/index.php\/produkt\/marker-permanentny-wodoodporny-okragly-czarny12szt\/","url":"https:\/\/bobimarket.pl\/index.php\/produkt\/marker-permanentny-wodoodporny-okragly-czarny12szt\/","name":"MARKER PERMANENTNY WODOODPORNY OKR\u0104G\u0141Y CZARNY12SZT - BOBIMARKET.pl - Remontuj i urz\u0105dzaj z nami","isPartOf":{"@id":"https:\/\/bobimarket.pl\/#website"},"datePublished":"2023-08-29T23:39:15+00:00","dateModified":"2025-02-27T14:43:55+00:00","breadcrumb":{"@id":"https:\/\/bobimarket.pl\/index.php\/produkt\/marker-permanentny-wodoodporny-okragly-czarny12szt\/#breadcrumb"},"inLanguage":"pl-PL","potentialAction":[{"@type":"ReadAction","target":["https:\/\/bobimarket.pl\/index.php\/produkt\/marker-permanentny-wodoodporny-okragly-czarny12szt\/"]}]},{"@type":"BreadcrumbList","@id":"https:\/\/bobimarket.pl\/index.php\/produkt\/marker-permanentny-wodoodporny-okragly-czarny12szt\/#breadcrumb","itemListElement":[{"@type":"ListItem","position":1,"name":"Strona g\u0142\u00f3wna","item":"https:\/\/bobimarket.pl\/"},{"@type":"ListItem","position":2,"name":"Sklep","item":"https:\/\/bobimarket.pl\/index.php\/shop\/"},{"@type":"ListItem","position":3,"name":"MARKER PERMANENTNY WODOODPORNY OKR\u0104G\u0141Y CZARNY12SZT"}]},{"@type":"WebSite","@id":"https:\/\/bobimarket.pl\/#website","url":"https:\/\/bobimarket.pl\/","name":"BOBIMARKET.pl - Remontuj i urz\u0105dzaj z nami","description":"Remontuj i urz\u0105dzaj z nami","publisher":{"@id":"https:\/\/bobimarket.pl\/#organization"},"potentialAction":[{"@type":"SearchAction","target":{"@type":"EntryPoint","urlTemplate":"https:\/\/bobimarket.pl\/?s={search_term_string}"},"query-input":"required name=search_term_string"}],"inLanguage":"pl-PL"},{"@type":"Organization","@id":"https:\/\/bobimarket.pl\/#organization","name":"BOBIMARKET.pl","url":"https:\/\/bobimarket.pl\/","logo":{"@type":"ImageObject","inLanguage":"pl-PL","@id":"https:\/\/bobimarket.pl\/#\/schema\/logo\/image\/","url":"https:\/\/bobimarket.pl\/wp-content\/uploads\/2021\/11\/slogan.png","contentUrl":"https:\/\/bobimarket.pl\/wp-content\/uploads\/2021\/11\/slogan.png","width":2000,"height":384,"caption":"BOBIMARKET.pl"},"image":{"@id":"https:\/\/bobimarket.pl\/#\/schema\/logo\/image\/"}}]}},"_links":{"self":[{"href":"https:\/\/bobimarket.pl\/index.php\/wp-json\/wp\/v2\/product\/86267"}],"collection":[{"href":"https:\/\/bobimarket.pl\/index.php\/wp-json\/wp\/v2\/product"}],"about":[{"href":"https:\/\/bobimarket.pl\/index.php\/wp-json\/wp\/v2\/types\/product"}],"wp:featuredmedia":[{"embeddable":true,"href":"https:\/\/bobimarket.pl\/index.php\/wp-json\/wp\/v2\/media\/86262"}],"wp:attachment":[{"href":"https:\/\/bobimarket.pl\/index.php\/wp-json\/wp\/v2\/media?parent=86267"}],"wp:term":[{"taxonomy":"product_cat","embeddable":true,"href":"https:\/\/bobimarket.pl\/index.php\/wp-json\/wp\/v2\/product_cat?post=86267"},{"taxonomy":"product_tag","embeddable":true,"href":"https:\/\/bobimarket.pl\/index.php\/wp-json\/wp\/v2\/product_tag?post=86267"}],"curies":[{"name":"wp","href":"https:\/\/api.w.org\/{rel}","templated":true}]}}