{"id":86529,"date":"2023-08-29T23:57:13","date_gmt":"2023-08-29T23:57:13","guid":{"rendered":"https:\/\/bobimarket.pl\/index.php\/produkt\/pedzel-tapetowy-lawkowiec-tapeciak-130-mm\/"},"modified":"2026-03-19T11:53:24","modified_gmt":"2026-03-19T11:53:24","slug":"pedzel-tapetowy-lawkowiec-tapeciak-130-mm","status":"publish","type":"product","link":"https:\/\/bobimarket.pl\/index.php\/produkt\/pedzel-tapetowy-lawkowiec-tapeciak-130-mm\/","title":{"rendered":"P\u0118DZEL TAPETOWY \u0141AWKOWIEC TAPECIAK 130 MM"},"content":{"rendered":"<section class=\"section\">\n<div class=\"item item-12\">\n<section class=\"text-item\">\n<h2>P\u0118DZEL TAPETOWY \u0141AWKOWIEC TAPECIAK 130 MM<\/h2>\n<ul>\n<li>Rozmiar:<b> 130 mm x 30 mm<\/b><\/li>\n<li>Uchwyt: <b>drewniany. lakierowany<\/b><\/li>\n<li>W\u0142osie: <b>g\u0119ste, naturalna szczecina<\/b><\/li>\n<li>PRODUKT POLSKI<\/li>\n<\/ul>\n<p>P\u0119dzel tapetowy 130 mm. Posiada por\u0119czn\u0105 drewnian\u0105 r\u0105czk\u0119 oraz <b>g\u0119ste w\u0142osie<\/b>, kt\u00f3re wykonano <b>z naturalnej szczeciny<\/b>. P\u0119dzel wyprodukowano w Polsce.<\/p>\n<\/section><\/div>\n<\/section>\n<section class=\"section\">\n<div class=\"item item-12\">\n<section class=\"image-item\">\n            <img decoding=\"async\" src=\"https:\/\/upload.cdn.baselinker.com\/products\/14476\/92f385f597e5a1e33eceddabe721e664.jpg\" \/><br \/>\n        <\/section>\n<\/p><\/div>\n<\/section>\n<section class=\"section\">\n<div class=\"item item-12\">\n<section class=\"text-item\">\n<p><b>\u2705<\/b> <b>ZASTOSOWANIE:<\/b><\/p>\n<ul>\n<li>Idealnie sprawdzi si\u0119 podczas wszelkich prac wymagaj\u0105cych <b>malowania du\u017cych powierzchni.<\/b><\/li>\n<li>Przeznaczony to przygotowania pod\u0142o\u017ca do tapetowania przez na\u0142o\u017cenie kleju.<\/li>\n<li>P\u0119dzel ma <b>uniwersalne<\/b> <b>zastosowanie. <\/b>Produkt jest przystosowany do aplikacji\u00a0 farb, klej\u00f3w, lakier\u00f3w, impregnat\u00f3w lub grunt\u00f3w.<\/li>\n<\/ul>\n<p><b>Sprawd\u017a r\u00f3wnie\u017c inne p\u0119dzle dost\u0119pne w naszym sklepie.<\/b><\/p>\n<\/section><\/div>\n<\/section>\n<section class=\"section\">\n<div class=\"item item-12\">\n<section class=\"image-item\">\n            <img decoding=\"async\" src=\"https:\/\/upload.cdn.baselinker.com\/products\/14476\/ccc311e0cd850d0e1ea789bbb868e986.jpg\" \/><br \/>\n        <\/section>\n<\/p><\/div>\n<\/section>\n<section class=\"section\">\n<div class=\"item item-12\">\n<section class=\"image-item\">\n            <img decoding=\"async\" src=\"https:\/\/upload.cdn.baselinker.com\/products\/14476\/a230330975805a6c4e71d359611dc183.jpg\" \/><br \/>\n        <\/section>\n<\/p><\/div>\n<\/section>\n","protected":false},"excerpt":{"rendered":"<p>P\u0118DZEL TAPETOWY \u0141AWKOWIEC TAPECIAK 130 MM Rozmiar: 130 mm x 30 mm Uchwyt: drewniany. lakierowany W\u0142osie: g\u0119ste, naturalna szczecina PRODUKT POLSKI P\u0119dzel tapetowy 130 mm. Posiada por\u0119czn\u0105 drewnian\u0105 r\u0105czk\u0119 oraz g\u0119ste w\u0142osie, kt\u00f3re wykonano z naturalnej szczeciny. P\u0119dzel wyprodukowano w Polsce. \u2705 ZASTOSOWANIE: Idealnie sprawdzi si\u0119 podczas wszelkich prac wymagaj\u0105cych malowania du\u017cych powierzchni. Przeznaczony to<br \/><a class=\"more-link\" href=\"https:\/\/bobimarket.pl\/index.php\/produkt\/pedzel-tapetowy-lawkowiec-tapeciak-130-mm\/\"><br \/>\n        Czytaj wi\u0119cej<span class=\"screen-reader-text\"> &#8222;P\u0118DZEL TAPETOWY \u0141AWKOWIEC TAPECIAK 130 MM&#8221;<\/span><\/a><\/p>\n","protected":false},"featured_media":86525,"template":"","meta":[],"product_cat":[8132],"product_tag":[],"yoast_head":"<!-- This site is optimized with the Yoast SEO plugin v21.0 - https:\/\/yoast.com\/wordpress\/plugins\/seo\/ -->\n<title>P\u0118DZEL TAPETOWY \u0141AWKOWIEC TAPECIAK 130 MM - BOBIMARKET.pl - Remontuj i urz\u0105dzaj z nami<\/title>\n<meta name=\"robots\" content=\"index, follow, max-snippet:-1, max-image-preview:large, max-video-preview:-1\" \/>\n<link rel=\"canonical\" href=\"https:\/\/bobimarket.pl\/index.php\/produkt\/pedzel-tapetowy-lawkowiec-tapeciak-130-mm\/\" \/>\n<meta property=\"og:locale\" content=\"pl_PL\" \/>\n<meta property=\"og:type\" content=\"article\" \/>\n<meta property=\"og:title\" content=\"P\u0118DZEL TAPETOWY \u0141AWKOWIEC TAPECIAK 130 MM - BOBIMARKET.pl - Remontuj i urz\u0105dzaj z nami\" \/>\n<meta property=\"og:description\" content=\"P\u0118DZEL TAPETOWY \u0141AWKOWIEC TAPECIAK 130 MM Rozmiar: 130 mm x 30 mm Uchwyt: drewniany. lakierowany W\u0142osie: g\u0119ste, naturalna szczecina PRODUKT POLSKI P\u0119dzel tapetowy 130 mm. Posiada por\u0119czn\u0105 drewnian\u0105 r\u0105czk\u0119 oraz g\u0119ste w\u0142osie, kt\u00f3re wykonano z naturalnej szczeciny. P\u0119dzel wyprodukowano w Polsce. \u2705 ZASTOSOWANIE: Idealnie sprawdzi si\u0119 podczas wszelkich prac wymagaj\u0105cych malowania du\u017cych powierzchni. Przeznaczony to     Czytaj wi\u0119cej &quot;P\u0118DZEL TAPETOWY \u0141AWKOWIEC TAPECIAK 130 MM&quot;\" \/>\n<meta property=\"og:url\" content=\"https:\/\/bobimarket.pl\/index.php\/produkt\/pedzel-tapetowy-lawkowiec-tapeciak-130-mm\/\" \/>\n<meta property=\"og:site_name\" content=\"BOBIMARKET.pl - Remontuj i urz\u0105dzaj z nami\" \/>\n<meta property=\"article:modified_time\" content=\"2026-03-19T11:53:24+00:00\" \/>\n<meta property=\"og:image\" content=\"https:\/\/upload.cdn.baselinker.com\/products\/14476\/92f385f597e5a1e33eceddabe721e664.jpg\" \/>\n<meta name=\"twitter:card\" content=\"summary_large_image\" \/>\n<script type=\"application\/ld+json\" class=\"yoast-schema-graph\">{\"@context\":\"https:\/\/schema.org\",\"@graph\":[{\"@type\":\"WebPage\",\"@id\":\"https:\/\/bobimarket.pl\/index.php\/produkt\/pedzel-tapetowy-lawkowiec-tapeciak-130-mm\/\",\"url\":\"https:\/\/bobimarket.pl\/index.php\/produkt\/pedzel-tapetowy-lawkowiec-tapeciak-130-mm\/\",\"name\":\"P\u0118DZEL TAPETOWY \u0141AWKOWIEC TAPECIAK 130 MM - BOBIMARKET.pl - Remontuj i urz\u0105dzaj z nami\",\"isPartOf\":{\"@id\":\"https:\/\/bobimarket.pl\/#website\"},\"datePublished\":\"2023-08-29T23:57:13+00:00\",\"dateModified\":\"2026-03-19T11:53:24+00:00\",\"breadcrumb\":{\"@id\":\"https:\/\/bobimarket.pl\/index.php\/produkt\/pedzel-tapetowy-lawkowiec-tapeciak-130-mm\/#breadcrumb\"},\"inLanguage\":\"pl-PL\",\"potentialAction\":[{\"@type\":\"ReadAction\",\"target\":[\"https:\/\/bobimarket.pl\/index.php\/produkt\/pedzel-tapetowy-lawkowiec-tapeciak-130-mm\/\"]}]},{\"@type\":\"BreadcrumbList\",\"@id\":\"https:\/\/bobimarket.pl\/index.php\/produkt\/pedzel-tapetowy-lawkowiec-tapeciak-130-mm\/#breadcrumb\",\"itemListElement\":[{\"@type\":\"ListItem\",\"position\":1,\"name\":\"Strona g\u0142\u00f3wna\",\"item\":\"https:\/\/bobimarket.pl\/\"},{\"@type\":\"ListItem\",\"position\":2,\"name\":\"Sklep\",\"item\":\"https:\/\/bobimarket.pl\/index.php\/shop\/\"},{\"@type\":\"ListItem\",\"position\":3,\"name\":\"P\u0118DZEL TAPETOWY \u0141AWKOWIEC TAPECIAK 130 MM\"}]},{\"@type\":\"WebSite\",\"@id\":\"https:\/\/bobimarket.pl\/#website\",\"url\":\"https:\/\/bobimarket.pl\/\",\"name\":\"BOBIMARKET.pl - Remontuj i urz\u0105dzaj z nami\",\"description\":\"Remontuj i urz\u0105dzaj z nami\",\"publisher\":{\"@id\":\"https:\/\/bobimarket.pl\/#organization\"},\"potentialAction\":[{\"@type\":\"SearchAction\",\"target\":{\"@type\":\"EntryPoint\",\"urlTemplate\":\"https:\/\/bobimarket.pl\/?s={search_term_string}\"},\"query-input\":\"required name=search_term_string\"}],\"inLanguage\":\"pl-PL\"},{\"@type\":\"Organization\",\"@id\":\"https:\/\/bobimarket.pl\/#organization\",\"name\":\"BOBIMARKET.pl\",\"url\":\"https:\/\/bobimarket.pl\/\",\"logo\":{\"@type\":\"ImageObject\",\"inLanguage\":\"pl-PL\",\"@id\":\"https:\/\/bobimarket.pl\/#\/schema\/logo\/image\/\",\"url\":\"https:\/\/bobimarket.pl\/wp-content\/uploads\/2021\/11\/slogan.png\",\"contentUrl\":\"https:\/\/bobimarket.pl\/wp-content\/uploads\/2021\/11\/slogan.png\",\"width\":2000,\"height\":384,\"caption\":\"BOBIMARKET.pl\"},\"image\":{\"@id\":\"https:\/\/bobimarket.pl\/#\/schema\/logo\/image\/\"}}]}<\/script>\n<!-- \/ Yoast SEO plugin. -->","yoast_head_json":{"title":"P\u0118DZEL TAPETOWY \u0141AWKOWIEC TAPECIAK 130 MM - BOBIMARKET.pl - Remontuj i urz\u0105dzaj z nami","robots":{"index":"index","follow":"follow","max-snippet":"max-snippet:-1","max-image-preview":"max-image-preview:large","max-video-preview":"max-video-preview:-1"},"canonical":"https:\/\/bobimarket.pl\/index.php\/produkt\/pedzel-tapetowy-lawkowiec-tapeciak-130-mm\/","og_locale":"pl_PL","og_type":"article","og_title":"P\u0118DZEL TAPETOWY \u0141AWKOWIEC TAPECIAK 130 MM - BOBIMARKET.pl - Remontuj i urz\u0105dzaj z nami","og_description":"P\u0118DZEL TAPETOWY \u0141AWKOWIEC TAPECIAK 130 MM Rozmiar: 130 mm x 30 mm Uchwyt: drewniany. lakierowany W\u0142osie: g\u0119ste, naturalna szczecina PRODUKT POLSKI P\u0119dzel tapetowy 130 mm. Posiada por\u0119czn\u0105 drewnian\u0105 r\u0105czk\u0119 oraz g\u0119ste w\u0142osie, kt\u00f3re wykonano z naturalnej szczeciny. P\u0119dzel wyprodukowano w Polsce. \u2705 ZASTOSOWANIE: Idealnie sprawdzi si\u0119 podczas wszelkich prac wymagaj\u0105cych malowania du\u017cych powierzchni. Przeznaczony to     Czytaj wi\u0119cej \"P\u0118DZEL TAPETOWY \u0141AWKOWIEC TAPECIAK 130 MM\"","og_url":"https:\/\/bobimarket.pl\/index.php\/produkt\/pedzel-tapetowy-lawkowiec-tapeciak-130-mm\/","og_site_name":"BOBIMARKET.pl - Remontuj i urz\u0105dzaj z nami","article_modified_time":"2026-03-19T11:53:24+00:00","og_image":[{"url":"https:\/\/upload.cdn.baselinker.com\/products\/14476\/92f385f597e5a1e33eceddabe721e664.jpg"}],"twitter_card":"summary_large_image","schema":{"@context":"https:\/\/schema.org","@graph":[{"@type":"WebPage","@id":"https:\/\/bobimarket.pl\/index.php\/produkt\/pedzel-tapetowy-lawkowiec-tapeciak-130-mm\/","url":"https:\/\/bobimarket.pl\/index.php\/produkt\/pedzel-tapetowy-lawkowiec-tapeciak-130-mm\/","name":"P\u0118DZEL TAPETOWY \u0141AWKOWIEC TAPECIAK 130 MM - BOBIMARKET.pl - Remontuj i urz\u0105dzaj z nami","isPartOf":{"@id":"https:\/\/bobimarket.pl\/#website"},"datePublished":"2023-08-29T23:57:13+00:00","dateModified":"2026-03-19T11:53:24+00:00","breadcrumb":{"@id":"https:\/\/bobimarket.pl\/index.php\/produkt\/pedzel-tapetowy-lawkowiec-tapeciak-130-mm\/#breadcrumb"},"inLanguage":"pl-PL","potentialAction":[{"@type":"ReadAction","target":["https:\/\/bobimarket.pl\/index.php\/produkt\/pedzel-tapetowy-lawkowiec-tapeciak-130-mm\/"]}]},{"@type":"BreadcrumbList","@id":"https:\/\/bobimarket.pl\/index.php\/produkt\/pedzel-tapetowy-lawkowiec-tapeciak-130-mm\/#breadcrumb","itemListElement":[{"@type":"ListItem","position":1,"name":"Strona g\u0142\u00f3wna","item":"https:\/\/bobimarket.pl\/"},{"@type":"ListItem","position":2,"name":"Sklep","item":"https:\/\/bobimarket.pl\/index.php\/shop\/"},{"@type":"ListItem","position":3,"name":"P\u0118DZEL TAPETOWY \u0141AWKOWIEC TAPECIAK 130 MM"}]},{"@type":"WebSite","@id":"https:\/\/bobimarket.pl\/#website","url":"https:\/\/bobimarket.pl\/","name":"BOBIMARKET.pl - Remontuj i urz\u0105dzaj z nami","description":"Remontuj i urz\u0105dzaj z nami","publisher":{"@id":"https:\/\/bobimarket.pl\/#organization"},"potentialAction":[{"@type":"SearchAction","target":{"@type":"EntryPoint","urlTemplate":"https:\/\/bobimarket.pl\/?s={search_term_string}"},"query-input":"required name=search_term_string"}],"inLanguage":"pl-PL"},{"@type":"Organization","@id":"https:\/\/bobimarket.pl\/#organization","name":"BOBIMARKET.pl","url":"https:\/\/bobimarket.pl\/","logo":{"@type":"ImageObject","inLanguage":"pl-PL","@id":"https:\/\/bobimarket.pl\/#\/schema\/logo\/image\/","url":"https:\/\/bobimarket.pl\/wp-content\/uploads\/2021\/11\/slogan.png","contentUrl":"https:\/\/bobimarket.pl\/wp-content\/uploads\/2021\/11\/slogan.png","width":2000,"height":384,"caption":"BOBIMARKET.pl"},"image":{"@id":"https:\/\/bobimarket.pl\/#\/schema\/logo\/image\/"}}]}},"_links":{"self":[{"href":"https:\/\/bobimarket.pl\/index.php\/wp-json\/wp\/v2\/product\/86529"}],"collection":[{"href":"https:\/\/bobimarket.pl\/index.php\/wp-json\/wp\/v2\/product"}],"about":[{"href":"https:\/\/bobimarket.pl\/index.php\/wp-json\/wp\/v2\/types\/product"}],"wp:featuredmedia":[{"embeddable":true,"href":"https:\/\/bobimarket.pl\/index.php\/wp-json\/wp\/v2\/media\/86525"}],"wp:attachment":[{"href":"https:\/\/bobimarket.pl\/index.php\/wp-json\/wp\/v2\/media?parent=86529"}],"wp:term":[{"taxonomy":"product_cat","embeddable":true,"href":"https:\/\/bobimarket.pl\/index.php\/wp-json\/wp\/v2\/product_cat?post=86529"},{"taxonomy":"product_tag","embeddable":true,"href":"https:\/\/bobimarket.pl\/index.php\/wp-json\/wp\/v2\/product_tag?post=86529"}],"curies":[{"name":"wp","href":"https:\/\/api.w.org\/{rel}","templated":true}]}}