{"id":86834,"date":"2023-08-30T00:20:13","date_gmt":"2023-08-30T00:20:13","guid":{"rendered":"https:\/\/bobimarket.pl\/index.php\/produkt\/kij-teleskopowy-1-2m-do-walka-malarskiego-uchwyt\/"},"modified":"2025-03-23T20:26:09","modified_gmt":"2025-03-23T20:26:09","slug":"kij-teleskopowy-1-2m-do-walka-malarskiego-uchwyt","status":"publish","type":"product","link":"https:\/\/bobimarket.pl\/index.php\/produkt\/kij-teleskopowy-1-2m-do-walka-malarskiego-uchwyt\/","title":{"rendered":"KIJ TELESKOPOWY 1-2M DO WA\u0141KA MALARSKIEGO UCHWYT"},"content":{"rendered":"<section class=\"section\">\n<div class=\"item item-6\">\n<section class=\"image-item\">\n                <img decoding=\"async\" src=\"https:\/\/upload.cdn.baselinker.com\/products\/14476\/f63bfce9307bbecb6f5035b6dc4a3c13.jpg\" \/><br \/>\n            <\/section>\n<\/p><\/div>\n<div class=\"item item-6\">\n<section class=\"text-item\">\n<h2>KIJ TELESKOPOWY 1-2M DO WA\u0141KA MALARSKIEGO UCHWYT<\/h2>\n<p><b>PARAMETRY:<\/b><\/p>\n<ul>\n<li>Regulowana d\u0142ugo\u015b\u0107 <b>1-2m<\/b><\/li>\n<li>Materia\u0142: aluminium<\/li>\n<\/ul>\n<\/section><\/div>\n<\/section>\n<section class=\"section\">\n<div class=\"item item-6\">\n<section class=\"image-item\">\n                <img decoding=\"async\" src=\"https:\/\/upload.cdn.baselinker.com\/products\/14476\/1ccfb23ba82e31f05c1dbb507f1b7401.jpg\" \/><br \/>\n            <\/section>\n<\/p><\/div>\n<div class=\"item item-6\">\n<section class=\"text-item\">\n<p>\u2705 Wysokiej jako\u015bci kij teleskopowy marki <b>GOLDFLEX <\/b>do wa\u0142k\u00f3w malarskich. Regulacja od <b>1-2 m<\/b> pozwoli na swobodn\u0105 prac\u0119 w standardowych pomieszczeniach.<\/p>\n<p>\u2705 Po odkr\u0119ceniu uchwytu do wa\u0142k\u00f3w, kij mo\u017cna u\u017cy\u0107 jako styl do miot\u0142y itp. Pozwala na to standardowy gwint.<\/p>\n<\/section><\/div>\n<\/section>\n<section class=\"section\">\n<div class=\"item item-6\">\n<section class=\"image-item\">\n                <img decoding=\"async\" src=\"https:\/\/upload.cdn.baselinker.com\/products\/14476\/e8995331398df9da585b42034263ee47.jpg\" \/><br \/>\n            <\/section>\n<\/p><\/div>\n<div class=\"item item-6\">\n<section class=\"text-item\">\n<p>\u2705 Ko\u0144c\u00f3wka dr\u0105\u017cka zako\u0144czona nak\u0142adk\u0105, umo\u017cliwiaj\u0105ca swobodne zawieszenie na haku,wieszaku itp.<\/p>\n<\/section><\/div>\n<\/section>\n<section class=\"section\">\n<div class=\"item item-12\">\n<section class=\"image-item\">\n                <img decoding=\"async\" src=\"https:\/\/upload.cdn.baselinker.com\/products\/14476\/fb4c120375c0c35cbf711ddfbb4d486a.jpg\" \/><br \/>\n            <\/section>\n<\/p><\/div>\n<\/section>\n","protected":false},"excerpt":{"rendered":"<p>KIJ TELESKOPOWY 1-2M DO WA\u0141KA MALARSKIEGO UCHWYT PARAMETRY: Regulowana d\u0142ugo\u015b\u0107 1-2m Materia\u0142: aluminium \u2705 Wysokiej jako\u015bci kij teleskopowy marki GOLDFLEX do wa\u0142k\u00f3w malarskich. Regulacja od 1-2 m pozwoli na swobodn\u0105 prac\u0119 w standardowych pomieszczeniach. \u2705 Po odkr\u0119ceniu uchwytu do wa\u0142k\u00f3w, kij mo\u017cna u\u017cy\u0107 jako styl do miot\u0142y itp. Pozwala na to standardowy gwint. \u2705 Ko\u0144c\u00f3wka<br \/><a class=\"more-link\" href=\"https:\/\/bobimarket.pl\/index.php\/produkt\/kij-teleskopowy-1-2m-do-walka-malarskiego-uchwyt\/\"><br \/>\n        Czytaj wi\u0119cej<span class=\"screen-reader-text\"> &#8222;KIJ TELESKOPOWY 1-2M DO WA\u0141KA MALARSKIEGO UCHWYT&#8221;<\/span><\/a><\/p>\n","protected":false},"featured_media":86830,"template":"","meta":[],"product_cat":[8063],"product_tag":[],"yoast_head":"<!-- This site is optimized with the Yoast SEO plugin v21.0 - https:\/\/yoast.com\/wordpress\/plugins\/seo\/ -->\n<title>KIJ TELESKOPOWY 1-2M DO WA\u0141KA MALARSKIEGO UCHWYT - BOBIMARKET.pl - Remontuj i urz\u0105dzaj z nami<\/title>\n<meta name=\"robots\" content=\"index, follow, max-snippet:-1, max-image-preview:large, max-video-preview:-1\" \/>\n<link rel=\"canonical\" href=\"https:\/\/bobimarket.pl\/index.php\/produkt\/kij-teleskopowy-1-2m-do-walka-malarskiego-uchwyt\/\" \/>\n<meta property=\"og:locale\" content=\"pl_PL\" \/>\n<meta property=\"og:type\" content=\"article\" \/>\n<meta property=\"og:title\" content=\"KIJ TELESKOPOWY 1-2M DO WA\u0141KA MALARSKIEGO UCHWYT - BOBIMARKET.pl - Remontuj i urz\u0105dzaj z nami\" \/>\n<meta property=\"og:description\" content=\"KIJ TELESKOPOWY 1-2M DO WA\u0141KA MALARSKIEGO UCHWYT PARAMETRY: Regulowana d\u0142ugo\u015b\u0107 1-2m Materia\u0142: aluminium \u2705 Wysokiej jako\u015bci kij teleskopowy marki GOLDFLEX do wa\u0142k\u00f3w malarskich. Regulacja od 1-2 m pozwoli na swobodn\u0105 prac\u0119 w standardowych pomieszczeniach. \u2705 Po odkr\u0119ceniu uchwytu do wa\u0142k\u00f3w, kij mo\u017cna u\u017cy\u0107 jako styl do miot\u0142y itp. Pozwala na to standardowy gwint. \u2705 Ko\u0144c\u00f3wka     Czytaj wi\u0119cej &quot;KIJ TELESKOPOWY 1-2M DO WA\u0141KA MALARSKIEGO UCHWYT&quot;\" \/>\n<meta property=\"og:url\" content=\"https:\/\/bobimarket.pl\/index.php\/produkt\/kij-teleskopowy-1-2m-do-walka-malarskiego-uchwyt\/\" \/>\n<meta property=\"og:site_name\" content=\"BOBIMARKET.pl - Remontuj i urz\u0105dzaj z nami\" \/>\n<meta property=\"article:modified_time\" content=\"2025-03-23T20:26:09+00:00\" \/>\n<meta property=\"og:image\" content=\"https:\/\/upload.cdn.baselinker.com\/products\/14476\/f63bfce9307bbecb6f5035b6dc4a3c13.jpg\" \/>\n<meta name=\"twitter:card\" content=\"summary_large_image\" \/>\n<script type=\"application\/ld+json\" class=\"yoast-schema-graph\">{\"@context\":\"https:\/\/schema.org\",\"@graph\":[{\"@type\":\"WebPage\",\"@id\":\"https:\/\/bobimarket.pl\/index.php\/produkt\/kij-teleskopowy-1-2m-do-walka-malarskiego-uchwyt\/\",\"url\":\"https:\/\/bobimarket.pl\/index.php\/produkt\/kij-teleskopowy-1-2m-do-walka-malarskiego-uchwyt\/\",\"name\":\"KIJ TELESKOPOWY 1-2M DO WA\u0141KA MALARSKIEGO UCHWYT - BOBIMARKET.pl - Remontuj i urz\u0105dzaj z nami\",\"isPartOf\":{\"@id\":\"https:\/\/bobimarket.pl\/#website\"},\"datePublished\":\"2023-08-30T00:20:13+00:00\",\"dateModified\":\"2025-03-23T20:26:09+00:00\",\"breadcrumb\":{\"@id\":\"https:\/\/bobimarket.pl\/index.php\/produkt\/kij-teleskopowy-1-2m-do-walka-malarskiego-uchwyt\/#breadcrumb\"},\"inLanguage\":\"pl-PL\",\"potentialAction\":[{\"@type\":\"ReadAction\",\"target\":[\"https:\/\/bobimarket.pl\/index.php\/produkt\/kij-teleskopowy-1-2m-do-walka-malarskiego-uchwyt\/\"]}]},{\"@type\":\"BreadcrumbList\",\"@id\":\"https:\/\/bobimarket.pl\/index.php\/produkt\/kij-teleskopowy-1-2m-do-walka-malarskiego-uchwyt\/#breadcrumb\",\"itemListElement\":[{\"@type\":\"ListItem\",\"position\":1,\"name\":\"Strona g\u0142\u00f3wna\",\"item\":\"https:\/\/bobimarket.pl\/\"},{\"@type\":\"ListItem\",\"position\":2,\"name\":\"Sklep\",\"item\":\"https:\/\/bobimarket.pl\/index.php\/shop\/\"},{\"@type\":\"ListItem\",\"position\":3,\"name\":\"KIJ TELESKOPOWY 1-2M DO WA\u0141KA MALARSKIEGO UCHWYT\"}]},{\"@type\":\"WebSite\",\"@id\":\"https:\/\/bobimarket.pl\/#website\",\"url\":\"https:\/\/bobimarket.pl\/\",\"name\":\"BOBIMARKET.pl - Remontuj i urz\u0105dzaj z nami\",\"description\":\"Remontuj i urz\u0105dzaj z nami\",\"publisher\":{\"@id\":\"https:\/\/bobimarket.pl\/#organization\"},\"potentialAction\":[{\"@type\":\"SearchAction\",\"target\":{\"@type\":\"EntryPoint\",\"urlTemplate\":\"https:\/\/bobimarket.pl\/?s={search_term_string}\"},\"query-input\":\"required name=search_term_string\"}],\"inLanguage\":\"pl-PL\"},{\"@type\":\"Organization\",\"@id\":\"https:\/\/bobimarket.pl\/#organization\",\"name\":\"BOBIMARKET.pl\",\"url\":\"https:\/\/bobimarket.pl\/\",\"logo\":{\"@type\":\"ImageObject\",\"inLanguage\":\"pl-PL\",\"@id\":\"https:\/\/bobimarket.pl\/#\/schema\/logo\/image\/\",\"url\":\"https:\/\/bobimarket.pl\/wp-content\/uploads\/2021\/11\/slogan.png\",\"contentUrl\":\"https:\/\/bobimarket.pl\/wp-content\/uploads\/2021\/11\/slogan.png\",\"width\":2000,\"height\":384,\"caption\":\"BOBIMARKET.pl\"},\"image\":{\"@id\":\"https:\/\/bobimarket.pl\/#\/schema\/logo\/image\/\"}}]}<\/script>\n<!-- \/ Yoast SEO plugin. -->","yoast_head_json":{"title":"KIJ TELESKOPOWY 1-2M DO WA\u0141KA MALARSKIEGO UCHWYT - BOBIMARKET.pl - Remontuj i urz\u0105dzaj z nami","robots":{"index":"index","follow":"follow","max-snippet":"max-snippet:-1","max-image-preview":"max-image-preview:large","max-video-preview":"max-video-preview:-1"},"canonical":"https:\/\/bobimarket.pl\/index.php\/produkt\/kij-teleskopowy-1-2m-do-walka-malarskiego-uchwyt\/","og_locale":"pl_PL","og_type":"article","og_title":"KIJ TELESKOPOWY 1-2M DO WA\u0141KA MALARSKIEGO UCHWYT - BOBIMARKET.pl - Remontuj i urz\u0105dzaj z nami","og_description":"KIJ TELESKOPOWY 1-2M DO WA\u0141KA MALARSKIEGO UCHWYT PARAMETRY: Regulowana d\u0142ugo\u015b\u0107 1-2m Materia\u0142: aluminium \u2705 Wysokiej jako\u015bci kij teleskopowy marki GOLDFLEX do wa\u0142k\u00f3w malarskich. Regulacja od 1-2 m pozwoli na swobodn\u0105 prac\u0119 w standardowych pomieszczeniach. \u2705 Po odkr\u0119ceniu uchwytu do wa\u0142k\u00f3w, kij mo\u017cna u\u017cy\u0107 jako styl do miot\u0142y itp. Pozwala na to standardowy gwint. \u2705 Ko\u0144c\u00f3wka     Czytaj wi\u0119cej \"KIJ TELESKOPOWY 1-2M DO WA\u0141KA MALARSKIEGO UCHWYT\"","og_url":"https:\/\/bobimarket.pl\/index.php\/produkt\/kij-teleskopowy-1-2m-do-walka-malarskiego-uchwyt\/","og_site_name":"BOBIMARKET.pl - Remontuj i urz\u0105dzaj z nami","article_modified_time":"2025-03-23T20:26:09+00:00","og_image":[{"url":"https:\/\/upload.cdn.baselinker.com\/products\/14476\/f63bfce9307bbecb6f5035b6dc4a3c13.jpg"}],"twitter_card":"summary_large_image","schema":{"@context":"https:\/\/schema.org","@graph":[{"@type":"WebPage","@id":"https:\/\/bobimarket.pl\/index.php\/produkt\/kij-teleskopowy-1-2m-do-walka-malarskiego-uchwyt\/","url":"https:\/\/bobimarket.pl\/index.php\/produkt\/kij-teleskopowy-1-2m-do-walka-malarskiego-uchwyt\/","name":"KIJ TELESKOPOWY 1-2M DO WA\u0141KA MALARSKIEGO UCHWYT - BOBIMARKET.pl - Remontuj i urz\u0105dzaj z nami","isPartOf":{"@id":"https:\/\/bobimarket.pl\/#website"},"datePublished":"2023-08-30T00:20:13+00:00","dateModified":"2025-03-23T20:26:09+00:00","breadcrumb":{"@id":"https:\/\/bobimarket.pl\/index.php\/produkt\/kij-teleskopowy-1-2m-do-walka-malarskiego-uchwyt\/#breadcrumb"},"inLanguage":"pl-PL","potentialAction":[{"@type":"ReadAction","target":["https:\/\/bobimarket.pl\/index.php\/produkt\/kij-teleskopowy-1-2m-do-walka-malarskiego-uchwyt\/"]}]},{"@type":"BreadcrumbList","@id":"https:\/\/bobimarket.pl\/index.php\/produkt\/kij-teleskopowy-1-2m-do-walka-malarskiego-uchwyt\/#breadcrumb","itemListElement":[{"@type":"ListItem","position":1,"name":"Strona g\u0142\u00f3wna","item":"https:\/\/bobimarket.pl\/"},{"@type":"ListItem","position":2,"name":"Sklep","item":"https:\/\/bobimarket.pl\/index.php\/shop\/"},{"@type":"ListItem","position":3,"name":"KIJ TELESKOPOWY 1-2M DO WA\u0141KA MALARSKIEGO UCHWYT"}]},{"@type":"WebSite","@id":"https:\/\/bobimarket.pl\/#website","url":"https:\/\/bobimarket.pl\/","name":"BOBIMARKET.pl - Remontuj i urz\u0105dzaj z nami","description":"Remontuj i urz\u0105dzaj z nami","publisher":{"@id":"https:\/\/bobimarket.pl\/#organization"},"potentialAction":[{"@type":"SearchAction","target":{"@type":"EntryPoint","urlTemplate":"https:\/\/bobimarket.pl\/?s={search_term_string}"},"query-input":"required name=search_term_string"}],"inLanguage":"pl-PL"},{"@type":"Organization","@id":"https:\/\/bobimarket.pl\/#organization","name":"BOBIMARKET.pl","url":"https:\/\/bobimarket.pl\/","logo":{"@type":"ImageObject","inLanguage":"pl-PL","@id":"https:\/\/bobimarket.pl\/#\/schema\/logo\/image\/","url":"https:\/\/bobimarket.pl\/wp-content\/uploads\/2021\/11\/slogan.png","contentUrl":"https:\/\/bobimarket.pl\/wp-content\/uploads\/2021\/11\/slogan.png","width":2000,"height":384,"caption":"BOBIMARKET.pl"},"image":{"@id":"https:\/\/bobimarket.pl\/#\/schema\/logo\/image\/"}}]}},"_links":{"self":[{"href":"https:\/\/bobimarket.pl\/index.php\/wp-json\/wp\/v2\/product\/86834"}],"collection":[{"href":"https:\/\/bobimarket.pl\/index.php\/wp-json\/wp\/v2\/product"}],"about":[{"href":"https:\/\/bobimarket.pl\/index.php\/wp-json\/wp\/v2\/types\/product"}],"wp:featuredmedia":[{"embeddable":true,"href":"https:\/\/bobimarket.pl\/index.php\/wp-json\/wp\/v2\/media\/86830"}],"wp:attachment":[{"href":"https:\/\/bobimarket.pl\/index.php\/wp-json\/wp\/v2\/media?parent=86834"}],"wp:term":[{"taxonomy":"product_cat","embeddable":true,"href":"https:\/\/bobimarket.pl\/index.php\/wp-json\/wp\/v2\/product_cat?post=86834"},{"taxonomy":"product_tag","embeddable":true,"href":"https:\/\/bobimarket.pl\/index.php\/wp-json\/wp\/v2\/product_tag?post=86834"}],"curies":[{"name":"wp","href":"https:\/\/api.w.org\/{rel}","templated":true}]}}