{"id":86992,"date":"2023-08-30T00:31:47","date_gmt":"2023-08-30T00:31:47","guid":{"rendered":"https:\/\/bobimarket.pl\/index.php\/produkt\/podpora-pojedyncza-do-roslin-kwiatow-h35-cm\/"},"modified":"2025-02-27T14:53:20","modified_gmt":"2025-02-27T14:53:20","slug":"podpora-pojedyncza-do-roslin-kwiatow-h35-cm","status":"publish","type":"product","link":"https:\/\/bobimarket.pl\/index.php\/produkt\/podpora-pojedyncza-do-roslin-kwiatow-h35-cm\/","title":{"rendered":"PODPORA POJEDYNCZA DO RO\u015aLIN KWIAT\u00d3W  H35 cm"},"content":{"rendered":"<section class=\"section\">\n<div class=\"item item-12\">\n<section class=\"text-item\">\n<h2>PODPORA POJEDYNCZA DO RO\u015aLIN<\/h2>\n<p><b>Informajce og\u00f3lne:<\/b><\/p>\n<ul>\n<li>Wysoko\u015b\u0107: <b>35 cm <\/b><\/li>\n<li>\u015arednica rurki: <b>4 mm<\/b><\/li>\n<li>\u015arednica oczka: <b>4 cm<\/b><\/li>\n<li>Materia\u0142: stal powlekana polietylenem<\/li>\n<li>Kolor:<b> zielony<\/b><\/li>\n<\/ul>\n<\/section><\/div>\n<\/section>\n<section class=\"section\">\n<div class=\"item item-12\">\n<section class=\"image-item\">\n            <img decoding=\"async\" src=\"https:\/\/upload.cdn.baselinker.com\/products\/14476\/dbf4983f95b32ac26731a3907f0c85af.png\" \/><br \/>\n        <\/section>\n<\/p><\/div>\n<\/section>\n<section class=\"section\">\n<div class=\"item item-12\">\n<section class=\"text-item\">\n<h2>Zadbaj o swoje ro\u015blin i stw\u00f3rz im odpowiednie warunki do wzrostu!<\/h2>\n<p>Ozdobna pojedyncza podpora do podtrzymywania \u0142odyg ro\u015blin i kwiat\u00f3w. Doskonale nadaje si\u0119 do r\u00f3\u017cnego rodzaju<b> kwiat\u00f3w doniczkowych. <\/b>Chroni delikatne p\u0119dy przed uszkodzeniem jednocze\u015bnie pe\u0142ni\u0105c funkcj\u0119 dekoracyjn\u0105.<\/p>\n<ul>\n<li>Podpor\u0119 nale\u017cy umie\u015bci\u0107 w ziemi obok ro\u015bliny oraz przywi\u0105za\u0107 do niej \u0142odyg\u0119, w ten spos\u00f3b zapewnimy doskona\u0142\u0105 stabilizacj\u0119 i zabezpieczenie przed z\u0142amaniem nawet podczas wietrznej pogody.<\/li>\n<\/ul>\n<\/section><\/div>\n<\/section>\n<section class=\"section\">\n<div class=\"item item-12\">\n<section class=\"image-item\">\n            <img decoding=\"async\" src=\"https:\/\/upload.cdn.baselinker.com\/products\/14476\/8d5c57c1ccb98fd20e35566d91894424.jpg\" \/><br \/>\n        <\/section>\n<\/p><\/div>\n<\/section>\n<section class=\"section\">\n<div class=\"item item-12\">\n<section class=\"text-item\">\n<p>\u2705 Naturalny zielony kolor sprawia, \u017ce jest<b> niemal niewidoczna po\u015br\u00f3d ro\u015blin<\/b>, idealnie si\u0119 z nimi komponuje. Z jej pomoc\u0105 stworzysz oryginaln\u0105 aran\u017cacj\u0119. Ro\u015bliny b\u0119d\u0105 si\u0119 pi\u0119\u0142y i prawid\u0142owow ros\u0142y. Przydatna m.in. <b>przy uprawach: bor\u00f3wki ameryka\u0144skiej, hortensji.<\/b><\/p>\n<p><b>\u2705 <\/b>Podp\u00f3rka to nie tylko element ozdobny, ma r\u00f3wnie\u017c <b>pozytywny wp\u0142yw na ro\u015blin<\/b>. Przeciwdzia\u0142a &#8222;pok\u0142adaniu&#8221; si\u0119 ro\u015bliny oraz gwarantuje prawido\u0142owy wzrost kwiat\u00f3w.<\/p>\n<p><b>\u2705 <\/b>Tyczka zosta\u0142a <b>wykonana z stali i pokryta <\/b>polietylenem w kolorze zielonym. Stanowi ciekaw\u0105 alternatyw\u0119 dla r\u00f3\u017cnego rodzaju pojedynczych tyczek.<\/p>\n<\/section><\/div>\n<\/section>\n","protected":false},"excerpt":{"rendered":"<p>PODPORA POJEDYNCZA DO RO\u015aLIN Informajce og\u00f3lne: Wysoko\u015b\u0107: 35 cm \u015arednica rurki: 4 mm \u015arednica oczka: 4 cm Materia\u0142: stal powlekana polietylenem Kolor: zielony Zadbaj o swoje ro\u015blin i stw\u00f3rz im odpowiednie warunki do wzrostu! Ozdobna pojedyncza podpora do podtrzymywania \u0142odyg ro\u015blin i kwiat\u00f3w. Doskonale nadaje si\u0119 do r\u00f3\u017cnego rodzaju kwiat\u00f3w doniczkowych. Chroni delikatne p\u0119dy przed<br \/><a class=\"more-link\" href=\"https:\/\/bobimarket.pl\/index.php\/produkt\/podpora-pojedyncza-do-roslin-kwiatow-h35-cm\/\"><br \/>\n        Czytaj wi\u0119cej<span class=\"screen-reader-text\"> &#8222;PODPORA POJEDYNCZA DO RO\u015aLIN KWIAT\u00d3W  H35 cm&#8221;<\/span><\/a><\/p>\n","protected":false},"featured_media":86989,"template":"","meta":[],"product_cat":[8089],"product_tag":[],"yoast_head":"<!-- This site is optimized with the Yoast SEO plugin v21.0 - https:\/\/yoast.com\/wordpress\/plugins\/seo\/ -->\n<title>PODPORA POJEDYNCZA DO RO\u015aLIN KWIAT\u00d3W H35 cm - BOBIMARKET.pl - Remontuj i urz\u0105dzaj z nami<\/title>\n<meta name=\"robots\" content=\"index, follow, max-snippet:-1, max-image-preview:large, max-video-preview:-1\" \/>\n<link rel=\"canonical\" href=\"https:\/\/bobimarket.pl\/index.php\/produkt\/podpora-pojedyncza-do-roslin-kwiatow-h35-cm\/\" \/>\n<meta property=\"og:locale\" content=\"pl_PL\" \/>\n<meta property=\"og:type\" content=\"article\" \/>\n<meta property=\"og:title\" content=\"PODPORA POJEDYNCZA DO RO\u015aLIN KWIAT\u00d3W H35 cm - BOBIMARKET.pl - Remontuj i urz\u0105dzaj z nami\" \/>\n<meta property=\"og:description\" content=\"PODPORA POJEDYNCZA DO RO\u015aLIN Informajce og\u00f3lne: Wysoko\u015b\u0107: 35 cm \u015arednica rurki: 4 mm \u015arednica oczka: 4 cm Materia\u0142: stal powlekana polietylenem Kolor: zielony Zadbaj o swoje ro\u015blin i stw\u00f3rz im odpowiednie warunki do wzrostu! Ozdobna pojedyncza podpora do podtrzymywania \u0142odyg ro\u015blin i kwiat\u00f3w. Doskonale nadaje si\u0119 do r\u00f3\u017cnego rodzaju kwiat\u00f3w doniczkowych. Chroni delikatne p\u0119dy przed     Czytaj wi\u0119cej &quot;PODPORA POJEDYNCZA DO RO\u015aLIN KWIAT\u00d3W H35 cm&quot;\" \/>\n<meta property=\"og:url\" content=\"https:\/\/bobimarket.pl\/index.php\/produkt\/podpora-pojedyncza-do-roslin-kwiatow-h35-cm\/\" \/>\n<meta property=\"og:site_name\" content=\"BOBIMARKET.pl - Remontuj i urz\u0105dzaj z nami\" \/>\n<meta property=\"article:modified_time\" content=\"2025-02-27T14:53:20+00:00\" \/>\n<meta property=\"og:image\" content=\"https:\/\/upload.cdn.baselinker.com\/products\/14476\/dbf4983f95b32ac26731a3907f0c85af.png\" \/>\n<meta name=\"twitter:card\" content=\"summary_large_image\" \/>\n<meta name=\"twitter:label1\" content=\"Szacowany czas czytania\" \/>\n\t<meta name=\"twitter:data1\" content=\"1 minuta\" \/>\n<script type=\"application\/ld+json\" class=\"yoast-schema-graph\">{\"@context\":\"https:\/\/schema.org\",\"@graph\":[{\"@type\":\"WebPage\",\"@id\":\"https:\/\/bobimarket.pl\/index.php\/produkt\/podpora-pojedyncza-do-roslin-kwiatow-h35-cm\/\",\"url\":\"https:\/\/bobimarket.pl\/index.php\/produkt\/podpora-pojedyncza-do-roslin-kwiatow-h35-cm\/\",\"name\":\"PODPORA POJEDYNCZA DO RO\u015aLIN KWIAT\u00d3W H35 cm - BOBIMARKET.pl - Remontuj i urz\u0105dzaj z nami\",\"isPartOf\":{\"@id\":\"https:\/\/bobimarket.pl\/#website\"},\"datePublished\":\"2023-08-30T00:31:47+00:00\",\"dateModified\":\"2025-02-27T14:53:20+00:00\",\"breadcrumb\":{\"@id\":\"https:\/\/bobimarket.pl\/index.php\/produkt\/podpora-pojedyncza-do-roslin-kwiatow-h35-cm\/#breadcrumb\"},\"inLanguage\":\"pl-PL\",\"potentialAction\":[{\"@type\":\"ReadAction\",\"target\":[\"https:\/\/bobimarket.pl\/index.php\/produkt\/podpora-pojedyncza-do-roslin-kwiatow-h35-cm\/\"]}]},{\"@type\":\"BreadcrumbList\",\"@id\":\"https:\/\/bobimarket.pl\/index.php\/produkt\/podpora-pojedyncza-do-roslin-kwiatow-h35-cm\/#breadcrumb\",\"itemListElement\":[{\"@type\":\"ListItem\",\"position\":1,\"name\":\"Strona g\u0142\u00f3wna\",\"item\":\"https:\/\/bobimarket.pl\/\"},{\"@type\":\"ListItem\",\"position\":2,\"name\":\"Sklep\",\"item\":\"https:\/\/bobimarket.pl\/index.php\/shop\/\"},{\"@type\":\"ListItem\",\"position\":3,\"name\":\"PODPORA POJEDYNCZA DO RO\u015aLIN KWIAT\u00d3W H35 cm\"}]},{\"@type\":\"WebSite\",\"@id\":\"https:\/\/bobimarket.pl\/#website\",\"url\":\"https:\/\/bobimarket.pl\/\",\"name\":\"BOBIMARKET.pl - Remontuj i urz\u0105dzaj z nami\",\"description\":\"Remontuj i urz\u0105dzaj z nami\",\"publisher\":{\"@id\":\"https:\/\/bobimarket.pl\/#organization\"},\"potentialAction\":[{\"@type\":\"SearchAction\",\"target\":{\"@type\":\"EntryPoint\",\"urlTemplate\":\"https:\/\/bobimarket.pl\/?s={search_term_string}\"},\"query-input\":\"required name=search_term_string\"}],\"inLanguage\":\"pl-PL\"},{\"@type\":\"Organization\",\"@id\":\"https:\/\/bobimarket.pl\/#organization\",\"name\":\"BOBIMARKET.pl\",\"url\":\"https:\/\/bobimarket.pl\/\",\"logo\":{\"@type\":\"ImageObject\",\"inLanguage\":\"pl-PL\",\"@id\":\"https:\/\/bobimarket.pl\/#\/schema\/logo\/image\/\",\"url\":\"https:\/\/bobimarket.pl\/wp-content\/uploads\/2021\/11\/slogan.png\",\"contentUrl\":\"https:\/\/bobimarket.pl\/wp-content\/uploads\/2021\/11\/slogan.png\",\"width\":2000,\"height\":384,\"caption\":\"BOBIMARKET.pl\"},\"image\":{\"@id\":\"https:\/\/bobimarket.pl\/#\/schema\/logo\/image\/\"}}]}<\/script>\n<!-- \/ Yoast SEO plugin. -->","yoast_head_json":{"title":"PODPORA POJEDYNCZA DO RO\u015aLIN KWIAT\u00d3W H35 cm - BOBIMARKET.pl - Remontuj i urz\u0105dzaj z nami","robots":{"index":"index","follow":"follow","max-snippet":"max-snippet:-1","max-image-preview":"max-image-preview:large","max-video-preview":"max-video-preview:-1"},"canonical":"https:\/\/bobimarket.pl\/index.php\/produkt\/podpora-pojedyncza-do-roslin-kwiatow-h35-cm\/","og_locale":"pl_PL","og_type":"article","og_title":"PODPORA POJEDYNCZA DO RO\u015aLIN KWIAT\u00d3W H35 cm - BOBIMARKET.pl - Remontuj i urz\u0105dzaj z nami","og_description":"PODPORA POJEDYNCZA DO RO\u015aLIN Informajce og\u00f3lne: Wysoko\u015b\u0107: 35 cm \u015arednica rurki: 4 mm \u015arednica oczka: 4 cm Materia\u0142: stal powlekana polietylenem Kolor: zielony Zadbaj o swoje ro\u015blin i stw\u00f3rz im odpowiednie warunki do wzrostu! Ozdobna pojedyncza podpora do podtrzymywania \u0142odyg ro\u015blin i kwiat\u00f3w. Doskonale nadaje si\u0119 do r\u00f3\u017cnego rodzaju kwiat\u00f3w doniczkowych. Chroni delikatne p\u0119dy przed     Czytaj wi\u0119cej \"PODPORA POJEDYNCZA DO RO\u015aLIN KWIAT\u00d3W H35 cm\"","og_url":"https:\/\/bobimarket.pl\/index.php\/produkt\/podpora-pojedyncza-do-roslin-kwiatow-h35-cm\/","og_site_name":"BOBIMARKET.pl - Remontuj i urz\u0105dzaj z nami","article_modified_time":"2025-02-27T14:53:20+00:00","og_image":[{"url":"https:\/\/upload.cdn.baselinker.com\/products\/14476\/dbf4983f95b32ac26731a3907f0c85af.png"}],"twitter_card":"summary_large_image","twitter_misc":{"Szacowany czas czytania":"1 minuta"},"schema":{"@context":"https:\/\/schema.org","@graph":[{"@type":"WebPage","@id":"https:\/\/bobimarket.pl\/index.php\/produkt\/podpora-pojedyncza-do-roslin-kwiatow-h35-cm\/","url":"https:\/\/bobimarket.pl\/index.php\/produkt\/podpora-pojedyncza-do-roslin-kwiatow-h35-cm\/","name":"PODPORA POJEDYNCZA DO RO\u015aLIN KWIAT\u00d3W H35 cm - BOBIMARKET.pl - Remontuj i urz\u0105dzaj z nami","isPartOf":{"@id":"https:\/\/bobimarket.pl\/#website"},"datePublished":"2023-08-30T00:31:47+00:00","dateModified":"2025-02-27T14:53:20+00:00","breadcrumb":{"@id":"https:\/\/bobimarket.pl\/index.php\/produkt\/podpora-pojedyncza-do-roslin-kwiatow-h35-cm\/#breadcrumb"},"inLanguage":"pl-PL","potentialAction":[{"@type":"ReadAction","target":["https:\/\/bobimarket.pl\/index.php\/produkt\/podpora-pojedyncza-do-roslin-kwiatow-h35-cm\/"]}]},{"@type":"BreadcrumbList","@id":"https:\/\/bobimarket.pl\/index.php\/produkt\/podpora-pojedyncza-do-roslin-kwiatow-h35-cm\/#breadcrumb","itemListElement":[{"@type":"ListItem","position":1,"name":"Strona g\u0142\u00f3wna","item":"https:\/\/bobimarket.pl\/"},{"@type":"ListItem","position":2,"name":"Sklep","item":"https:\/\/bobimarket.pl\/index.php\/shop\/"},{"@type":"ListItem","position":3,"name":"PODPORA POJEDYNCZA DO RO\u015aLIN KWIAT\u00d3W H35 cm"}]},{"@type":"WebSite","@id":"https:\/\/bobimarket.pl\/#website","url":"https:\/\/bobimarket.pl\/","name":"BOBIMARKET.pl - Remontuj i urz\u0105dzaj z nami","description":"Remontuj i urz\u0105dzaj z nami","publisher":{"@id":"https:\/\/bobimarket.pl\/#organization"},"potentialAction":[{"@type":"SearchAction","target":{"@type":"EntryPoint","urlTemplate":"https:\/\/bobimarket.pl\/?s={search_term_string}"},"query-input":"required name=search_term_string"}],"inLanguage":"pl-PL"},{"@type":"Organization","@id":"https:\/\/bobimarket.pl\/#organization","name":"BOBIMARKET.pl","url":"https:\/\/bobimarket.pl\/","logo":{"@type":"ImageObject","inLanguage":"pl-PL","@id":"https:\/\/bobimarket.pl\/#\/schema\/logo\/image\/","url":"https:\/\/bobimarket.pl\/wp-content\/uploads\/2021\/11\/slogan.png","contentUrl":"https:\/\/bobimarket.pl\/wp-content\/uploads\/2021\/11\/slogan.png","width":2000,"height":384,"caption":"BOBIMARKET.pl"},"image":{"@id":"https:\/\/bobimarket.pl\/#\/schema\/logo\/image\/"}}]}},"_links":{"self":[{"href":"https:\/\/bobimarket.pl\/index.php\/wp-json\/wp\/v2\/product\/86992"}],"collection":[{"href":"https:\/\/bobimarket.pl\/index.php\/wp-json\/wp\/v2\/product"}],"about":[{"href":"https:\/\/bobimarket.pl\/index.php\/wp-json\/wp\/v2\/types\/product"}],"wp:featuredmedia":[{"embeddable":true,"href":"https:\/\/bobimarket.pl\/index.php\/wp-json\/wp\/v2\/media\/86989"}],"wp:attachment":[{"href":"https:\/\/bobimarket.pl\/index.php\/wp-json\/wp\/v2\/media?parent=86992"}],"wp:term":[{"taxonomy":"product_cat","embeddable":true,"href":"https:\/\/bobimarket.pl\/index.php\/wp-json\/wp\/v2\/product_cat?post=86992"},{"taxonomy":"product_tag","embeddable":true,"href":"https:\/\/bobimarket.pl\/index.php\/wp-json\/wp\/v2\/product_tag?post=86992"}],"curies":[{"name":"wp","href":"https:\/\/api.w.org\/{rel}","templated":true}]}}