{"id":88439,"date":"2023-08-30T02:07:09","date_gmt":"2023-08-30T02:07:09","guid":{"rendered":"https:\/\/bobimarket.pl\/index.php\/produkt\/bit-z-ogranicznikiem-z-magnesem-ph2x50-mm\/"},"modified":"2025-02-27T15:05:16","modified_gmt":"2025-02-27T15:05:16","slug":"bit-z-ogranicznikiem-z-magnesem-ph2x50-mm","status":"publish","type":"product","link":"https:\/\/bobimarket.pl\/index.php\/produkt\/bit-z-ogranicznikiem-z-magnesem-ph2x50-mm\/","title":{"rendered":"BIT Z OGRANICZNIKIEM Z MAGNESEM PH2x50 mm"},"content":{"rendered":"<section class=\"section\">\n<div class=\"item item-6\">\n<section class=\"image-item\">\n                <img decoding=\"async\" src=\"https:\/\/upload.cdn.baselinker.com\/products\/14476\/6e59ca3fae81d7a5bf49b376a4c21804.jpg\" \/><br \/>\n            <\/section>\n<\/p><\/div>\n<div class=\"item item-6\">\n<section class=\"text-item\">\n<p><b>BIT Z OGRANICZNIKIEM Z MAGNESEM PH2x50 mm<\/b><\/p>\n<p><b>Informacje og\u00f3lne:<\/b><\/p>\n<ul>\n<li>Rozmiar osadzenia do osprz\u0119tu: <b>1\/4 cal<\/b><\/li>\n<li>Rodzaj chwytu: <b>prosty<\/b><\/li>\n<li>Materia\u0142:<b> stal S2 <\/b>(twardo\u015b\u0107 bit\u00f3w 58-62 HRC)<\/li>\n<li>D\u0142ugo\u015b\u0107: <b>50 mm<\/b><\/li>\n<\/ul>\n<\/section><\/div>\n<\/section>\n<section class=\"section\">\n<div class=\"item item-6\">\n<section class=\"image-item\">\n                <img decoding=\"async\" src=\"https:\/\/upload.cdn.baselinker.com\/products\/14476\/857f7c2cd8a0e4785e285d47ae3407b0.jpg\" \/><br \/>\n            <\/section>\n<\/p><\/div>\n<div class=\"item item-6\">\n<section class=\"text-item\">\n<p><b>Praktyczne narz\u0119dzie, kt\u00f3re powinno si\u0119 znale\u017a\u0107 w Twojej skrzynce narz\u0119dziowej!<\/b><\/p>\n<p>Wytrzyma\u0142y i wykonany z wysokiej jako\u015bci materia\u0142\u00f3w bit PH2 o d\u0142ugo\u015bci 50 mm. U\u017cyta do produkcji<b> stal S2 ( t<\/b><b>wardo\u015b\u0107 bit\u00f3w 58-62 HRC) <\/b>sprawia, \u017ce bit b\u0119dzie nam s\u0142u\u017cy\u0142o przez d\u0142ugi okres.<\/p>\n<ul>\n<li>Bity HEX s\u0105 stosowane jako ko\u0144c\u00f3wki do narz\u0119dzi r\u0119cznych i mechanicznych podczas monta\u017cu i demonta\u017cu po\u0142\u0105cze\u0144 gwintowych.<\/li>\n<\/ul>\n<\/section><\/div>\n<\/section>\n<section class=\"section\">\n<div class=\"item item-6\">\n<section class=\"image-item\">\n                <img decoding=\"async\" src=\"https:\/\/upload.cdn.baselinker.com\/products\/14476\/34c1755d545fdf753cdc7336399ca455.jpg\" \/><br \/>\n            <\/section>\n<\/p><\/div>\n<div class=\"item item-6\">\n<section class=\"text-item\">\n<p>\u2705<b> Ogranicznik g\u0142\u0119boko\u015bci<\/b> wyst\u0119puje w roli stopera, zapobiegaj\u0105c zniszczeniu mi\u0119kkiej powierzchni.<\/p>\n<p>\u2705 Uchwyt zapewnia <b>bezpieczne mocowanie<\/b> element\u00f3w z\u0142\u0105cznych. Cz\u0119\u015b\u0107 robocza jest namagnesowana, co zapobiega wy\u015blizgiwaniu si\u0119 z elementu \u0142\u0105cznego.<\/p>\n<\/section><\/div>\n<\/section>\n","protected":false},"excerpt":{"rendered":"<p>BIT Z OGRANICZNIKIEM Z MAGNESEM PH2x50 mm Informacje og\u00f3lne: Rozmiar osadzenia do osprz\u0119tu: 1\/4 cal Rodzaj chwytu: prosty Materia\u0142: stal S2 (twardo\u015b\u0107 bit\u00f3w 58-62 HRC) D\u0142ugo\u015b\u0107: 50 mm Praktyczne narz\u0119dzie, kt\u00f3re powinno si\u0119 znale\u017a\u0107 w Twojej skrzynce narz\u0119dziowej! Wytrzyma\u0142y i wykonany z wysokiej jako\u015bci materia\u0142\u00f3w bit PH2 o d\u0142ugo\u015bci 50 mm. U\u017cyta do produkcji stal<br \/><a class=\"more-link\" href=\"https:\/\/bobimarket.pl\/index.php\/produkt\/bit-z-ogranicznikiem-z-magnesem-ph2x50-mm\/\"><br \/>\n        Czytaj wi\u0119cej<span class=\"screen-reader-text\"> &#8222;BIT Z OGRANICZNIKIEM Z MAGNESEM PH2x50 mm&#8221;<\/span><\/a><\/p>\n","protected":false},"featured_media":88432,"template":"","meta":[],"product_cat":[8054],"product_tag":[],"yoast_head":"<!-- This site is optimized with the Yoast SEO plugin v21.0 - https:\/\/yoast.com\/wordpress\/plugins\/seo\/ -->\n<title>BIT Z OGRANICZNIKIEM Z MAGNESEM PH2x50 mm - BOBIMARKET.pl - Remontuj i urz\u0105dzaj z nami<\/title>\n<meta name=\"robots\" content=\"index, follow, max-snippet:-1, max-image-preview:large, max-video-preview:-1\" \/>\n<link rel=\"canonical\" href=\"https:\/\/bobimarket.pl\/index.php\/produkt\/bit-z-ogranicznikiem-z-magnesem-ph2x50-mm\/\" \/>\n<meta property=\"og:locale\" content=\"pl_PL\" \/>\n<meta property=\"og:type\" content=\"article\" \/>\n<meta property=\"og:title\" content=\"BIT Z OGRANICZNIKIEM Z MAGNESEM PH2x50 mm - BOBIMARKET.pl - Remontuj i urz\u0105dzaj z nami\" \/>\n<meta property=\"og:description\" content=\"BIT Z OGRANICZNIKIEM Z MAGNESEM PH2x50 mm Informacje og\u00f3lne: Rozmiar osadzenia do osprz\u0119tu: 1\/4 cal Rodzaj chwytu: prosty Materia\u0142: stal S2 (twardo\u015b\u0107 bit\u00f3w 58-62 HRC) D\u0142ugo\u015b\u0107: 50 mm Praktyczne narz\u0119dzie, kt\u00f3re powinno si\u0119 znale\u017a\u0107 w Twojej skrzynce narz\u0119dziowej! Wytrzyma\u0142y i wykonany z wysokiej jako\u015bci materia\u0142\u00f3w bit PH2 o d\u0142ugo\u015bci 50 mm. U\u017cyta do produkcji stal     Czytaj wi\u0119cej &quot;BIT Z OGRANICZNIKIEM Z MAGNESEM PH2x50 mm&quot;\" \/>\n<meta property=\"og:url\" content=\"https:\/\/bobimarket.pl\/index.php\/produkt\/bit-z-ogranicznikiem-z-magnesem-ph2x50-mm\/\" \/>\n<meta property=\"og:site_name\" content=\"BOBIMARKET.pl - Remontuj i urz\u0105dzaj z nami\" \/>\n<meta property=\"article:modified_time\" content=\"2025-02-27T15:05:16+00:00\" \/>\n<meta property=\"og:image\" content=\"https:\/\/upload.cdn.baselinker.com\/products\/14476\/6e59ca3fae81d7a5bf49b376a4c21804.jpg\" \/>\n<meta name=\"twitter:card\" content=\"summary_large_image\" \/>\n<meta name=\"twitter:label1\" content=\"Szacowany czas czytania\" \/>\n\t<meta name=\"twitter:data1\" content=\"1 minuta\" \/>\n<script type=\"application\/ld+json\" class=\"yoast-schema-graph\">{\"@context\":\"https:\/\/schema.org\",\"@graph\":[{\"@type\":\"WebPage\",\"@id\":\"https:\/\/bobimarket.pl\/index.php\/produkt\/bit-z-ogranicznikiem-z-magnesem-ph2x50-mm\/\",\"url\":\"https:\/\/bobimarket.pl\/index.php\/produkt\/bit-z-ogranicznikiem-z-magnesem-ph2x50-mm\/\",\"name\":\"BIT Z OGRANICZNIKIEM Z MAGNESEM PH2x50 mm - BOBIMARKET.pl - Remontuj i urz\u0105dzaj z nami\",\"isPartOf\":{\"@id\":\"https:\/\/bobimarket.pl\/#website\"},\"datePublished\":\"2023-08-30T02:07:09+00:00\",\"dateModified\":\"2025-02-27T15:05:16+00:00\",\"breadcrumb\":{\"@id\":\"https:\/\/bobimarket.pl\/index.php\/produkt\/bit-z-ogranicznikiem-z-magnesem-ph2x50-mm\/#breadcrumb\"},\"inLanguage\":\"pl-PL\",\"potentialAction\":[{\"@type\":\"ReadAction\",\"target\":[\"https:\/\/bobimarket.pl\/index.php\/produkt\/bit-z-ogranicznikiem-z-magnesem-ph2x50-mm\/\"]}]},{\"@type\":\"BreadcrumbList\",\"@id\":\"https:\/\/bobimarket.pl\/index.php\/produkt\/bit-z-ogranicznikiem-z-magnesem-ph2x50-mm\/#breadcrumb\",\"itemListElement\":[{\"@type\":\"ListItem\",\"position\":1,\"name\":\"Strona g\u0142\u00f3wna\",\"item\":\"https:\/\/bobimarket.pl\/\"},{\"@type\":\"ListItem\",\"position\":2,\"name\":\"Sklep\",\"item\":\"https:\/\/bobimarket.pl\/index.php\/shop\/\"},{\"@type\":\"ListItem\",\"position\":3,\"name\":\"BIT Z OGRANICZNIKIEM Z MAGNESEM PH2x50 mm\"}]},{\"@type\":\"WebSite\",\"@id\":\"https:\/\/bobimarket.pl\/#website\",\"url\":\"https:\/\/bobimarket.pl\/\",\"name\":\"BOBIMARKET.pl - Remontuj i urz\u0105dzaj z nami\",\"description\":\"Remontuj i urz\u0105dzaj z nami\",\"publisher\":{\"@id\":\"https:\/\/bobimarket.pl\/#organization\"},\"potentialAction\":[{\"@type\":\"SearchAction\",\"target\":{\"@type\":\"EntryPoint\",\"urlTemplate\":\"https:\/\/bobimarket.pl\/?s={search_term_string}\"},\"query-input\":\"required name=search_term_string\"}],\"inLanguage\":\"pl-PL\"},{\"@type\":\"Organization\",\"@id\":\"https:\/\/bobimarket.pl\/#organization\",\"name\":\"BOBIMARKET.pl\",\"url\":\"https:\/\/bobimarket.pl\/\",\"logo\":{\"@type\":\"ImageObject\",\"inLanguage\":\"pl-PL\",\"@id\":\"https:\/\/bobimarket.pl\/#\/schema\/logo\/image\/\",\"url\":\"https:\/\/bobimarket.pl\/wp-content\/uploads\/2021\/11\/slogan.png\",\"contentUrl\":\"https:\/\/bobimarket.pl\/wp-content\/uploads\/2021\/11\/slogan.png\",\"width\":2000,\"height\":384,\"caption\":\"BOBIMARKET.pl\"},\"image\":{\"@id\":\"https:\/\/bobimarket.pl\/#\/schema\/logo\/image\/\"}}]}<\/script>\n<!-- \/ Yoast SEO plugin. -->","yoast_head_json":{"title":"BIT Z OGRANICZNIKIEM Z MAGNESEM PH2x50 mm - BOBIMARKET.pl - Remontuj i urz\u0105dzaj z nami","robots":{"index":"index","follow":"follow","max-snippet":"max-snippet:-1","max-image-preview":"max-image-preview:large","max-video-preview":"max-video-preview:-1"},"canonical":"https:\/\/bobimarket.pl\/index.php\/produkt\/bit-z-ogranicznikiem-z-magnesem-ph2x50-mm\/","og_locale":"pl_PL","og_type":"article","og_title":"BIT Z OGRANICZNIKIEM Z MAGNESEM PH2x50 mm - BOBIMARKET.pl - Remontuj i urz\u0105dzaj z nami","og_description":"BIT Z OGRANICZNIKIEM Z MAGNESEM PH2x50 mm Informacje og\u00f3lne: Rozmiar osadzenia do osprz\u0119tu: 1\/4 cal Rodzaj chwytu: prosty Materia\u0142: stal S2 (twardo\u015b\u0107 bit\u00f3w 58-62 HRC) D\u0142ugo\u015b\u0107: 50 mm Praktyczne narz\u0119dzie, kt\u00f3re powinno si\u0119 znale\u017a\u0107 w Twojej skrzynce narz\u0119dziowej! Wytrzyma\u0142y i wykonany z wysokiej jako\u015bci materia\u0142\u00f3w bit PH2 o d\u0142ugo\u015bci 50 mm. U\u017cyta do produkcji stal     Czytaj wi\u0119cej \"BIT Z OGRANICZNIKIEM Z MAGNESEM PH2x50 mm\"","og_url":"https:\/\/bobimarket.pl\/index.php\/produkt\/bit-z-ogranicznikiem-z-magnesem-ph2x50-mm\/","og_site_name":"BOBIMARKET.pl - Remontuj i urz\u0105dzaj z nami","article_modified_time":"2025-02-27T15:05:16+00:00","og_image":[{"url":"https:\/\/upload.cdn.baselinker.com\/products\/14476\/6e59ca3fae81d7a5bf49b376a4c21804.jpg"}],"twitter_card":"summary_large_image","twitter_misc":{"Szacowany czas czytania":"1 minuta"},"schema":{"@context":"https:\/\/schema.org","@graph":[{"@type":"WebPage","@id":"https:\/\/bobimarket.pl\/index.php\/produkt\/bit-z-ogranicznikiem-z-magnesem-ph2x50-mm\/","url":"https:\/\/bobimarket.pl\/index.php\/produkt\/bit-z-ogranicznikiem-z-magnesem-ph2x50-mm\/","name":"BIT Z OGRANICZNIKIEM Z MAGNESEM PH2x50 mm - BOBIMARKET.pl - Remontuj i urz\u0105dzaj z nami","isPartOf":{"@id":"https:\/\/bobimarket.pl\/#website"},"datePublished":"2023-08-30T02:07:09+00:00","dateModified":"2025-02-27T15:05:16+00:00","breadcrumb":{"@id":"https:\/\/bobimarket.pl\/index.php\/produkt\/bit-z-ogranicznikiem-z-magnesem-ph2x50-mm\/#breadcrumb"},"inLanguage":"pl-PL","potentialAction":[{"@type":"ReadAction","target":["https:\/\/bobimarket.pl\/index.php\/produkt\/bit-z-ogranicznikiem-z-magnesem-ph2x50-mm\/"]}]},{"@type":"BreadcrumbList","@id":"https:\/\/bobimarket.pl\/index.php\/produkt\/bit-z-ogranicznikiem-z-magnesem-ph2x50-mm\/#breadcrumb","itemListElement":[{"@type":"ListItem","position":1,"name":"Strona g\u0142\u00f3wna","item":"https:\/\/bobimarket.pl\/"},{"@type":"ListItem","position":2,"name":"Sklep","item":"https:\/\/bobimarket.pl\/index.php\/shop\/"},{"@type":"ListItem","position":3,"name":"BIT Z OGRANICZNIKIEM Z MAGNESEM PH2x50 mm"}]},{"@type":"WebSite","@id":"https:\/\/bobimarket.pl\/#website","url":"https:\/\/bobimarket.pl\/","name":"BOBIMARKET.pl - Remontuj i urz\u0105dzaj z nami","description":"Remontuj i urz\u0105dzaj z nami","publisher":{"@id":"https:\/\/bobimarket.pl\/#organization"},"potentialAction":[{"@type":"SearchAction","target":{"@type":"EntryPoint","urlTemplate":"https:\/\/bobimarket.pl\/?s={search_term_string}"},"query-input":"required name=search_term_string"}],"inLanguage":"pl-PL"},{"@type":"Organization","@id":"https:\/\/bobimarket.pl\/#organization","name":"BOBIMARKET.pl","url":"https:\/\/bobimarket.pl\/","logo":{"@type":"ImageObject","inLanguage":"pl-PL","@id":"https:\/\/bobimarket.pl\/#\/schema\/logo\/image\/","url":"https:\/\/bobimarket.pl\/wp-content\/uploads\/2021\/11\/slogan.png","contentUrl":"https:\/\/bobimarket.pl\/wp-content\/uploads\/2021\/11\/slogan.png","width":2000,"height":384,"caption":"BOBIMARKET.pl"},"image":{"@id":"https:\/\/bobimarket.pl\/#\/schema\/logo\/image\/"}}]}},"_links":{"self":[{"href":"https:\/\/bobimarket.pl\/index.php\/wp-json\/wp\/v2\/product\/88439"}],"collection":[{"href":"https:\/\/bobimarket.pl\/index.php\/wp-json\/wp\/v2\/product"}],"about":[{"href":"https:\/\/bobimarket.pl\/index.php\/wp-json\/wp\/v2\/types\/product"}],"wp:featuredmedia":[{"embeddable":true,"href":"https:\/\/bobimarket.pl\/index.php\/wp-json\/wp\/v2\/media\/88432"}],"wp:attachment":[{"href":"https:\/\/bobimarket.pl\/index.php\/wp-json\/wp\/v2\/media?parent=88439"}],"wp:term":[{"taxonomy":"product_cat","embeddable":true,"href":"https:\/\/bobimarket.pl\/index.php\/wp-json\/wp\/v2\/product_cat?post=88439"},{"taxonomy":"product_tag","embeddable":true,"href":"https:\/\/bobimarket.pl\/index.php\/wp-json\/wp\/v2\/product_tag?post=88439"}],"curies":[{"name":"wp","href":"https:\/\/api.w.org\/{rel}","templated":true}]}}