{"id":88549,"date":"2023-08-30T02:15:22","date_gmt":"2023-08-30T02:15:22","guid":{"rendered":"https:\/\/bobimarket.pl\/index.php\/produkt\/dluto-bruzdownik-przecinak-kanalowy-sds-plus\/"},"modified":"2025-02-27T15:06:48","modified_gmt":"2025-02-27T15:06:48","slug":"dluto-bruzdownik-przecinak-kanalowy-sds-plus","status":"publish","type":"product","link":"https:\/\/bobimarket.pl\/index.php\/produkt\/dluto-bruzdownik-przecinak-kanalowy-sds-plus\/","title":{"rendered":"D\u0141UTO BRUZDOWNIK  PRZECINAK KANA\u0141OWY SDS PLUS"},"content":{"rendered":"<section class=\"section\">\n<div class=\"item item-6\">\n<section class=\"image-item\">\n                <img decoding=\"async\" src=\"https:\/\/upload.cdn.baselinker.com\/products\/14476\/fef3fab433ceb38efa4d03a4bf0460e3.jpg\" \/><br \/>\n            <\/section>\n<\/p><\/div>\n<div class=\"item item-6\">\n<section class=\"text-item\">\n<h2>D\u0141UTO BRUZDOWNIK\u00a0 PRZECINAK KANA\u0141OWY SDS PLUS<\/h2>\n<p>Informacje og\u00f3lne:<\/p>\n<ul>\n<li>Rodzaj chwytu: <b>SDS Plus <\/b><\/li>\n<li>Materia\u0142: <b>stal stopowa hartowana<\/b><\/li>\n<li>Typ ko\u0144c\u00f3wki: <b>kana\u0142owe <\/b><\/li>\n<li>D\u0142ugo\u015b\u0107 ca\u0142kowita: <b>25 cm<\/b><\/li>\n<\/ul>\n<\/section><\/div>\n<\/section>\n<section class=\"section\">\n<div class=\"item item-6\">\n<section class=\"image-item\">\n                <img decoding=\"async\" src=\"https:\/\/upload.cdn.baselinker.com\/products\/14476\/95a6c0f204c892feab12eb81606d40eb.jpg\" \/><br \/>\n            <\/section>\n<\/p><\/div>\n<div class=\"item item-6\">\n<section class=\"text-item\">\n<p><b>Przydatny element wyposa\u017cenia Twojej skrzynki narz\u0119dziowej!<\/b><\/p>\n<p>Praktyczny przecinak kana\u0142owy wyposa\u017cony w ko\u0144c\u00f3wk\u0119 SDS+\/ Narz\u0119dzie zosta\u0142o wykonane ze <b>stali <\/b> stopowej 40\u0425 i jest dodatkowo hartowane. D\u0142uto jest wytrzyma\u0142e i odporne na uszkodzenia.<\/p>\n<ul>\n<li>Profil <b>SDS- Plus <\/b>umo\u017cliwia mocowanie we wszystkich urz\u0105dzeniach z funkcj\u0105 kucia z uchwytem SDS+.\u00a0<\/li>\n<\/ul>\n<ul>\n<li>W czasie pracy nast\u0119puje samoostrzenie si\u0119 kraw\u0119dzi.<\/li>\n<li>Optymalnie dobrane k\u0105ty zaostrzenia powierzchni tn\u0105cej.<\/li>\n<\/ul>\n<\/section><\/div>\n<\/section>\n<section class=\"section\">\n<div class=\"item item-6\">\n<section class=\"image-item\">\n                <img decoding=\"async\" src=\"https:\/\/upload.cdn.baselinker.com\/products\/14476\/895a07d86243d1f86e9bb0579565b1f1.jpg\" \/><br \/>\n            <\/section>\n<\/p><\/div>\n<div class=\"item item-6\">\n<section class=\"text-item\">\n<p><b>\u2705\u00a0Zastosowanie:\u00a0<\/b><\/p>\n<p>Komplet przyda si\u0119 podczas prac budowlanych i wyko\u0144czeniowych. S\u0142u\u017cy <b>do obr\u00f3bki betonu i materia\u0142\u00f3w podobnych. <\/b><\/p>\n<ul>\n<li>D\u0142uta przydadz\u0105 si\u0119 podczas wyburze\u0144 w lub odnawiania fug itp.<\/li>\n<\/ul>\n<\/section><\/div>\n<\/section>\n","protected":false},"excerpt":{"rendered":"<p>D\u0141UTO BRUZDOWNIK\u00a0 PRZECINAK KANA\u0141OWY SDS PLUS Informacje og\u00f3lne: Rodzaj chwytu: SDS Plus Materia\u0142: stal stopowa hartowana Typ ko\u0144c\u00f3wki: kana\u0142owe D\u0142ugo\u015b\u0107 ca\u0142kowita: 25 cm Przydatny element wyposa\u017cenia Twojej skrzynki narz\u0119dziowej! Praktyczny przecinak kana\u0142owy wyposa\u017cony w ko\u0144c\u00f3wk\u0119 SDS+\/ Narz\u0119dzie zosta\u0142o wykonane ze stali stopowej 40\u0425 i jest dodatkowo hartowane. D\u0142uto jest wytrzyma\u0142e i odporne na uszkodzenia. Profil<br \/><a class=\"more-link\" href=\"https:\/\/bobimarket.pl\/index.php\/produkt\/dluto-bruzdownik-przecinak-kanalowy-sds-plus\/\"><br \/>\n        Czytaj wi\u0119cej<span class=\"screen-reader-text\"> &#8222;D\u0141UTO BRUZDOWNIK  PRZECINAK KANA\u0141OWY SDS PLUS&#8221;<\/span><\/a><\/p>\n","protected":false},"featured_media":88543,"template":"","meta":[],"product_cat":[8197],"product_tag":[],"yoast_head":"<!-- This site is optimized with the Yoast SEO plugin v21.0 - https:\/\/yoast.com\/wordpress\/plugins\/seo\/ -->\n<title>D\u0141UTO BRUZDOWNIK PRZECINAK KANA\u0141OWY SDS PLUS - BOBIMARKET.pl - Remontuj i urz\u0105dzaj z nami<\/title>\n<meta name=\"robots\" content=\"index, follow, max-snippet:-1, max-image-preview:large, max-video-preview:-1\" \/>\n<link rel=\"canonical\" href=\"https:\/\/bobimarket.pl\/index.php\/produkt\/dluto-bruzdownik-przecinak-kanalowy-sds-plus\/\" \/>\n<meta property=\"og:locale\" content=\"pl_PL\" \/>\n<meta property=\"og:type\" content=\"article\" \/>\n<meta property=\"og:title\" content=\"D\u0141UTO BRUZDOWNIK PRZECINAK KANA\u0141OWY SDS PLUS - BOBIMARKET.pl - Remontuj i urz\u0105dzaj z nami\" \/>\n<meta property=\"og:description\" content=\"D\u0141UTO BRUZDOWNIK\u00a0 PRZECINAK KANA\u0141OWY SDS PLUS Informacje og\u00f3lne: Rodzaj chwytu: SDS Plus Materia\u0142: stal stopowa hartowana Typ ko\u0144c\u00f3wki: kana\u0142owe D\u0142ugo\u015b\u0107 ca\u0142kowita: 25 cm Przydatny element wyposa\u017cenia Twojej skrzynki narz\u0119dziowej! Praktyczny przecinak kana\u0142owy wyposa\u017cony w ko\u0144c\u00f3wk\u0119 SDS+\/ Narz\u0119dzie zosta\u0142o wykonane ze stali stopowej 40\u0425 i jest dodatkowo hartowane. D\u0142uto jest wytrzyma\u0142e i odporne na uszkodzenia. Profil     Czytaj wi\u0119cej &quot;D\u0141UTO BRUZDOWNIK PRZECINAK KANA\u0141OWY SDS PLUS&quot;\" \/>\n<meta property=\"og:url\" content=\"https:\/\/bobimarket.pl\/index.php\/produkt\/dluto-bruzdownik-przecinak-kanalowy-sds-plus\/\" \/>\n<meta property=\"og:site_name\" content=\"BOBIMARKET.pl - Remontuj i urz\u0105dzaj z nami\" \/>\n<meta property=\"article:modified_time\" content=\"2025-02-27T15:06:48+00:00\" \/>\n<meta property=\"og:image\" content=\"https:\/\/upload.cdn.baselinker.com\/products\/14476\/fef3fab433ceb38efa4d03a4bf0460e3.jpg\" \/>\n<meta name=\"twitter:card\" content=\"summary_large_image\" \/>\n<meta name=\"twitter:label1\" content=\"Szacowany czas czytania\" \/>\n\t<meta name=\"twitter:data1\" content=\"1 minuta\" \/>\n<script type=\"application\/ld+json\" class=\"yoast-schema-graph\">{\"@context\":\"https:\/\/schema.org\",\"@graph\":[{\"@type\":\"WebPage\",\"@id\":\"https:\/\/bobimarket.pl\/index.php\/produkt\/dluto-bruzdownik-przecinak-kanalowy-sds-plus\/\",\"url\":\"https:\/\/bobimarket.pl\/index.php\/produkt\/dluto-bruzdownik-przecinak-kanalowy-sds-plus\/\",\"name\":\"D\u0141UTO BRUZDOWNIK PRZECINAK KANA\u0141OWY SDS PLUS - BOBIMARKET.pl - Remontuj i urz\u0105dzaj z nami\",\"isPartOf\":{\"@id\":\"https:\/\/bobimarket.pl\/#website\"},\"datePublished\":\"2023-08-30T02:15:22+00:00\",\"dateModified\":\"2025-02-27T15:06:48+00:00\",\"breadcrumb\":{\"@id\":\"https:\/\/bobimarket.pl\/index.php\/produkt\/dluto-bruzdownik-przecinak-kanalowy-sds-plus\/#breadcrumb\"},\"inLanguage\":\"pl-PL\",\"potentialAction\":[{\"@type\":\"ReadAction\",\"target\":[\"https:\/\/bobimarket.pl\/index.php\/produkt\/dluto-bruzdownik-przecinak-kanalowy-sds-plus\/\"]}]},{\"@type\":\"BreadcrumbList\",\"@id\":\"https:\/\/bobimarket.pl\/index.php\/produkt\/dluto-bruzdownik-przecinak-kanalowy-sds-plus\/#breadcrumb\",\"itemListElement\":[{\"@type\":\"ListItem\",\"position\":1,\"name\":\"Strona g\u0142\u00f3wna\",\"item\":\"https:\/\/bobimarket.pl\/\"},{\"@type\":\"ListItem\",\"position\":2,\"name\":\"Sklep\",\"item\":\"https:\/\/bobimarket.pl\/index.php\/shop\/\"},{\"@type\":\"ListItem\",\"position\":3,\"name\":\"D\u0141UTO BRUZDOWNIK PRZECINAK KANA\u0141OWY SDS PLUS\"}]},{\"@type\":\"WebSite\",\"@id\":\"https:\/\/bobimarket.pl\/#website\",\"url\":\"https:\/\/bobimarket.pl\/\",\"name\":\"BOBIMARKET.pl - Remontuj i urz\u0105dzaj z nami\",\"description\":\"Remontuj i urz\u0105dzaj z nami\",\"publisher\":{\"@id\":\"https:\/\/bobimarket.pl\/#organization\"},\"potentialAction\":[{\"@type\":\"SearchAction\",\"target\":{\"@type\":\"EntryPoint\",\"urlTemplate\":\"https:\/\/bobimarket.pl\/?s={search_term_string}\"},\"query-input\":\"required name=search_term_string\"}],\"inLanguage\":\"pl-PL\"},{\"@type\":\"Organization\",\"@id\":\"https:\/\/bobimarket.pl\/#organization\",\"name\":\"BOBIMARKET.pl\",\"url\":\"https:\/\/bobimarket.pl\/\",\"logo\":{\"@type\":\"ImageObject\",\"inLanguage\":\"pl-PL\",\"@id\":\"https:\/\/bobimarket.pl\/#\/schema\/logo\/image\/\",\"url\":\"https:\/\/bobimarket.pl\/wp-content\/uploads\/2021\/11\/slogan.png\",\"contentUrl\":\"https:\/\/bobimarket.pl\/wp-content\/uploads\/2021\/11\/slogan.png\",\"width\":2000,\"height\":384,\"caption\":\"BOBIMARKET.pl\"},\"image\":{\"@id\":\"https:\/\/bobimarket.pl\/#\/schema\/logo\/image\/\"}}]}<\/script>\n<!-- \/ Yoast SEO plugin. -->","yoast_head_json":{"title":"D\u0141UTO BRUZDOWNIK PRZECINAK KANA\u0141OWY SDS PLUS - BOBIMARKET.pl - Remontuj i urz\u0105dzaj z nami","robots":{"index":"index","follow":"follow","max-snippet":"max-snippet:-1","max-image-preview":"max-image-preview:large","max-video-preview":"max-video-preview:-1"},"canonical":"https:\/\/bobimarket.pl\/index.php\/produkt\/dluto-bruzdownik-przecinak-kanalowy-sds-plus\/","og_locale":"pl_PL","og_type":"article","og_title":"D\u0141UTO BRUZDOWNIK PRZECINAK KANA\u0141OWY SDS PLUS - BOBIMARKET.pl - Remontuj i urz\u0105dzaj z nami","og_description":"D\u0141UTO BRUZDOWNIK\u00a0 PRZECINAK KANA\u0141OWY SDS PLUS Informacje og\u00f3lne: Rodzaj chwytu: SDS Plus Materia\u0142: stal stopowa hartowana Typ ko\u0144c\u00f3wki: kana\u0142owe D\u0142ugo\u015b\u0107 ca\u0142kowita: 25 cm Przydatny element wyposa\u017cenia Twojej skrzynki narz\u0119dziowej! Praktyczny przecinak kana\u0142owy wyposa\u017cony w ko\u0144c\u00f3wk\u0119 SDS+\/ Narz\u0119dzie zosta\u0142o wykonane ze stali stopowej 40\u0425 i jest dodatkowo hartowane. D\u0142uto jest wytrzyma\u0142e i odporne na uszkodzenia. Profil     Czytaj wi\u0119cej \"D\u0141UTO BRUZDOWNIK PRZECINAK KANA\u0141OWY SDS PLUS\"","og_url":"https:\/\/bobimarket.pl\/index.php\/produkt\/dluto-bruzdownik-przecinak-kanalowy-sds-plus\/","og_site_name":"BOBIMARKET.pl - Remontuj i urz\u0105dzaj z nami","article_modified_time":"2025-02-27T15:06:48+00:00","og_image":[{"url":"https:\/\/upload.cdn.baselinker.com\/products\/14476\/fef3fab433ceb38efa4d03a4bf0460e3.jpg"}],"twitter_card":"summary_large_image","twitter_misc":{"Szacowany czas czytania":"1 minuta"},"schema":{"@context":"https:\/\/schema.org","@graph":[{"@type":"WebPage","@id":"https:\/\/bobimarket.pl\/index.php\/produkt\/dluto-bruzdownik-przecinak-kanalowy-sds-plus\/","url":"https:\/\/bobimarket.pl\/index.php\/produkt\/dluto-bruzdownik-przecinak-kanalowy-sds-plus\/","name":"D\u0141UTO BRUZDOWNIK PRZECINAK KANA\u0141OWY SDS PLUS - BOBIMARKET.pl - Remontuj i urz\u0105dzaj z nami","isPartOf":{"@id":"https:\/\/bobimarket.pl\/#website"},"datePublished":"2023-08-30T02:15:22+00:00","dateModified":"2025-02-27T15:06:48+00:00","breadcrumb":{"@id":"https:\/\/bobimarket.pl\/index.php\/produkt\/dluto-bruzdownik-przecinak-kanalowy-sds-plus\/#breadcrumb"},"inLanguage":"pl-PL","potentialAction":[{"@type":"ReadAction","target":["https:\/\/bobimarket.pl\/index.php\/produkt\/dluto-bruzdownik-przecinak-kanalowy-sds-plus\/"]}]},{"@type":"BreadcrumbList","@id":"https:\/\/bobimarket.pl\/index.php\/produkt\/dluto-bruzdownik-przecinak-kanalowy-sds-plus\/#breadcrumb","itemListElement":[{"@type":"ListItem","position":1,"name":"Strona g\u0142\u00f3wna","item":"https:\/\/bobimarket.pl\/"},{"@type":"ListItem","position":2,"name":"Sklep","item":"https:\/\/bobimarket.pl\/index.php\/shop\/"},{"@type":"ListItem","position":3,"name":"D\u0141UTO BRUZDOWNIK PRZECINAK KANA\u0141OWY SDS PLUS"}]},{"@type":"WebSite","@id":"https:\/\/bobimarket.pl\/#website","url":"https:\/\/bobimarket.pl\/","name":"BOBIMARKET.pl - Remontuj i urz\u0105dzaj z nami","description":"Remontuj i urz\u0105dzaj z nami","publisher":{"@id":"https:\/\/bobimarket.pl\/#organization"},"potentialAction":[{"@type":"SearchAction","target":{"@type":"EntryPoint","urlTemplate":"https:\/\/bobimarket.pl\/?s={search_term_string}"},"query-input":"required name=search_term_string"}],"inLanguage":"pl-PL"},{"@type":"Organization","@id":"https:\/\/bobimarket.pl\/#organization","name":"BOBIMARKET.pl","url":"https:\/\/bobimarket.pl\/","logo":{"@type":"ImageObject","inLanguage":"pl-PL","@id":"https:\/\/bobimarket.pl\/#\/schema\/logo\/image\/","url":"https:\/\/bobimarket.pl\/wp-content\/uploads\/2021\/11\/slogan.png","contentUrl":"https:\/\/bobimarket.pl\/wp-content\/uploads\/2021\/11\/slogan.png","width":2000,"height":384,"caption":"BOBIMARKET.pl"},"image":{"@id":"https:\/\/bobimarket.pl\/#\/schema\/logo\/image\/"}}]}},"_links":{"self":[{"href":"https:\/\/bobimarket.pl\/index.php\/wp-json\/wp\/v2\/product\/88549"}],"collection":[{"href":"https:\/\/bobimarket.pl\/index.php\/wp-json\/wp\/v2\/product"}],"about":[{"href":"https:\/\/bobimarket.pl\/index.php\/wp-json\/wp\/v2\/types\/product"}],"wp:featuredmedia":[{"embeddable":true,"href":"https:\/\/bobimarket.pl\/index.php\/wp-json\/wp\/v2\/media\/88543"}],"wp:attachment":[{"href":"https:\/\/bobimarket.pl\/index.php\/wp-json\/wp\/v2\/media?parent=88549"}],"wp:term":[{"taxonomy":"product_cat","embeddable":true,"href":"https:\/\/bobimarket.pl\/index.php\/wp-json\/wp\/v2\/product_cat?post=88549"},{"taxonomy":"product_tag","embeddable":true,"href":"https:\/\/bobimarket.pl\/index.php\/wp-json\/wp\/v2\/product_tag?post=88549"}],"curies":[{"name":"wp","href":"https:\/\/api.w.org\/{rel}","templated":true}]}}