{"id":88771,"date":"2023-08-30T02:27:34","date_gmt":"2023-08-30T02:27:34","guid":{"rendered":"https:\/\/bobimarket.pl\/index.php\/produkt\/linial-linika-przymiar-uchwyt-poziomica-600mm\/"},"modified":"2025-02-27T15:08:59","modified_gmt":"2025-02-27T15:08:59","slug":"linial-linika-przymiar-uchwyt-poziomica-600mm","status":"publish","type":"product","link":"https:\/\/bobimarket.pl\/index.php\/produkt\/linial-linika-przymiar-uchwyt-poziomica-600mm\/","title":{"rendered":"LINIA\u0141 LINIKA PRZYMIAR UCHWYT POZIOMICA  600mm"},"content":{"rendered":"<section class=\"section\">\n<div class=\"item item-6\">\n<section class=\"image-item\">\n            <img decoding=\"async\" src=\"https:\/\/upload.cdn.baselinker.com\/products\/14476\/f8d42d04f6065cb8243416992aa8be92.jpg\" \/><br \/>\n        <\/section>\n<\/p><\/div>\n<div class=\"item item-6\">\n<section class=\"text-item\">\n<h2>LINIA\u0141 LINIJKA PRZYMIAR UCHWYT POZIOMICA 600mm<\/h2>\n<p><b>Dane techniczne:<\/b><\/p>\n<ul>\n<li>D\u0142ugo\u015b\u0107: <b>60 cm<\/b><\/li>\n<li>Rodzaj libelli: <b> 2 x p\u0119cherzykowa <\/b><\/li>\n<li>Materia\u0142: <b>aluminium, plastikowy uchwyt <\/b><\/li>\n<\/ul>\n<\/section><\/div>\n<\/section>\n<section class=\"section\">\n<div class=\"item item-6\">\n<section class=\"image-item\">\n            <img decoding=\"async\" src=\"https:\/\/upload.cdn.baselinker.com\/products\/14476\/f8d42d04f6065cb8243416992aa8be92.jpg\" \/><br \/>\n        <\/section>\n<\/p><\/div>\n<div class=\"item item-6\">\n<section class=\"text-item\">\n<h2>Przydatny narz\u0119dzie na placu budowy!<\/h2>\n<p>Praktyczna linia\u0142 z poziomica i chwytem o d\u0142ugo\u015bci 600 mm. Podstawowym zadaniem narz\u0119dzia jest dok\u0142adne odczytywanie jak i nanoszenie pomiar\u00f3w. Dodatkowo pomo\u017ce w wyznaczaniu i <b>przenoszeniu poziomu lub pionu na dowoln\u0105 powierzchni\u0119. <\/b><\/p>\n<ul>\n<li>Linijka jest wykonana z aluminium<b> &#8211; <\/b>jest <b>lekka i por\u0119czna<\/b>. Dodatkowo materia\u0142 jest odporny na rdz\u0119.<\/li>\n<li>Wyposa\u017cona w <b>dwie libelle<\/b> oraz por\u0119czny plastikowy uchwyt.<\/li>\n<li>Linia\u0142 <b>posiada otw\u00f3r,<\/b> kt\u00f3ry umo\u017cliwia zawieszenie narz\u0119dzia na tablicy z narz\u0119dziami.<\/li>\n<\/ul>\n<\/section><\/div>\n<\/section>\n<section class=\"section\">\n<div class=\"item item-6\">\n<section class=\"image-item\">\n            <img decoding=\"async\" src=\"https:\/\/upload.cdn.baselinker.com\/products\/14476\/f8d42d04f6065cb8243416992aa8be92.jpg\" \/><br \/>\n        <\/section>\n<\/p><\/div>\n<div class=\"item item-6\">\n<section class=\"text-item\">\n<p>\u2705 <b>Zastosowanie:<\/b><\/p>\n<p>Linia\u0142 z poziomic\u0105\u00a0 jest przydatna w budownictwie oraz podczas wszelkich prac remontowych lub majsterkowaniu.<\/p>\n<ul>\n<li>Pozwala na precyzyjne wyznaczenie poziom\u00f3w p\u0142aszczyzn.<\/li>\n<li>Stosowana jest przy r\u00f3\u017cnego rodzaju pomiarach.<\/li>\n<li>Pomocna podczas wieszania obraz\u00f3w, monta\u017cu szafek lub malowania.<\/li>\n<li>Nadaje si\u0119 do wyznaczania punkt\u00f3w elektrycznych.<\/li>\n<\/ul>\n<\/section><\/div>\n<\/section>\n","protected":false},"excerpt":{"rendered":"<p>LINIA\u0141 LINIJKA PRZYMIAR UCHWYT POZIOMICA 600mm Dane techniczne: D\u0142ugo\u015b\u0107: 60 cm Rodzaj libelli: 2 x p\u0119cherzykowa Materia\u0142: aluminium, plastikowy uchwyt Przydatny narz\u0119dzie na placu budowy! Praktyczna linia\u0142 z poziomica i chwytem o d\u0142ugo\u015bci 600 mm. Podstawowym zadaniem narz\u0119dzia jest dok\u0142adne odczytywanie jak i nanoszenie pomiar\u00f3w. Dodatkowo pomo\u017ce w wyznaczaniu i przenoszeniu poziomu lub pionu na<br \/><a class=\"more-link\" href=\"https:\/\/bobimarket.pl\/index.php\/produkt\/linial-linika-przymiar-uchwyt-poziomica-600mm\/\"><br \/>\n        Czytaj wi\u0119cej<span class=\"screen-reader-text\"> &#8222;LINIA\u0141 LINIKA PRZYMIAR UCHWYT POZIOMICA  600mm&#8221;<\/span><\/a><\/p>\n","protected":false},"featured_media":88770,"template":"","meta":[],"product_cat":[8255],"product_tag":[],"yoast_head":"<!-- This site is optimized with the Yoast SEO plugin v21.0 - https:\/\/yoast.com\/wordpress\/plugins\/seo\/ -->\n<title>LINIA\u0141 LINIKA PRZYMIAR UCHWYT POZIOMICA 600mm - BOBIMARKET.pl - Remontuj i urz\u0105dzaj z nami<\/title>\n<meta name=\"robots\" content=\"index, follow, max-snippet:-1, max-image-preview:large, max-video-preview:-1\" \/>\n<link rel=\"canonical\" href=\"https:\/\/bobimarket.pl\/index.php\/produkt\/linial-linika-przymiar-uchwyt-poziomica-600mm\/\" \/>\n<meta property=\"og:locale\" content=\"pl_PL\" \/>\n<meta property=\"og:type\" content=\"article\" \/>\n<meta property=\"og:title\" content=\"LINIA\u0141 LINIKA PRZYMIAR UCHWYT POZIOMICA 600mm - BOBIMARKET.pl - Remontuj i urz\u0105dzaj z nami\" \/>\n<meta property=\"og:description\" content=\"LINIA\u0141 LINIJKA PRZYMIAR UCHWYT POZIOMICA 600mm Dane techniczne: D\u0142ugo\u015b\u0107: 60 cm Rodzaj libelli: 2 x p\u0119cherzykowa Materia\u0142: aluminium, plastikowy uchwyt Przydatny narz\u0119dzie na placu budowy! Praktyczna linia\u0142 z poziomica i chwytem o d\u0142ugo\u015bci 600 mm. Podstawowym zadaniem narz\u0119dzia jest dok\u0142adne odczytywanie jak i nanoszenie pomiar\u00f3w. Dodatkowo pomo\u017ce w wyznaczaniu i przenoszeniu poziomu lub pionu na     Czytaj wi\u0119cej &quot;LINIA\u0141 LINIKA PRZYMIAR UCHWYT POZIOMICA 600mm&quot;\" \/>\n<meta property=\"og:url\" content=\"https:\/\/bobimarket.pl\/index.php\/produkt\/linial-linika-przymiar-uchwyt-poziomica-600mm\/\" \/>\n<meta property=\"og:site_name\" content=\"BOBIMARKET.pl - Remontuj i urz\u0105dzaj z nami\" \/>\n<meta property=\"article:modified_time\" content=\"2025-02-27T15:08:59+00:00\" \/>\n<meta property=\"og:image\" content=\"https:\/\/upload.cdn.baselinker.com\/products\/14476\/f8d42d04f6065cb8243416992aa8be92.jpg\" \/>\n<meta name=\"twitter:card\" content=\"summary_large_image\" \/>\n<meta name=\"twitter:label1\" content=\"Szacowany czas czytania\" \/>\n\t<meta name=\"twitter:data1\" content=\"1 minuta\" \/>\n<script type=\"application\/ld+json\" class=\"yoast-schema-graph\">{\"@context\":\"https:\/\/schema.org\",\"@graph\":[{\"@type\":\"WebPage\",\"@id\":\"https:\/\/bobimarket.pl\/index.php\/produkt\/linial-linika-przymiar-uchwyt-poziomica-600mm\/\",\"url\":\"https:\/\/bobimarket.pl\/index.php\/produkt\/linial-linika-przymiar-uchwyt-poziomica-600mm\/\",\"name\":\"LINIA\u0141 LINIKA PRZYMIAR UCHWYT POZIOMICA 600mm - BOBIMARKET.pl - Remontuj i urz\u0105dzaj z nami\",\"isPartOf\":{\"@id\":\"https:\/\/bobimarket.pl\/#website\"},\"datePublished\":\"2023-08-30T02:27:34+00:00\",\"dateModified\":\"2025-02-27T15:08:59+00:00\",\"breadcrumb\":{\"@id\":\"https:\/\/bobimarket.pl\/index.php\/produkt\/linial-linika-przymiar-uchwyt-poziomica-600mm\/#breadcrumb\"},\"inLanguage\":\"pl-PL\",\"potentialAction\":[{\"@type\":\"ReadAction\",\"target\":[\"https:\/\/bobimarket.pl\/index.php\/produkt\/linial-linika-przymiar-uchwyt-poziomica-600mm\/\"]}]},{\"@type\":\"BreadcrumbList\",\"@id\":\"https:\/\/bobimarket.pl\/index.php\/produkt\/linial-linika-przymiar-uchwyt-poziomica-600mm\/#breadcrumb\",\"itemListElement\":[{\"@type\":\"ListItem\",\"position\":1,\"name\":\"Strona g\u0142\u00f3wna\",\"item\":\"https:\/\/bobimarket.pl\/\"},{\"@type\":\"ListItem\",\"position\":2,\"name\":\"Sklep\",\"item\":\"https:\/\/bobimarket.pl\/index.php\/shop\/\"},{\"@type\":\"ListItem\",\"position\":3,\"name\":\"LINIA\u0141 LINIKA PRZYMIAR UCHWYT POZIOMICA 600mm\"}]},{\"@type\":\"WebSite\",\"@id\":\"https:\/\/bobimarket.pl\/#website\",\"url\":\"https:\/\/bobimarket.pl\/\",\"name\":\"BOBIMARKET.pl - Remontuj i urz\u0105dzaj z nami\",\"description\":\"Remontuj i urz\u0105dzaj z nami\",\"publisher\":{\"@id\":\"https:\/\/bobimarket.pl\/#organization\"},\"potentialAction\":[{\"@type\":\"SearchAction\",\"target\":{\"@type\":\"EntryPoint\",\"urlTemplate\":\"https:\/\/bobimarket.pl\/?s={search_term_string}\"},\"query-input\":\"required name=search_term_string\"}],\"inLanguage\":\"pl-PL\"},{\"@type\":\"Organization\",\"@id\":\"https:\/\/bobimarket.pl\/#organization\",\"name\":\"BOBIMARKET.pl\",\"url\":\"https:\/\/bobimarket.pl\/\",\"logo\":{\"@type\":\"ImageObject\",\"inLanguage\":\"pl-PL\",\"@id\":\"https:\/\/bobimarket.pl\/#\/schema\/logo\/image\/\",\"url\":\"https:\/\/bobimarket.pl\/wp-content\/uploads\/2021\/11\/slogan.png\",\"contentUrl\":\"https:\/\/bobimarket.pl\/wp-content\/uploads\/2021\/11\/slogan.png\",\"width\":2000,\"height\":384,\"caption\":\"BOBIMARKET.pl\"},\"image\":{\"@id\":\"https:\/\/bobimarket.pl\/#\/schema\/logo\/image\/\"}}]}<\/script>\n<!-- \/ Yoast SEO plugin. -->","yoast_head_json":{"title":"LINIA\u0141 LINIKA PRZYMIAR UCHWYT POZIOMICA 600mm - BOBIMARKET.pl - Remontuj i urz\u0105dzaj z nami","robots":{"index":"index","follow":"follow","max-snippet":"max-snippet:-1","max-image-preview":"max-image-preview:large","max-video-preview":"max-video-preview:-1"},"canonical":"https:\/\/bobimarket.pl\/index.php\/produkt\/linial-linika-przymiar-uchwyt-poziomica-600mm\/","og_locale":"pl_PL","og_type":"article","og_title":"LINIA\u0141 LINIKA PRZYMIAR UCHWYT POZIOMICA 600mm - BOBIMARKET.pl - Remontuj i urz\u0105dzaj z nami","og_description":"LINIA\u0141 LINIJKA PRZYMIAR UCHWYT POZIOMICA 600mm Dane techniczne: D\u0142ugo\u015b\u0107: 60 cm Rodzaj libelli: 2 x p\u0119cherzykowa Materia\u0142: aluminium, plastikowy uchwyt Przydatny narz\u0119dzie na placu budowy! Praktyczna linia\u0142 z poziomica i chwytem o d\u0142ugo\u015bci 600 mm. Podstawowym zadaniem narz\u0119dzia jest dok\u0142adne odczytywanie jak i nanoszenie pomiar\u00f3w. Dodatkowo pomo\u017ce w wyznaczaniu i przenoszeniu poziomu lub pionu na     Czytaj wi\u0119cej \"LINIA\u0141 LINIKA PRZYMIAR UCHWYT POZIOMICA 600mm\"","og_url":"https:\/\/bobimarket.pl\/index.php\/produkt\/linial-linika-przymiar-uchwyt-poziomica-600mm\/","og_site_name":"BOBIMARKET.pl - Remontuj i urz\u0105dzaj z nami","article_modified_time":"2025-02-27T15:08:59+00:00","og_image":[{"url":"https:\/\/upload.cdn.baselinker.com\/products\/14476\/f8d42d04f6065cb8243416992aa8be92.jpg"}],"twitter_card":"summary_large_image","twitter_misc":{"Szacowany czas czytania":"1 minuta"},"schema":{"@context":"https:\/\/schema.org","@graph":[{"@type":"WebPage","@id":"https:\/\/bobimarket.pl\/index.php\/produkt\/linial-linika-przymiar-uchwyt-poziomica-600mm\/","url":"https:\/\/bobimarket.pl\/index.php\/produkt\/linial-linika-przymiar-uchwyt-poziomica-600mm\/","name":"LINIA\u0141 LINIKA PRZYMIAR UCHWYT POZIOMICA 600mm - BOBIMARKET.pl - Remontuj i urz\u0105dzaj z nami","isPartOf":{"@id":"https:\/\/bobimarket.pl\/#website"},"datePublished":"2023-08-30T02:27:34+00:00","dateModified":"2025-02-27T15:08:59+00:00","breadcrumb":{"@id":"https:\/\/bobimarket.pl\/index.php\/produkt\/linial-linika-przymiar-uchwyt-poziomica-600mm\/#breadcrumb"},"inLanguage":"pl-PL","potentialAction":[{"@type":"ReadAction","target":["https:\/\/bobimarket.pl\/index.php\/produkt\/linial-linika-przymiar-uchwyt-poziomica-600mm\/"]}]},{"@type":"BreadcrumbList","@id":"https:\/\/bobimarket.pl\/index.php\/produkt\/linial-linika-przymiar-uchwyt-poziomica-600mm\/#breadcrumb","itemListElement":[{"@type":"ListItem","position":1,"name":"Strona g\u0142\u00f3wna","item":"https:\/\/bobimarket.pl\/"},{"@type":"ListItem","position":2,"name":"Sklep","item":"https:\/\/bobimarket.pl\/index.php\/shop\/"},{"@type":"ListItem","position":3,"name":"LINIA\u0141 LINIKA PRZYMIAR UCHWYT POZIOMICA 600mm"}]},{"@type":"WebSite","@id":"https:\/\/bobimarket.pl\/#website","url":"https:\/\/bobimarket.pl\/","name":"BOBIMARKET.pl - Remontuj i urz\u0105dzaj z nami","description":"Remontuj i urz\u0105dzaj z nami","publisher":{"@id":"https:\/\/bobimarket.pl\/#organization"},"potentialAction":[{"@type":"SearchAction","target":{"@type":"EntryPoint","urlTemplate":"https:\/\/bobimarket.pl\/?s={search_term_string}"},"query-input":"required name=search_term_string"}],"inLanguage":"pl-PL"},{"@type":"Organization","@id":"https:\/\/bobimarket.pl\/#organization","name":"BOBIMARKET.pl","url":"https:\/\/bobimarket.pl\/","logo":{"@type":"ImageObject","inLanguage":"pl-PL","@id":"https:\/\/bobimarket.pl\/#\/schema\/logo\/image\/","url":"https:\/\/bobimarket.pl\/wp-content\/uploads\/2021\/11\/slogan.png","contentUrl":"https:\/\/bobimarket.pl\/wp-content\/uploads\/2021\/11\/slogan.png","width":2000,"height":384,"caption":"BOBIMARKET.pl"},"image":{"@id":"https:\/\/bobimarket.pl\/#\/schema\/logo\/image\/"}}]}},"_links":{"self":[{"href":"https:\/\/bobimarket.pl\/index.php\/wp-json\/wp\/v2\/product\/88771"}],"collection":[{"href":"https:\/\/bobimarket.pl\/index.php\/wp-json\/wp\/v2\/product"}],"about":[{"href":"https:\/\/bobimarket.pl\/index.php\/wp-json\/wp\/v2\/types\/product"}],"wp:featuredmedia":[{"embeddable":true,"href":"https:\/\/bobimarket.pl\/index.php\/wp-json\/wp\/v2\/media\/88770"}],"wp:attachment":[{"href":"https:\/\/bobimarket.pl\/index.php\/wp-json\/wp\/v2\/media?parent=88771"}],"wp:term":[{"taxonomy":"product_cat","embeddable":true,"href":"https:\/\/bobimarket.pl\/index.php\/wp-json\/wp\/v2\/product_cat?post=88771"},{"taxonomy":"product_tag","embeddable":true,"href":"https:\/\/bobimarket.pl\/index.php\/wp-json\/wp\/v2\/product_tag?post=88771"}],"curies":[{"name":"wp","href":"https:\/\/api.w.org\/{rel}","templated":true}]}}