{"id":88816,"date":"2023-08-30T02:30:36","date_gmt":"2023-08-30T02:30:36","guid":{"rendered":"https:\/\/bobimarket.pl\/index.php\/produkt\/lutlampa-palnik-gazowy-lampa-lutownicza-360\/"},"modified":"2025-02-27T15:09:49","modified_gmt":"2025-02-27T15:09:49","slug":"lutlampa-palnik-gazowy-lampa-lutownicza-360","status":"publish","type":"product","link":"https:\/\/bobimarket.pl\/index.php\/produkt\/lutlampa-palnik-gazowy-lampa-lutownicza-360\/","title":{"rendered":"LUTLAMPA PALNIK GAZOWY LAMPA LUTOWNICZA 360\u00b0"},"content":{"rendered":"<section class=\"section\">\n<div class=\"item item-6\">\n<section class=\"image-item\">\n                <img decoding=\"async\" src=\"https:\/\/upload.cdn.baselinker.com\/products\/14476\/90249bd847234be3992219d89cdadae7.jpg\" \/><br \/>\n            <\/section>\n<\/p><\/div>\n<div class=\"item item-6\">\n<section class=\"text-item\">\n<h2>LUTLAMPA PALNIK GAZOWY LAMPA LUTOWNICZA 360\u00b0<\/h2>\n<p><b>Dane techniczne:<\/b><\/p>\n<ul>\n<li>Zu\u017cycie gazu: 95g\/h<\/li>\n<li>Moc: 1,3 kW<\/li>\n<li>Max temperatura: 1200 \u00b0C<\/li>\n<li>Wymienne kartusze: 190g<\/li>\n<li>Gaz zasilajacy: butan<\/li>\n<\/ul>\n<p><b>Gotowy zestaw do u\u017cycia :<\/b><\/p>\n<ol>\n<li>Palnik<\/li>\n<li>Nab\u00f3j<b> 1szt<\/b><\/li>\n<\/ol>\n<\/section><\/div>\n<\/section>\n<section class=\"section\">\n<div class=\"item item-6\">\n<section class=\"image-item\">\n                <img decoding=\"async\" src=\"https:\/\/upload.cdn.baselinker.com\/products\/14476\/609c8ff27f58f0d4c66ffafd674bc270.jpg\" \/><br \/>\n            <\/section>\n<\/p><\/div>\n<div class=\"item item-6\">\n<section class=\"text-item\">\n<h2>Praktyczny i wielofunkcyjny palnik gazowy!<\/h2>\n<p>Palnik gazowy\/lutlampa z zap\u0142onem piezo.\u00a0 Do palnika nale\u017cy stosowa\u0107 wymienne naboje &#8211; kartusze uniwersalne butan 190 g. Tym co zdecydowanie wyr\u00f3\u017cnia palnik jest mo\u017cliwo\u015b\u0107 pracy pod k\u0105tem 360\u00b0 &#8211; mo\u017cna go u\u017cywa\u0107 w ka\u017cdej pozycji.<\/p>\n<ul>\n<li>Mo\u017cliwo\u015b\u0107 regulacja wielko\u015bci p\u0142omienia.<\/li>\n<li>Wymienne naboje, kt\u00f3re nie wymagaj\u0105 samodzielnego nape\u0142nienie zbiornika gazem.<\/li>\n<li>\u0141atwy w obs\u0142udze, zap\u0142on piezo\u00a0 wytwarza iskr\u0119 elektryczna po naci\u015bni\u0119ciu w\u0142\u0105cznika.<\/li>\n<li>Dodatkowo palnik posiada gumowan\u0105 r\u0105czk\u0119, poprawiaj\u0105c\u0105 chwyt oraz gumowan\u0105 podstawk\u0119 poprawiaj\u0105c\u0105 stabilno\u015b\u0107 urz\u0105dzenia na \u015bliskich powierzchniach.<\/li>\n<\/ul>\n<\/section><\/div>\n<\/section>\n<section class=\"section\">\n<div class=\"item item-6\">\n<section class=\"image-item\">\n                <img decoding=\"async\" src=\"https:\/\/upload.cdn.baselinker.com\/products\/14476\/768b42c1333f48572e8d988ebe713971.jpg\" \/><br \/>\n            <\/section>\n<\/p><\/div>\n<div class=\"item item-6\">\n<section class=\"text-item\">\n<p>\u2705<b>\u00a0Zastosowanie:<\/b><\/p>\n<p>Palnik to wielofunkcyjny i przydatny element wyposa\u017cenia przydomowego warsztatu i nie tylko. Mo\u017cna go wykorzysta\u0107:<\/p>\n<p>&#8211; do opalania niewielkich powierzchni drewnianych i metalowych,<\/p>\n<p>&#8211; gi\u0119cia, zgrzewania i formowania na ciep\u0142o,<\/p>\n<p>&#8211; odkr\u0119cania zapieczonych \u015brub,<\/p>\n<p>&#8211; obkurczania materia\u0142\u00f3w termokurczliwych<\/p>\n<p>&#8211; rozpalania komink\u00f3w, grilli i piec\u00f3w czy podgrzewania i rozmra\u017cania.<\/p>\n<\/section><\/div>\n<\/section>\n<section class=\"section\">\n<div class=\"item item-6\">\n<section class=\"image-item\">\n                <img decoding=\"async\" src=\"https:\/\/upload.cdn.baselinker.com\/products\/14476\/c04e7bac2610d037fbce4bf7c3fc91ef.jpg\" \/><br \/>\n            <\/section>\n<\/p><\/div>\n<div class=\"item item-6\">\n<section class=\"text-item\">\n<h2>NAB\u00d3J KARTUSZ<\/h2>\n<ul>\n<li>Sk\u0142ad:\u00a0<b>Propan-Butan<\/b><\/li>\n<li>Waga:\u00a0<b>190g<\/b>\u00a0NETTO<\/li>\n<li>Wysoko\u015b\u0107:\u00a0<b>8,5cm<\/b><\/li>\n<li>\u015arednica:\u00a0<b>9cm<\/b><\/li>\n<li>Zasobnik zgodny z norm\u0105:\u00a0<b>EN521<\/b><\/li>\n<li>Pojemnik zgodny z norma:\u00a0<b>EN417<\/b><\/li>\n<li>Posiada atest\u00a0<b>TUV\u00a0<\/b>oraz<b>\u00a0ISO 9001<\/b><\/li>\n<\/ul>\n<\/section><\/div>\n<\/section>\n<section class=\"section\">\n<div class=\"item item-6\">\n<section class=\"image-item\">\n                <img decoding=\"async\" src=\"https:\/\/upload.cdn.baselinker.com\/products\/14476\/609c8ff27f58f0d4c66ffafd674bc270.jpg\" \/><br \/>\n            <\/section>\n<\/p><\/div>\n<div class=\"item item-6\">\n<section class=\"image-item\">\n                <img decoding=\"async\" src=\"https:\/\/upload.cdn.baselinker.com\/products\/14476\/768b42c1333f48572e8d988ebe713971.jpg\" \/><br \/>\n            <\/section>\n<\/p><\/div>\n<\/section>\n<section class=\"section\">\n<div class=\"item item-6\">\n<section class=\"image-item\">\n                <img decoding=\"async\" src=\"https:\/\/upload.cdn.baselinker.com\/products\/14476\/6a0911e887c35abd09a48370f03a2861.jpg\" \/><br \/>\n            <\/section>\n<\/p><\/div>\n<div class=\"item item-6\">\n<section class=\"image-item\">\n                <img decoding=\"async\" src=\"https:\/\/upload.cdn.baselinker.com\/products\/14476\/ca25fbe0b32145a5a1faca2c0750736d.jpg\" \/><br \/>\n            <\/section>\n<\/p><\/div>\n<\/section>\n","protected":false},"excerpt":{"rendered":"<p>LUTLAMPA PALNIK GAZOWY LAMPA LUTOWNICZA 360\u00b0 Dane techniczne: Zu\u017cycie gazu: 95g\/h Moc: 1,3 kW Max temperatura: 1200 \u00b0C Wymienne kartusze: 190g Gaz zasilajacy: butan Gotowy zestaw do u\u017cycia : Palnik Nab\u00f3j 1szt Praktyczny i wielofunkcyjny palnik gazowy! Palnik gazowy\/lutlampa z zap\u0142onem piezo.\u00a0 Do palnika nale\u017cy stosowa\u0107 wymienne naboje &#8211; kartusze uniwersalne butan 190 g. Tym<br \/><a class=\"more-link\" href=\"https:\/\/bobimarket.pl\/index.php\/produkt\/lutlampa-palnik-gazowy-lampa-lutownicza-360\/\"><br \/>\n        Czytaj wi\u0119cej<span class=\"screen-reader-text\"> &#8222;LUTLAMPA PALNIK GAZOWY LAMPA LUTOWNICZA 360\u00b0&#8221;<\/span><\/a><\/p>\n","protected":false},"featured_media":88810,"template":"","meta":[],"product_cat":[8148],"product_tag":[],"yoast_head":"<!-- This site is optimized with the Yoast SEO plugin v21.0 - https:\/\/yoast.com\/wordpress\/plugins\/seo\/ -->\n<title>LUTLAMPA PALNIK GAZOWY LAMPA LUTOWNICZA 360\u00b0 - BOBIMARKET.pl - Remontuj i urz\u0105dzaj z nami<\/title>\n<meta name=\"robots\" content=\"index, follow, max-snippet:-1, max-image-preview:large, max-video-preview:-1\" \/>\n<link rel=\"canonical\" href=\"https:\/\/bobimarket.pl\/index.php\/produkt\/lutlampa-palnik-gazowy-lampa-lutownicza-360\/\" \/>\n<meta property=\"og:locale\" content=\"pl_PL\" \/>\n<meta property=\"og:type\" content=\"article\" \/>\n<meta property=\"og:title\" content=\"LUTLAMPA PALNIK GAZOWY LAMPA LUTOWNICZA 360\u00b0 - BOBIMARKET.pl - Remontuj i urz\u0105dzaj z nami\" \/>\n<meta property=\"og:description\" content=\"LUTLAMPA PALNIK GAZOWY LAMPA LUTOWNICZA 360\u00b0 Dane techniczne: Zu\u017cycie gazu: 95g\/h Moc: 1,3 kW Max temperatura: 1200 \u00b0C Wymienne kartusze: 190g Gaz zasilajacy: butan Gotowy zestaw do u\u017cycia : Palnik Nab\u00f3j 1szt Praktyczny i wielofunkcyjny palnik gazowy! Palnik gazowy\/lutlampa z zap\u0142onem piezo.\u00a0 Do palnika nale\u017cy stosowa\u0107 wymienne naboje &#8211; kartusze uniwersalne butan 190 g. Tym     Czytaj wi\u0119cej &quot;LUTLAMPA PALNIK GAZOWY LAMPA LUTOWNICZA 360\u00b0&quot;\" \/>\n<meta property=\"og:url\" content=\"https:\/\/bobimarket.pl\/index.php\/produkt\/lutlampa-palnik-gazowy-lampa-lutownicza-360\/\" \/>\n<meta property=\"og:site_name\" content=\"BOBIMARKET.pl - Remontuj i urz\u0105dzaj z nami\" \/>\n<meta property=\"article:modified_time\" content=\"2025-02-27T15:09:49+00:00\" \/>\n<meta property=\"og:image\" content=\"https:\/\/upload.cdn.baselinker.com\/products\/14476\/90249bd847234be3992219d89cdadae7.jpg\" \/>\n<meta name=\"twitter:card\" content=\"summary_large_image\" \/>\n<meta name=\"twitter:label1\" content=\"Szacowany czas czytania\" \/>\n\t<meta name=\"twitter:data1\" content=\"1 minuta\" \/>\n<script type=\"application\/ld+json\" class=\"yoast-schema-graph\">{\"@context\":\"https:\/\/schema.org\",\"@graph\":[{\"@type\":\"WebPage\",\"@id\":\"https:\/\/bobimarket.pl\/index.php\/produkt\/lutlampa-palnik-gazowy-lampa-lutownicza-360\/\",\"url\":\"https:\/\/bobimarket.pl\/index.php\/produkt\/lutlampa-palnik-gazowy-lampa-lutownicza-360\/\",\"name\":\"LUTLAMPA PALNIK GAZOWY LAMPA LUTOWNICZA 360\u00b0 - BOBIMARKET.pl - Remontuj i urz\u0105dzaj z nami\",\"isPartOf\":{\"@id\":\"https:\/\/bobimarket.pl\/#website\"},\"datePublished\":\"2023-08-30T02:30:36+00:00\",\"dateModified\":\"2025-02-27T15:09:49+00:00\",\"breadcrumb\":{\"@id\":\"https:\/\/bobimarket.pl\/index.php\/produkt\/lutlampa-palnik-gazowy-lampa-lutownicza-360\/#breadcrumb\"},\"inLanguage\":\"pl-PL\",\"potentialAction\":[{\"@type\":\"ReadAction\",\"target\":[\"https:\/\/bobimarket.pl\/index.php\/produkt\/lutlampa-palnik-gazowy-lampa-lutownicza-360\/\"]}]},{\"@type\":\"BreadcrumbList\",\"@id\":\"https:\/\/bobimarket.pl\/index.php\/produkt\/lutlampa-palnik-gazowy-lampa-lutownicza-360\/#breadcrumb\",\"itemListElement\":[{\"@type\":\"ListItem\",\"position\":1,\"name\":\"Strona g\u0142\u00f3wna\",\"item\":\"https:\/\/bobimarket.pl\/\"},{\"@type\":\"ListItem\",\"position\":2,\"name\":\"Sklep\",\"item\":\"https:\/\/bobimarket.pl\/index.php\/shop\/\"},{\"@type\":\"ListItem\",\"position\":3,\"name\":\"LUTLAMPA PALNIK GAZOWY LAMPA LUTOWNICZA 360\u00b0\"}]},{\"@type\":\"WebSite\",\"@id\":\"https:\/\/bobimarket.pl\/#website\",\"url\":\"https:\/\/bobimarket.pl\/\",\"name\":\"BOBIMARKET.pl - Remontuj i urz\u0105dzaj z nami\",\"description\":\"Remontuj i urz\u0105dzaj z nami\",\"publisher\":{\"@id\":\"https:\/\/bobimarket.pl\/#organization\"},\"potentialAction\":[{\"@type\":\"SearchAction\",\"target\":{\"@type\":\"EntryPoint\",\"urlTemplate\":\"https:\/\/bobimarket.pl\/?s={search_term_string}\"},\"query-input\":\"required name=search_term_string\"}],\"inLanguage\":\"pl-PL\"},{\"@type\":\"Organization\",\"@id\":\"https:\/\/bobimarket.pl\/#organization\",\"name\":\"BOBIMARKET.pl\",\"url\":\"https:\/\/bobimarket.pl\/\",\"logo\":{\"@type\":\"ImageObject\",\"inLanguage\":\"pl-PL\",\"@id\":\"https:\/\/bobimarket.pl\/#\/schema\/logo\/image\/\",\"url\":\"https:\/\/bobimarket.pl\/wp-content\/uploads\/2021\/11\/slogan.png\",\"contentUrl\":\"https:\/\/bobimarket.pl\/wp-content\/uploads\/2021\/11\/slogan.png\",\"width\":2000,\"height\":384,\"caption\":\"BOBIMARKET.pl\"},\"image\":{\"@id\":\"https:\/\/bobimarket.pl\/#\/schema\/logo\/image\/\"}}]}<\/script>\n<!-- \/ Yoast SEO plugin. -->","yoast_head_json":{"title":"LUTLAMPA PALNIK GAZOWY LAMPA LUTOWNICZA 360\u00b0 - BOBIMARKET.pl - Remontuj i urz\u0105dzaj z nami","robots":{"index":"index","follow":"follow","max-snippet":"max-snippet:-1","max-image-preview":"max-image-preview:large","max-video-preview":"max-video-preview:-1"},"canonical":"https:\/\/bobimarket.pl\/index.php\/produkt\/lutlampa-palnik-gazowy-lampa-lutownicza-360\/","og_locale":"pl_PL","og_type":"article","og_title":"LUTLAMPA PALNIK GAZOWY LAMPA LUTOWNICZA 360\u00b0 - BOBIMARKET.pl - Remontuj i urz\u0105dzaj z nami","og_description":"LUTLAMPA PALNIK GAZOWY LAMPA LUTOWNICZA 360\u00b0 Dane techniczne: Zu\u017cycie gazu: 95g\/h Moc: 1,3 kW Max temperatura: 1200 \u00b0C Wymienne kartusze: 190g Gaz zasilajacy: butan Gotowy zestaw do u\u017cycia : Palnik Nab\u00f3j 1szt Praktyczny i wielofunkcyjny palnik gazowy! Palnik gazowy\/lutlampa z zap\u0142onem piezo.\u00a0 Do palnika nale\u017cy stosowa\u0107 wymienne naboje &#8211; kartusze uniwersalne butan 190 g. Tym     Czytaj wi\u0119cej \"LUTLAMPA PALNIK GAZOWY LAMPA LUTOWNICZA 360\u00b0\"","og_url":"https:\/\/bobimarket.pl\/index.php\/produkt\/lutlampa-palnik-gazowy-lampa-lutownicza-360\/","og_site_name":"BOBIMARKET.pl - Remontuj i urz\u0105dzaj z nami","article_modified_time":"2025-02-27T15:09:49+00:00","og_image":[{"url":"https:\/\/upload.cdn.baselinker.com\/products\/14476\/90249bd847234be3992219d89cdadae7.jpg"}],"twitter_card":"summary_large_image","twitter_misc":{"Szacowany czas czytania":"1 minuta"},"schema":{"@context":"https:\/\/schema.org","@graph":[{"@type":"WebPage","@id":"https:\/\/bobimarket.pl\/index.php\/produkt\/lutlampa-palnik-gazowy-lampa-lutownicza-360\/","url":"https:\/\/bobimarket.pl\/index.php\/produkt\/lutlampa-palnik-gazowy-lampa-lutownicza-360\/","name":"LUTLAMPA PALNIK GAZOWY LAMPA LUTOWNICZA 360\u00b0 - BOBIMARKET.pl - Remontuj i urz\u0105dzaj z nami","isPartOf":{"@id":"https:\/\/bobimarket.pl\/#website"},"datePublished":"2023-08-30T02:30:36+00:00","dateModified":"2025-02-27T15:09:49+00:00","breadcrumb":{"@id":"https:\/\/bobimarket.pl\/index.php\/produkt\/lutlampa-palnik-gazowy-lampa-lutownicza-360\/#breadcrumb"},"inLanguage":"pl-PL","potentialAction":[{"@type":"ReadAction","target":["https:\/\/bobimarket.pl\/index.php\/produkt\/lutlampa-palnik-gazowy-lampa-lutownicza-360\/"]}]},{"@type":"BreadcrumbList","@id":"https:\/\/bobimarket.pl\/index.php\/produkt\/lutlampa-palnik-gazowy-lampa-lutownicza-360\/#breadcrumb","itemListElement":[{"@type":"ListItem","position":1,"name":"Strona g\u0142\u00f3wna","item":"https:\/\/bobimarket.pl\/"},{"@type":"ListItem","position":2,"name":"Sklep","item":"https:\/\/bobimarket.pl\/index.php\/shop\/"},{"@type":"ListItem","position":3,"name":"LUTLAMPA PALNIK GAZOWY LAMPA LUTOWNICZA 360\u00b0"}]},{"@type":"WebSite","@id":"https:\/\/bobimarket.pl\/#website","url":"https:\/\/bobimarket.pl\/","name":"BOBIMARKET.pl - Remontuj i urz\u0105dzaj z nami","description":"Remontuj i urz\u0105dzaj z nami","publisher":{"@id":"https:\/\/bobimarket.pl\/#organization"},"potentialAction":[{"@type":"SearchAction","target":{"@type":"EntryPoint","urlTemplate":"https:\/\/bobimarket.pl\/?s={search_term_string}"},"query-input":"required name=search_term_string"}],"inLanguage":"pl-PL"},{"@type":"Organization","@id":"https:\/\/bobimarket.pl\/#organization","name":"BOBIMARKET.pl","url":"https:\/\/bobimarket.pl\/","logo":{"@type":"ImageObject","inLanguage":"pl-PL","@id":"https:\/\/bobimarket.pl\/#\/schema\/logo\/image\/","url":"https:\/\/bobimarket.pl\/wp-content\/uploads\/2021\/11\/slogan.png","contentUrl":"https:\/\/bobimarket.pl\/wp-content\/uploads\/2021\/11\/slogan.png","width":2000,"height":384,"caption":"BOBIMARKET.pl"},"image":{"@id":"https:\/\/bobimarket.pl\/#\/schema\/logo\/image\/"}}]}},"_links":{"self":[{"href":"https:\/\/bobimarket.pl\/index.php\/wp-json\/wp\/v2\/product\/88816"}],"collection":[{"href":"https:\/\/bobimarket.pl\/index.php\/wp-json\/wp\/v2\/product"}],"about":[{"href":"https:\/\/bobimarket.pl\/index.php\/wp-json\/wp\/v2\/types\/product"}],"wp:featuredmedia":[{"embeddable":true,"href":"https:\/\/bobimarket.pl\/index.php\/wp-json\/wp\/v2\/media\/88810"}],"wp:attachment":[{"href":"https:\/\/bobimarket.pl\/index.php\/wp-json\/wp\/v2\/media?parent=88816"}],"wp:term":[{"taxonomy":"product_cat","embeddable":true,"href":"https:\/\/bobimarket.pl\/index.php\/wp-json\/wp\/v2\/product_cat?post=88816"},{"taxonomy":"product_tag","embeddable":true,"href":"https:\/\/bobimarket.pl\/index.php\/wp-json\/wp\/v2\/product_tag?post=88816"}],"curies":[{"name":"wp","href":"https:\/\/api.w.org\/{rel}","templated":true}]}}