{"id":88857,"date":"2023-08-30T02:32:46","date_gmt":"2023-08-30T02:32:46","guid":{"rendered":"https:\/\/bobimarket.pl\/index.php\/produkt\/slonecznik-ogrodowy-jadalny-smaczny-nasiona-bez-gmo\/"},"modified":"2025-02-27T15:10:20","modified_gmt":"2025-02-27T15:10:20","slug":"slonecznik-ogrodowy-jadalny-smaczny-nasiona-bez-gmo","status":"publish","type":"product","link":"https:\/\/bobimarket.pl\/index.php\/produkt\/slonecznik-ogrodowy-jadalny-smaczny-nasiona-bez-gmo\/","title":{"rendered":"S\u0141ONECZNIK OGRODOWY JADALNY SMACZNY NASIONA BEZ GMO"},"content":{"rendered":"<section class=\"section\">\n<div class=\"item item-12\">\n<section class=\"text-item\">\n<h2>S\u0141ONECZNIK OGRODOWY JADALNY SMACZNY NASIONA BEZ GMO<\/h2>\n<p><b>\u2705 Dane og\u00f3lne:<\/b><\/p>\n<ul>\n<li>Rodzaj:<b> s\u0142onecznik ogrodowy <\/b><\/li>\n<li>Waga opakowania: <b>15g<\/b><\/li>\n<\/ul>\n<p><b>\u2705 Terminy wysiewu\/zbioru:<\/b><\/p>\n<ul>\n<li>Liczba nasion: <b>9-12 szt. w gramie<\/b><\/li>\n<li>Norma wysiewu: <b>15-20 kg\/ha<\/b><\/li>\n<li>Termin wysiewu: <b>2-3 dekada IV-2 dekada V<\/b><\/li>\n<li>Rozstawa:<b> 50 x 60 cm<\/b><\/li>\n<li>Wegetacja: <b>120-160 dni<\/b><\/li>\n<li>Termin zbioru:<b> 2 dekada VIII-2 dekada IX<\/b><\/li>\n<\/ul>\n<\/section><\/div>\n<\/section>\n<section class=\"section\">\n<div class=\"item item-12\">\n<section class=\"image-item\">\n            <img decoding=\"async\" src=\"https:\/\/upload.cdn.baselinker.com\/products\/14476\/ef204aa0b8963029156e376adfa3d9e9.jpg\" \/><br \/>\n        <\/section>\n<\/p><\/div>\n<\/section>\n<section class=\"section\">\n<div class=\"item item-12\">\n<section class=\"text-item\">\n<h2>S\u0141ONECZNIK OGRODOWY<\/h2>\n<p>Klasyczny s\u0142onecznik ogrodowy. Mo\u017ce osi\u0105ga\u0107 do 3 m wysoko\u015bci. Kwiaty zebrane w koszyczki, kwiatostan o \u015brednicy od 23 do 30 cm.\u00a0<\/p>\n<ul>\n<li>Owocem jest nie\u0142upka o owocni sk\u00f3rzastej, nie zrastaj\u0105cej si\u0119 pojedynczym nasieniem.<\/li>\n<li>\u0179r\u00f3d\u0142o kwas\u00f3w Omega-6.<\/li>\n<\/ul>\n<\/section><\/div>\n<\/section>\n<section class=\"section\">\n<div class=\"item item-12\">\n<section class=\"image-item\">\n            <img decoding=\"async\" src=\"https:\/\/upload.cdn.baselinker.com\/products\/14476\/3668d52816bec37188a53a66406055f0.jpg\" \/><br \/>\n        <\/section>\n<\/p><\/div>\n<\/section>\n<section class=\"section\">\n<div class=\"item item-12\">\n<section class=\"text-item\">\n<h2>\u2705 Kupuj\u0105c u nas zyskujesz wi\u0119cej nasion!<\/h2>\n<p>Zwr\u00f3ci\u0107 uwag\u0119 na mas\u0119 nasion w torebce! Cz\u0119sto ta\u0144sze oferty zawieraj\u0105 jedynie kilka nasion, dlatego bardziej op\u0142acalny jest zakup wi\u0119kszej masy nasion w opakowaniu, kt\u00f3re w przeliczeniu ceny i wagi mog\u0105 okaza\u0107 si\u0119 tak naprawd\u0119 ta\u0144sze!<\/p>\n<ul>\n<li>Kupuj\u0105c wi\u0119ksze opakowanie z<b> jednej paczuszki mo\u017cesz uzyska\u0107 wi\u0119ksz\u0105 liczb\u0119 rozsad<\/b>, przy mniejszym nak\u0142adzie finansowym!<\/li>\n<\/ul>\n<\/section><\/div>\n<\/section>\n<section class=\"section\">\n<div class=\"item item-12\">\n<section class=\"text-item\">\n<h1>WI\u0118KSZE OPAKOWANIE = WI\u0118CEJ NASION = LEPSZA CENA<\/h1>\n<\/section><\/div>\n<\/section>\n<section class=\"section\">\n<div class=\"item item-12\">\n<section class=\"image-item\">\n            <img decoding=\"async\" src=\"https:\/\/upload.cdn.baselinker.com\/products\/14476\/30286f223225d327350c92e78b2108c7.jpg\" \/><br \/>\n        <\/section>\n<\/p><\/div>\n<\/section>\n<section class=\"section\">\n<div class=\"item item-12\">\n<section class=\"text-item\">\n<h1>Kup sprawdzone nasiona!<\/h1>\n<ul>\n<li>Nasiona renomowanego<b> POLSKIEGO PRODUCENTA<\/b>!<\/li>\n<li>Sklep wpisany do rejestru i podlegaj\u0105cy pod Wojew\u00f3dzki Inspektorat Ochrony Ro\u015blin i Nasiennictwa.<\/li>\n<li>Ka\u017cda torebka nasion posiada <b>PASZPORT RO\u015aLINY, <\/b>kt\u00f3ry jest gwarancj\u0105, \u017ce nasiona zosta\u0142y skontrolowane\u00a0 i s\u0105 wolne od organizm\u00f3w szkodliwych.<\/li>\n<li>Nasiona, z kt\u00f3rych wyrosn\u0105 Twoje ro\u015bliny powsta\u0142y w tradycyjnej hodowli <b>bez udzia\u0142u genetycznej modyfikacji (BEZ GMO!!! ).<\/b><\/li>\n<\/ul>\n<\/section><\/div>\n<\/section>\n<section class=\"section\">\n<div class=\"item item-12\">\n<section class=\"image-item\">\n            <img decoding=\"async\" src=\"https:\/\/upload.cdn.baselinker.com\/products\/14476\/2841aa63ee2f52858791a1e47fdc3b91.png\" \/><br \/>\n        <\/section>\n<\/p><\/div>\n<\/section>\n<section class=\"section\">\n<div class=\"item item-12\">\n<section class=\"text-item\">\n<h2>Ju\u017c nied\u0142ugo pi\u0119kne kwiaty upi\u0119ksz\u0105 Tw\u00f3j ogr\u00f3d!<\/h2>\n<p>\u2705 <b>Wyhoduj sw\u00f3j w\u0142asny s\u0142onecznik,\u00a0<\/b> kt\u00f3ry b\u0119dzie cudnie wygl\u0105da\u0142 w Twoim ogrodzie. Spraw, \u017ce z ka\u017cdego nasionka wyros\u0142a upragniona ro\u015blina , kt\u00f3re b\u0119dzie \u017ar\u00f3d\u0142em \u00a0wielu witamin, soli mineralnych i innych sk\u0142adnik\u00f3w od\u017cywczych.<\/p>\n<p>\u2705 Samodzielna uprawa ro\u015blin to<b> gwarancja, \u017ce warzywa s\u0105 zdrowe<\/b>, nie zawieraj\u0105 pestycyd\u00f3w ani innych szkodliwych zwi\u0105zk\u00f3w chemicznych.<\/p>\n<\/section><\/div>\n<\/section>\n<section class=\"section\">\n<div class=\"item item-12\">\n<section class=\"image-item\">\n            <img decoding=\"async\" src=\"https:\/\/upload.cdn.baselinker.com\/products\/14476\/3ebaa21bbac8ed99a731dc33ba103b52.jpg\" \/><br \/>\n        <\/section>\n<\/p><\/div>\n<\/section>\n","protected":false},"excerpt":{"rendered":"<p>S\u0141ONECZNIK OGRODOWY JADALNY SMACZNY NASIONA BEZ GMO \u2705 Dane og\u00f3lne: Rodzaj: s\u0142onecznik ogrodowy Waga opakowania: 15g \u2705 Terminy wysiewu\/zbioru: Liczba nasion: 9-12 szt. w gramie Norma wysiewu: 15-20 kg\/ha Termin wysiewu: 2-3 dekada IV-2 dekada V Rozstawa: 50 x 60 cm Wegetacja: 120-160 dni Termin zbioru: 2 dekada VIII-2 dekada IX S\u0141ONECZNIK OGRODOWY Klasyczny s\u0142onecznik<br \/><a class=\"more-link\" href=\"https:\/\/bobimarket.pl\/index.php\/produkt\/slonecznik-ogrodowy-jadalny-smaczny-nasiona-bez-gmo\/\"><br \/>\n        Czytaj wi\u0119cej<span class=\"screen-reader-text\"> &#8222;S\u0141ONECZNIK OGRODOWY JADALNY SMACZNY NASIONA BEZ GMO&#8221;<\/span><\/a><\/p>\n","protected":false},"featured_media":88846,"template":"","meta":[],"product_cat":[8357],"product_tag":[],"yoast_head":"<!-- This site is optimized with the Yoast SEO plugin v21.0 - https:\/\/yoast.com\/wordpress\/plugins\/seo\/ -->\n<title>S\u0141ONECZNIK OGRODOWY JADALNY SMACZNY NASIONA BEZ GMO - BOBIMARKET.pl - Remontuj i urz\u0105dzaj z nami<\/title>\n<meta name=\"robots\" content=\"index, follow, max-snippet:-1, max-image-preview:large, max-video-preview:-1\" \/>\n<link rel=\"canonical\" href=\"https:\/\/bobimarket.pl\/index.php\/produkt\/slonecznik-ogrodowy-jadalny-smaczny-nasiona-bez-gmo\/\" \/>\n<meta property=\"og:locale\" content=\"pl_PL\" \/>\n<meta property=\"og:type\" content=\"article\" \/>\n<meta property=\"og:title\" content=\"S\u0141ONECZNIK OGRODOWY JADALNY SMACZNY NASIONA BEZ GMO - BOBIMARKET.pl - Remontuj i urz\u0105dzaj z nami\" \/>\n<meta property=\"og:description\" content=\"S\u0141ONECZNIK OGRODOWY JADALNY SMACZNY NASIONA BEZ GMO \u2705 Dane og\u00f3lne: Rodzaj: s\u0142onecznik ogrodowy Waga opakowania: 15g \u2705 Terminy wysiewu\/zbioru: Liczba nasion: 9-12 szt. w gramie Norma wysiewu: 15-20 kg\/ha Termin wysiewu: 2-3 dekada IV-2 dekada V Rozstawa: 50 x 60 cm Wegetacja: 120-160 dni Termin zbioru: 2 dekada VIII-2 dekada IX S\u0141ONECZNIK OGRODOWY Klasyczny s\u0142onecznik     Czytaj wi\u0119cej &quot;S\u0141ONECZNIK OGRODOWY JADALNY SMACZNY NASIONA BEZ GMO&quot;\" \/>\n<meta property=\"og:url\" content=\"https:\/\/bobimarket.pl\/index.php\/produkt\/slonecznik-ogrodowy-jadalny-smaczny-nasiona-bez-gmo\/\" \/>\n<meta property=\"og:site_name\" content=\"BOBIMARKET.pl - Remontuj i urz\u0105dzaj z nami\" \/>\n<meta property=\"article:modified_time\" content=\"2025-02-27T15:10:20+00:00\" \/>\n<meta property=\"og:image\" content=\"https:\/\/upload.cdn.baselinker.com\/products\/14476\/ef204aa0b8963029156e376adfa3d9e9.jpg\" \/>\n<meta name=\"twitter:card\" content=\"summary_large_image\" \/>\n<meta name=\"twitter:label1\" content=\"Szacowany czas czytania\" \/>\n\t<meta name=\"twitter:data1\" content=\"2 minuty\" \/>\n<script type=\"application\/ld+json\" class=\"yoast-schema-graph\">{\"@context\":\"https:\/\/schema.org\",\"@graph\":[{\"@type\":\"WebPage\",\"@id\":\"https:\/\/bobimarket.pl\/index.php\/produkt\/slonecznik-ogrodowy-jadalny-smaczny-nasiona-bez-gmo\/\",\"url\":\"https:\/\/bobimarket.pl\/index.php\/produkt\/slonecznik-ogrodowy-jadalny-smaczny-nasiona-bez-gmo\/\",\"name\":\"S\u0141ONECZNIK OGRODOWY JADALNY SMACZNY NASIONA BEZ GMO - BOBIMARKET.pl - Remontuj i urz\u0105dzaj z nami\",\"isPartOf\":{\"@id\":\"https:\/\/bobimarket.pl\/#website\"},\"datePublished\":\"2023-08-30T02:32:46+00:00\",\"dateModified\":\"2025-02-27T15:10:20+00:00\",\"breadcrumb\":{\"@id\":\"https:\/\/bobimarket.pl\/index.php\/produkt\/slonecznik-ogrodowy-jadalny-smaczny-nasiona-bez-gmo\/#breadcrumb\"},\"inLanguage\":\"pl-PL\",\"potentialAction\":[{\"@type\":\"ReadAction\",\"target\":[\"https:\/\/bobimarket.pl\/index.php\/produkt\/slonecznik-ogrodowy-jadalny-smaczny-nasiona-bez-gmo\/\"]}]},{\"@type\":\"BreadcrumbList\",\"@id\":\"https:\/\/bobimarket.pl\/index.php\/produkt\/slonecznik-ogrodowy-jadalny-smaczny-nasiona-bez-gmo\/#breadcrumb\",\"itemListElement\":[{\"@type\":\"ListItem\",\"position\":1,\"name\":\"Strona g\u0142\u00f3wna\",\"item\":\"https:\/\/bobimarket.pl\/\"},{\"@type\":\"ListItem\",\"position\":2,\"name\":\"Sklep\",\"item\":\"https:\/\/bobimarket.pl\/index.php\/shop\/\"},{\"@type\":\"ListItem\",\"position\":3,\"name\":\"S\u0141ONECZNIK OGRODOWY JADALNY SMACZNY NASIONA BEZ GMO\"}]},{\"@type\":\"WebSite\",\"@id\":\"https:\/\/bobimarket.pl\/#website\",\"url\":\"https:\/\/bobimarket.pl\/\",\"name\":\"BOBIMARKET.pl - Remontuj i urz\u0105dzaj z nami\",\"description\":\"Remontuj i urz\u0105dzaj z nami\",\"publisher\":{\"@id\":\"https:\/\/bobimarket.pl\/#organization\"},\"potentialAction\":[{\"@type\":\"SearchAction\",\"target\":{\"@type\":\"EntryPoint\",\"urlTemplate\":\"https:\/\/bobimarket.pl\/?s={search_term_string}\"},\"query-input\":\"required name=search_term_string\"}],\"inLanguage\":\"pl-PL\"},{\"@type\":\"Organization\",\"@id\":\"https:\/\/bobimarket.pl\/#organization\",\"name\":\"BOBIMARKET.pl\",\"url\":\"https:\/\/bobimarket.pl\/\",\"logo\":{\"@type\":\"ImageObject\",\"inLanguage\":\"pl-PL\",\"@id\":\"https:\/\/bobimarket.pl\/#\/schema\/logo\/image\/\",\"url\":\"https:\/\/bobimarket.pl\/wp-content\/uploads\/2021\/11\/slogan.png\",\"contentUrl\":\"https:\/\/bobimarket.pl\/wp-content\/uploads\/2021\/11\/slogan.png\",\"width\":2000,\"height\":384,\"caption\":\"BOBIMARKET.pl\"},\"image\":{\"@id\":\"https:\/\/bobimarket.pl\/#\/schema\/logo\/image\/\"}}]}<\/script>\n<!-- \/ Yoast SEO plugin. -->","yoast_head_json":{"title":"S\u0141ONECZNIK OGRODOWY JADALNY SMACZNY NASIONA BEZ GMO - BOBIMARKET.pl - Remontuj i urz\u0105dzaj z nami","robots":{"index":"index","follow":"follow","max-snippet":"max-snippet:-1","max-image-preview":"max-image-preview:large","max-video-preview":"max-video-preview:-1"},"canonical":"https:\/\/bobimarket.pl\/index.php\/produkt\/slonecznik-ogrodowy-jadalny-smaczny-nasiona-bez-gmo\/","og_locale":"pl_PL","og_type":"article","og_title":"S\u0141ONECZNIK OGRODOWY JADALNY SMACZNY NASIONA BEZ GMO - BOBIMARKET.pl - Remontuj i urz\u0105dzaj z nami","og_description":"S\u0141ONECZNIK OGRODOWY JADALNY SMACZNY NASIONA BEZ GMO \u2705 Dane og\u00f3lne: Rodzaj: s\u0142onecznik ogrodowy Waga opakowania: 15g \u2705 Terminy wysiewu\/zbioru: Liczba nasion: 9-12 szt. w gramie Norma wysiewu: 15-20 kg\/ha Termin wysiewu: 2-3 dekada IV-2 dekada V Rozstawa: 50 x 60 cm Wegetacja: 120-160 dni Termin zbioru: 2 dekada VIII-2 dekada IX S\u0141ONECZNIK OGRODOWY Klasyczny s\u0142onecznik     Czytaj wi\u0119cej \"S\u0141ONECZNIK OGRODOWY JADALNY SMACZNY NASIONA BEZ GMO\"","og_url":"https:\/\/bobimarket.pl\/index.php\/produkt\/slonecznik-ogrodowy-jadalny-smaczny-nasiona-bez-gmo\/","og_site_name":"BOBIMARKET.pl - Remontuj i urz\u0105dzaj z nami","article_modified_time":"2025-02-27T15:10:20+00:00","og_image":[{"url":"https:\/\/upload.cdn.baselinker.com\/products\/14476\/ef204aa0b8963029156e376adfa3d9e9.jpg"}],"twitter_card":"summary_large_image","twitter_misc":{"Szacowany czas czytania":"2 minuty"},"schema":{"@context":"https:\/\/schema.org","@graph":[{"@type":"WebPage","@id":"https:\/\/bobimarket.pl\/index.php\/produkt\/slonecznik-ogrodowy-jadalny-smaczny-nasiona-bez-gmo\/","url":"https:\/\/bobimarket.pl\/index.php\/produkt\/slonecznik-ogrodowy-jadalny-smaczny-nasiona-bez-gmo\/","name":"S\u0141ONECZNIK OGRODOWY JADALNY SMACZNY NASIONA BEZ GMO - BOBIMARKET.pl - Remontuj i urz\u0105dzaj z nami","isPartOf":{"@id":"https:\/\/bobimarket.pl\/#website"},"datePublished":"2023-08-30T02:32:46+00:00","dateModified":"2025-02-27T15:10:20+00:00","breadcrumb":{"@id":"https:\/\/bobimarket.pl\/index.php\/produkt\/slonecznik-ogrodowy-jadalny-smaczny-nasiona-bez-gmo\/#breadcrumb"},"inLanguage":"pl-PL","potentialAction":[{"@type":"ReadAction","target":["https:\/\/bobimarket.pl\/index.php\/produkt\/slonecznik-ogrodowy-jadalny-smaczny-nasiona-bez-gmo\/"]}]},{"@type":"BreadcrumbList","@id":"https:\/\/bobimarket.pl\/index.php\/produkt\/slonecznik-ogrodowy-jadalny-smaczny-nasiona-bez-gmo\/#breadcrumb","itemListElement":[{"@type":"ListItem","position":1,"name":"Strona g\u0142\u00f3wna","item":"https:\/\/bobimarket.pl\/"},{"@type":"ListItem","position":2,"name":"Sklep","item":"https:\/\/bobimarket.pl\/index.php\/shop\/"},{"@type":"ListItem","position":3,"name":"S\u0141ONECZNIK OGRODOWY JADALNY SMACZNY NASIONA BEZ GMO"}]},{"@type":"WebSite","@id":"https:\/\/bobimarket.pl\/#website","url":"https:\/\/bobimarket.pl\/","name":"BOBIMARKET.pl - Remontuj i urz\u0105dzaj z nami","description":"Remontuj i urz\u0105dzaj z nami","publisher":{"@id":"https:\/\/bobimarket.pl\/#organization"},"potentialAction":[{"@type":"SearchAction","target":{"@type":"EntryPoint","urlTemplate":"https:\/\/bobimarket.pl\/?s={search_term_string}"},"query-input":"required name=search_term_string"}],"inLanguage":"pl-PL"},{"@type":"Organization","@id":"https:\/\/bobimarket.pl\/#organization","name":"BOBIMARKET.pl","url":"https:\/\/bobimarket.pl\/","logo":{"@type":"ImageObject","inLanguage":"pl-PL","@id":"https:\/\/bobimarket.pl\/#\/schema\/logo\/image\/","url":"https:\/\/bobimarket.pl\/wp-content\/uploads\/2021\/11\/slogan.png","contentUrl":"https:\/\/bobimarket.pl\/wp-content\/uploads\/2021\/11\/slogan.png","width":2000,"height":384,"caption":"BOBIMARKET.pl"},"image":{"@id":"https:\/\/bobimarket.pl\/#\/schema\/logo\/image\/"}}]}},"_links":{"self":[{"href":"https:\/\/bobimarket.pl\/index.php\/wp-json\/wp\/v2\/product\/88857"}],"collection":[{"href":"https:\/\/bobimarket.pl\/index.php\/wp-json\/wp\/v2\/product"}],"about":[{"href":"https:\/\/bobimarket.pl\/index.php\/wp-json\/wp\/v2\/types\/product"}],"wp:featuredmedia":[{"embeddable":true,"href":"https:\/\/bobimarket.pl\/index.php\/wp-json\/wp\/v2\/media\/88846"}],"wp:attachment":[{"href":"https:\/\/bobimarket.pl\/index.php\/wp-json\/wp\/v2\/media?parent=88857"}],"wp:term":[{"taxonomy":"product_cat","embeddable":true,"href":"https:\/\/bobimarket.pl\/index.php\/wp-json\/wp\/v2\/product_cat?post=88857"},{"taxonomy":"product_tag","embeddable":true,"href":"https:\/\/bobimarket.pl\/index.php\/wp-json\/wp\/v2\/product_tag?post=88857"}],"curies":[{"name":"wp","href":"https:\/\/api.w.org\/{rel}","templated":true}]}}