{"id":88965,"date":"2023-08-30T02:43:13","date_gmt":"2023-08-30T02:43:13","guid":{"rendered":"https:\/\/bobimarket.pl\/index.php\/produkt\/slizgawka-wodna-zjezdzalnia-tor-slizg-488cm\/"},"modified":"2025-02-27T15:11:31","modified_gmt":"2025-02-27T15:11:31","slug":"slizgawka-wodna-zjezdzalnia-tor-slizg-488cm","status":"publish","type":"product","link":"https:\/\/bobimarket.pl\/index.php\/produkt\/slizgawka-wodna-zjezdzalnia-tor-slizg-488cm\/","title":{"rendered":"\u015aLIZGAWKA WODNA ZJE\u017bDZALNIA TOR \u015aLIZG 488cm"},"content":{"rendered":"<section class=\"section\">\n<div class=\"item item-12\">\n<section class=\"text-item\">\n<h2>\u015aLIZGAWKA WODNA ZJE\u017bD\u017bALNIA 488 NOWY MODEL 2022<\/h2>\n<p><b>Informacje og\u00f3lne:\u00a0 <\/b><\/p>\n<ul>\n<li>D\u0142ugo\u015b\u0107: <b>448 cm<\/b><\/li>\n<li>Materia\u0142: <b>wysokiej jako\u015bci, przetestowany winyl<\/b><\/li>\n<li>Wiek:<b> powy\u017cej 3 lat<\/b><\/li>\n<li>Marka: <b>BESTWAY<\/b><\/li>\n<\/ul>\n<p>Zestaw zawiera \u015blizgawk\u0119 wodn\u0105 oraz zestaw naprawczy ( \u0142at\u0119).<\/p>\n<h1>NOWY LEPSZY MODEL!<\/h1>\n<ul>\n<li><b>Wbudowane spryskiwacze SplashBoost \u2122<\/b><\/li>\n<li><b>Tsunami Splash Ramp \u2122<\/b><\/li>\n<\/ul>\n<\/section><\/div>\n<\/section>\n<section class=\"section\">\n<div class=\"item item-12\">\n<section class=\"image-item\">\n            <img decoding=\"async\" src=\"https:\/\/upload.cdn.baselinker.com\/products\/14476\/1c49ac25fa2e4cf9b6b81ce8f02faa79.jpg\" \/><br \/>\n        <\/section>\n<\/p><\/div>\n<\/section>\n<section class=\"section\">\n<div class=\"item item-12\">\n<section class=\"text-item\">\n<h2>Wakacyjny hit, kt\u00f3ry gwarantuje \u015bwietnie sp\u0119dzony czas!<\/h2>\n<p>\u015alizgawka wodna to\u00a0gad\u017cet, kt\u00f3ry doskonale sprawdzi si\u0119 podczas upalnych, letnich dni! Idealnie nadaje si\u0119 zar\u00f3wno dla dzieci jak i doros\u0142ych. Specjalny<b> nowy model stworzony w 2022<\/b> roku gwarancja jeszcze lepszej zabawy!<\/p>\n<ul>\n<li><b>Mi\u0142o i aktywnie sp\u0119dzony czas!<\/b> Tor pozwala jeszcze bardziej nacieszy\u0107 si\u0119 czasem sp\u0119dzonym na \u015bwie\u017cym powietrzu!<\/li>\n<li>Pozwoli Ci <b>w pe\u0142ni wykorzysta\u0107 wakacyjn\u0105<\/b>, s\u0142oneczn\u0105 pogod\u0119.\u00a0<\/li>\n<li>Sprawia, \u017ce dzieci nie b\u0119d\u0105 si\u0119 nudzi\u0107 i z ch\u0119ci\u0105 b\u0119d\u0105 si\u0119 wsp\u00f3lnie bawi\u0107 z rodze\u0144stwem lub przyjaci\u00f3\u0142mi!<\/li>\n<\/ul>\n<\/section><\/div>\n<\/section>\n<section class=\"section\">\n<div class=\"item item-12\">\n<section class=\"image-item\">\n            <img decoding=\"async\" src=\"https:\/\/upload.cdn.baselinker.com\/products\/14476\/ab9f511af30ece71e18668ee3f7093c5.jpg\" \/><br \/>\n        <\/section>\n<\/p><\/div>\n<\/section>\n<section class=\"section\">\n<div class=\"item item-12\">\n<section class=\"text-item\">\n<h1>Pod\u0142\u0105cz w\u0105\u017c ogrodowy do \u015blizgawki i szykuj si\u0119 do startu.<\/h1>\n<h2>\u2705 Wbudowane spryskiwacze SplashBoost \u2122<\/h2>\n<p>Spryskiwacze s\u0105 specjalnie zaprojektowane w celu bardziej wydajnego pokrycia i zapewniaj\u0105 efekt kaskadowy, utrzymuj\u0105c \u015bliski tor.\u00a0 Dodatkowo s\u0105 \u017ar\u00f3d\u0142em och\u0142ody w gor\u0105ce dni!<\/p>\n<h2>\u2705 Tsunami Splash Ramp \u2122<\/h2>\n<p>Zapewnia mi\u0119kkie l\u0105dowanie i tworzy fale wody w d\u00f3\u0142 zje\u017cd\u017calni, aby wywo\u0142a\u0107 ekscytuj\u0105cy plusk!<\/p>\n<\/section><\/div>\n<\/section>\n<section class=\"section\">\n<div class=\"item item-12\">\n<section class=\"image-item\">\n            <img decoding=\"async\" src=\"https:\/\/upload.cdn.baselinker.com\/products\/14476\/1c49ac25fa2e4cf9b6b81ce8f02faa79.jpg\" \/><br \/>\n        <\/section>\n<\/p><\/div>\n<\/section>\n<section class=\"section\">\n<div class=\"item item-12\">\n<section class=\"text-item\">\n<h2>\u2705 Wytrzyma\u0142y i solidny\u00a0<\/h2>\n<ul>\n<li>Wykonany z mocnego tworzywa, kt\u00f3re jest odporne na drobne uszkodzenia. U\u017cyty do produkcji winyl zosta\u0142 przetestowany.<\/li>\n<li>\u015alizg mo\u017ce pos\u0142u\u017cy\u0107 przez kilka sezon\u00f3w, a w razie drobnych uszkodze\u0144 do toru do\u0142\u0105czono\u00a0zestaw naprawczy.\u00a0\u0141atka pozwoli na napraw\u0119 drobnych uszkodze\u0144.<\/li>\n<\/ul>\n<\/section><\/div>\n<\/section>\n<section class=\"section\">\n<div class=\"item item-12\">\n<section class=\"image-item\">\n            <img decoding=\"async\" src=\"https:\/\/upload.cdn.baselinker.com\/products\/14476\/769518927961b962618dd2ed8a2adb9e.jpg\" \/><br \/>\n        <\/section>\n<\/p><\/div>\n<\/section>\n<section class=\"section\">\n<div class=\"item item-12\">\n<section class=\"text-item\">\n<h2>\u2705 P\u0142y\u0144 w stron\u0119 dobrej zabawy!<\/h2>\n<p>Tor wodny jest<b> prosty w monta\u017cu i u\u017cytkowaniu<\/b>. Wystarczy roz\u0142o\u017cy\u0107 go na trawie lub piasku.\u00a0Wbudowane spryskiwacze zapewniaj\u0105 efekt kaskady i utrzymuj\u0105 \u015blisk\u0105 powierzchni\u0119 \u015blizgawki.\u00a0Do natrysk\u00f3w umieszczonych w zje\u017cd\u017calni wystarczy pod\u0142\u0105czy\u0107 w\u0105\u017c ogrodowy.\u00a0<\/p>\n<ul>\n<li><b>\u015alizgawka jest pojedyncza<\/b> &#8211; dzieci mog\u0105 si\u0119 \u015blizga\u0107 na zmian\u0119.\u00a0\u00a0 Do zje\u017cd\u017canie nie s\u0105 potrzebne \u017cadne dodatkowe akcesoria. Jednak dla urozmaicenia zjazdu mo\u017cesz u\u017cy\u0107 np. ma\u0142ych ponton\u00f3w.<\/li>\n<li><b>Lejki wodne<\/b> znajduj\u0105ce si\u0119 na ko\u0144cu baseniku powoduj\u0105 l\u0105dowanie z wielkim pluskiem na linii mety.Dodatkowo s\u0105 \u017ar\u00f3d\u0142em och\u0142ody w gor\u0105ce dni!<\/li>\n<\/ul>\n<\/section><\/div>\n<\/section>\n<section class=\"section\">\n<div class=\"item item-12\">\n<section class=\"image-item\">\n            <img decoding=\"async\" src=\"https:\/\/upload.cdn.baselinker.com\/products\/14476\/1c49ac25fa2e4cf9b6b81ce8f02faa79.jpg\" \/><br \/>\n        <\/section>\n<\/p><\/div>\n<\/section>\n<section class=\"section\">\n<div class=\"item item-12\">\n<section class=\"text-item\">\n<h2>\u2705 Gwarancja dobrej zabawy !<\/h2>\n<ul>\n<li>Tor wykonany z wytrzyma\u0142ego mocnego tworzywa. Wysoka jako\u015b\u0107 materia\u0142u oraz staranne wyko\u0144czenia gwarantuj\u0105 satysfakcj\u0119.\u00a0<\/li>\n<li>Pod ko\u0144czone zabawie \u0142atwy do demonta\u017cu, zajmuje ma\u0142o miejsca. Dodatkowo do zestawu do\u0142\u0105czono zestaw naprawczy.\u00a0<\/li>\n<\/ul>\n<h2>Postaw na dobr\u0105 zabaw\u0119 i ju\u017c dzi\u015b zam\u00f3w wodn\u0105 \u015blizgawk\u0119!<\/h2>\n<\/section><\/div>\n<\/section>\n<section class=\"section\">\n<div class=\"item item-12\">\n<section class=\"image-item\">\n            <img decoding=\"async\" src=\"https:\/\/upload.cdn.baselinker.com\/products\/14476\/ab9f511af30ece71e18668ee3f7093c5.jpg\" \/><br \/>\n        <\/section>\n<\/p><\/div>\n<\/section>\n","protected":false},"excerpt":{"rendered":"<p>\u015aLIZGAWKA WODNA ZJE\u017bD\u017bALNIA 488 NOWY MODEL 2022 Informacje og\u00f3lne:\u00a0 D\u0142ugo\u015b\u0107: 448 cm Materia\u0142: wysokiej jako\u015bci, przetestowany winyl Wiek: powy\u017cej 3 lat Marka: BESTWAY Zestaw zawiera \u015blizgawk\u0119 wodn\u0105 oraz zestaw naprawczy ( \u0142at\u0119). NOWY LEPSZY MODEL! Wbudowane spryskiwacze SplashBoost \u2122 Tsunami Splash Ramp \u2122 Wakacyjny hit, kt\u00f3ry gwarantuje \u015bwietnie sp\u0119dzony czas! \u015alizgawka wodna to\u00a0gad\u017cet, kt\u00f3ry doskonale<br \/><a class=\"more-link\" href=\"https:\/\/bobimarket.pl\/index.php\/produkt\/slizgawka-wodna-zjezdzalnia-tor-slizg-488cm\/\"><br \/>\n        Czytaj wi\u0119cej<span class=\"screen-reader-text\"> &#8222;\u015aLIZGAWKA WODNA ZJE\u017bDZALNIA TOR \u015aLIZG 488cm&#8221;<\/span><\/a><\/p>\n","protected":false},"featured_media":88956,"template":"","meta":[],"product_cat":[8106],"product_tag":[],"yoast_head":"<!-- This site is optimized with the Yoast SEO plugin v21.0 - https:\/\/yoast.com\/wordpress\/plugins\/seo\/ -->\n<title>\u015aLIZGAWKA WODNA ZJE\u017bDZALNIA TOR \u015aLIZG 488cm - BOBIMARKET.pl - Remontuj i urz\u0105dzaj z nami<\/title>\n<meta name=\"robots\" content=\"index, follow, max-snippet:-1, max-image-preview:large, max-video-preview:-1\" \/>\n<link rel=\"canonical\" href=\"https:\/\/bobimarket.pl\/index.php\/produkt\/slizgawka-wodna-zjezdzalnia-tor-slizg-488cm\/\" \/>\n<meta property=\"og:locale\" content=\"pl_PL\" \/>\n<meta property=\"og:type\" content=\"article\" \/>\n<meta property=\"og:title\" content=\"\u015aLIZGAWKA WODNA ZJE\u017bDZALNIA TOR \u015aLIZG 488cm - BOBIMARKET.pl - Remontuj i urz\u0105dzaj z nami\" \/>\n<meta property=\"og:description\" content=\"\u015aLIZGAWKA WODNA ZJE\u017bD\u017bALNIA 488 NOWY MODEL 2022 Informacje og\u00f3lne:\u00a0 D\u0142ugo\u015b\u0107: 448 cm Materia\u0142: wysokiej jako\u015bci, przetestowany winyl Wiek: powy\u017cej 3 lat Marka: BESTWAY Zestaw zawiera \u015blizgawk\u0119 wodn\u0105 oraz zestaw naprawczy ( \u0142at\u0119). NOWY LEPSZY MODEL! Wbudowane spryskiwacze SplashBoost \u2122 Tsunami Splash Ramp \u2122 Wakacyjny hit, kt\u00f3ry gwarantuje \u015bwietnie sp\u0119dzony czas! \u015alizgawka wodna to\u00a0gad\u017cet, kt\u00f3ry doskonale     Czytaj wi\u0119cej &quot;\u015aLIZGAWKA WODNA ZJE\u017bDZALNIA TOR \u015aLIZG 488cm&quot;\" \/>\n<meta property=\"og:url\" content=\"https:\/\/bobimarket.pl\/index.php\/produkt\/slizgawka-wodna-zjezdzalnia-tor-slizg-488cm\/\" \/>\n<meta property=\"og:site_name\" content=\"BOBIMARKET.pl - Remontuj i urz\u0105dzaj z nami\" \/>\n<meta property=\"article:modified_time\" content=\"2025-02-27T15:11:31+00:00\" \/>\n<meta property=\"og:image\" content=\"https:\/\/upload.cdn.baselinker.com\/products\/14476\/1c49ac25fa2e4cf9b6b81ce8f02faa79.jpg\" \/>\n<meta name=\"twitter:card\" content=\"summary_large_image\" \/>\n<meta name=\"twitter:label1\" content=\"Szacowany czas czytania\" \/>\n\t<meta name=\"twitter:data1\" content=\"2 minuty\" \/>\n<script type=\"application\/ld+json\" class=\"yoast-schema-graph\">{\"@context\":\"https:\/\/schema.org\",\"@graph\":[{\"@type\":\"WebPage\",\"@id\":\"https:\/\/bobimarket.pl\/index.php\/produkt\/slizgawka-wodna-zjezdzalnia-tor-slizg-488cm\/\",\"url\":\"https:\/\/bobimarket.pl\/index.php\/produkt\/slizgawka-wodna-zjezdzalnia-tor-slizg-488cm\/\",\"name\":\"\u015aLIZGAWKA WODNA ZJE\u017bDZALNIA TOR \u015aLIZG 488cm - BOBIMARKET.pl - Remontuj i urz\u0105dzaj z nami\",\"isPartOf\":{\"@id\":\"https:\/\/bobimarket.pl\/#website\"},\"datePublished\":\"2023-08-30T02:43:13+00:00\",\"dateModified\":\"2025-02-27T15:11:31+00:00\",\"breadcrumb\":{\"@id\":\"https:\/\/bobimarket.pl\/index.php\/produkt\/slizgawka-wodna-zjezdzalnia-tor-slizg-488cm\/#breadcrumb\"},\"inLanguage\":\"pl-PL\",\"potentialAction\":[{\"@type\":\"ReadAction\",\"target\":[\"https:\/\/bobimarket.pl\/index.php\/produkt\/slizgawka-wodna-zjezdzalnia-tor-slizg-488cm\/\"]}]},{\"@type\":\"BreadcrumbList\",\"@id\":\"https:\/\/bobimarket.pl\/index.php\/produkt\/slizgawka-wodna-zjezdzalnia-tor-slizg-488cm\/#breadcrumb\",\"itemListElement\":[{\"@type\":\"ListItem\",\"position\":1,\"name\":\"Strona g\u0142\u00f3wna\",\"item\":\"https:\/\/bobimarket.pl\/\"},{\"@type\":\"ListItem\",\"position\":2,\"name\":\"Sklep\",\"item\":\"https:\/\/bobimarket.pl\/index.php\/shop\/\"},{\"@type\":\"ListItem\",\"position\":3,\"name\":\"\u015aLIZGAWKA WODNA ZJE\u017bDZALNIA TOR \u015aLIZG 488cm\"}]},{\"@type\":\"WebSite\",\"@id\":\"https:\/\/bobimarket.pl\/#website\",\"url\":\"https:\/\/bobimarket.pl\/\",\"name\":\"BOBIMARKET.pl - Remontuj i urz\u0105dzaj z nami\",\"description\":\"Remontuj i urz\u0105dzaj z nami\",\"publisher\":{\"@id\":\"https:\/\/bobimarket.pl\/#organization\"},\"potentialAction\":[{\"@type\":\"SearchAction\",\"target\":{\"@type\":\"EntryPoint\",\"urlTemplate\":\"https:\/\/bobimarket.pl\/?s={search_term_string}\"},\"query-input\":\"required name=search_term_string\"}],\"inLanguage\":\"pl-PL\"},{\"@type\":\"Organization\",\"@id\":\"https:\/\/bobimarket.pl\/#organization\",\"name\":\"BOBIMARKET.pl\",\"url\":\"https:\/\/bobimarket.pl\/\",\"logo\":{\"@type\":\"ImageObject\",\"inLanguage\":\"pl-PL\",\"@id\":\"https:\/\/bobimarket.pl\/#\/schema\/logo\/image\/\",\"url\":\"https:\/\/bobimarket.pl\/wp-content\/uploads\/2021\/11\/slogan.png\",\"contentUrl\":\"https:\/\/bobimarket.pl\/wp-content\/uploads\/2021\/11\/slogan.png\",\"width\":2000,\"height\":384,\"caption\":\"BOBIMARKET.pl\"},\"image\":{\"@id\":\"https:\/\/bobimarket.pl\/#\/schema\/logo\/image\/\"}}]}<\/script>\n<!-- \/ Yoast SEO plugin. -->","yoast_head_json":{"title":"\u015aLIZGAWKA WODNA ZJE\u017bDZALNIA TOR \u015aLIZG 488cm - BOBIMARKET.pl - Remontuj i urz\u0105dzaj z nami","robots":{"index":"index","follow":"follow","max-snippet":"max-snippet:-1","max-image-preview":"max-image-preview:large","max-video-preview":"max-video-preview:-1"},"canonical":"https:\/\/bobimarket.pl\/index.php\/produkt\/slizgawka-wodna-zjezdzalnia-tor-slizg-488cm\/","og_locale":"pl_PL","og_type":"article","og_title":"\u015aLIZGAWKA WODNA ZJE\u017bDZALNIA TOR \u015aLIZG 488cm - BOBIMARKET.pl - Remontuj i urz\u0105dzaj z nami","og_description":"\u015aLIZGAWKA WODNA ZJE\u017bD\u017bALNIA 488 NOWY MODEL 2022 Informacje og\u00f3lne:\u00a0 D\u0142ugo\u015b\u0107: 448 cm Materia\u0142: wysokiej jako\u015bci, przetestowany winyl Wiek: powy\u017cej 3 lat Marka: BESTWAY Zestaw zawiera \u015blizgawk\u0119 wodn\u0105 oraz zestaw naprawczy ( \u0142at\u0119). NOWY LEPSZY MODEL! Wbudowane spryskiwacze SplashBoost \u2122 Tsunami Splash Ramp \u2122 Wakacyjny hit, kt\u00f3ry gwarantuje \u015bwietnie sp\u0119dzony czas! \u015alizgawka wodna to\u00a0gad\u017cet, kt\u00f3ry doskonale     Czytaj wi\u0119cej \"\u015aLIZGAWKA WODNA ZJE\u017bDZALNIA TOR \u015aLIZG 488cm\"","og_url":"https:\/\/bobimarket.pl\/index.php\/produkt\/slizgawka-wodna-zjezdzalnia-tor-slizg-488cm\/","og_site_name":"BOBIMARKET.pl - Remontuj i urz\u0105dzaj z nami","article_modified_time":"2025-02-27T15:11:31+00:00","og_image":[{"url":"https:\/\/upload.cdn.baselinker.com\/products\/14476\/1c49ac25fa2e4cf9b6b81ce8f02faa79.jpg"}],"twitter_card":"summary_large_image","twitter_misc":{"Szacowany czas czytania":"2 minuty"},"schema":{"@context":"https:\/\/schema.org","@graph":[{"@type":"WebPage","@id":"https:\/\/bobimarket.pl\/index.php\/produkt\/slizgawka-wodna-zjezdzalnia-tor-slizg-488cm\/","url":"https:\/\/bobimarket.pl\/index.php\/produkt\/slizgawka-wodna-zjezdzalnia-tor-slizg-488cm\/","name":"\u015aLIZGAWKA WODNA ZJE\u017bDZALNIA TOR \u015aLIZG 488cm - BOBIMARKET.pl - Remontuj i urz\u0105dzaj z nami","isPartOf":{"@id":"https:\/\/bobimarket.pl\/#website"},"datePublished":"2023-08-30T02:43:13+00:00","dateModified":"2025-02-27T15:11:31+00:00","breadcrumb":{"@id":"https:\/\/bobimarket.pl\/index.php\/produkt\/slizgawka-wodna-zjezdzalnia-tor-slizg-488cm\/#breadcrumb"},"inLanguage":"pl-PL","potentialAction":[{"@type":"ReadAction","target":["https:\/\/bobimarket.pl\/index.php\/produkt\/slizgawka-wodna-zjezdzalnia-tor-slizg-488cm\/"]}]},{"@type":"BreadcrumbList","@id":"https:\/\/bobimarket.pl\/index.php\/produkt\/slizgawka-wodna-zjezdzalnia-tor-slizg-488cm\/#breadcrumb","itemListElement":[{"@type":"ListItem","position":1,"name":"Strona g\u0142\u00f3wna","item":"https:\/\/bobimarket.pl\/"},{"@type":"ListItem","position":2,"name":"Sklep","item":"https:\/\/bobimarket.pl\/index.php\/shop\/"},{"@type":"ListItem","position":3,"name":"\u015aLIZGAWKA WODNA ZJE\u017bDZALNIA TOR \u015aLIZG 488cm"}]},{"@type":"WebSite","@id":"https:\/\/bobimarket.pl\/#website","url":"https:\/\/bobimarket.pl\/","name":"BOBIMARKET.pl - Remontuj i urz\u0105dzaj z nami","description":"Remontuj i urz\u0105dzaj z nami","publisher":{"@id":"https:\/\/bobimarket.pl\/#organization"},"potentialAction":[{"@type":"SearchAction","target":{"@type":"EntryPoint","urlTemplate":"https:\/\/bobimarket.pl\/?s={search_term_string}"},"query-input":"required name=search_term_string"}],"inLanguage":"pl-PL"},{"@type":"Organization","@id":"https:\/\/bobimarket.pl\/#organization","name":"BOBIMARKET.pl","url":"https:\/\/bobimarket.pl\/","logo":{"@type":"ImageObject","inLanguage":"pl-PL","@id":"https:\/\/bobimarket.pl\/#\/schema\/logo\/image\/","url":"https:\/\/bobimarket.pl\/wp-content\/uploads\/2021\/11\/slogan.png","contentUrl":"https:\/\/bobimarket.pl\/wp-content\/uploads\/2021\/11\/slogan.png","width":2000,"height":384,"caption":"BOBIMARKET.pl"},"image":{"@id":"https:\/\/bobimarket.pl\/#\/schema\/logo\/image\/"}}]}},"_links":{"self":[{"href":"https:\/\/bobimarket.pl\/index.php\/wp-json\/wp\/v2\/product\/88965"}],"collection":[{"href":"https:\/\/bobimarket.pl\/index.php\/wp-json\/wp\/v2\/product"}],"about":[{"href":"https:\/\/bobimarket.pl\/index.php\/wp-json\/wp\/v2\/types\/product"}],"wp:featuredmedia":[{"embeddable":true,"href":"https:\/\/bobimarket.pl\/index.php\/wp-json\/wp\/v2\/media\/88956"}],"wp:attachment":[{"href":"https:\/\/bobimarket.pl\/index.php\/wp-json\/wp\/v2\/media?parent=88965"}],"wp:term":[{"taxonomy":"product_cat","embeddable":true,"href":"https:\/\/bobimarket.pl\/index.php\/wp-json\/wp\/v2\/product_cat?post=88965"},{"taxonomy":"product_tag","embeddable":true,"href":"https:\/\/bobimarket.pl\/index.php\/wp-json\/wp\/v2\/product_tag?post=88965"}],"curies":[{"name":"wp","href":"https:\/\/api.w.org\/{rel}","templated":true}]}}