{"id":89395,"date":"2023-08-30T03:15:45","date_gmt":"2023-08-30T03:15:45","guid":{"rendered":"https:\/\/bobimarket.pl\/index.php\/produkt\/drut-ogrodniczy-pcv-do-podwiazywania-kwiatow-fasoli-20-m\/"},"modified":"2025-02-27T15:15:48","modified_gmt":"2025-02-27T15:15:48","slug":"drut-ogrodniczy-pcv-do-podwiazywania-kwiatow-fasoli-20-m","status":"publish","type":"product","link":"https:\/\/bobimarket.pl\/index.php\/produkt\/drut-ogrodniczy-pcv-do-podwiazywania-kwiatow-fasoli-20-m\/","title":{"rendered":"DRUT OGRODNICZY PCV DO PODWI\u0104ZYWANIA KWIAT\u00d3W FASOLI 20 M"},"content":{"rendered":"<section class=\"section\">\n<div class=\"item item-6\">\n<section class=\"image-item\">\n            <img decoding=\"async\" src=\"https:\/\/upload.cdn.baselinker.com\/products\/14476\/1bc5e8953a90138d25bbc17e28c7bdee.jpg\" \/><br \/>\n        <\/section>\n<\/p><\/div>\n<div class=\"item item-6\">\n<section class=\"text-item\">\n<h2>DRUT OGRODNICZY PCV DO PODWI\u0104ZYWANIA KWIAT\u00d3W FASOLI 20 M<\/h2>\n<p><b>Dane techniczne:<\/b><\/p>\n<ul>\n<li>D\u0142ugo\u015b\u0107: <b>20 m<\/b><\/li>\n<li>Materia\u0142<b>: PCV<\/b><\/li>\n<li>Kolor:<b> zielony<\/b><\/li>\n<li>Wbudowany no\u017cyk<\/li>\n<\/ul>\n<\/section><\/div>\n<\/section>\n<section class=\"section\">\n<div class=\"item item-6\">\n<section class=\"image-item\">\n            <img decoding=\"async\" src=\"https:\/\/upload.cdn.baselinker.com\/products\/14476\/1bc5e8953a90138d25bbc17e28c7bdee.jpg\" \/><br \/>\n        <\/section>\n<\/p><\/div>\n<div class=\"item item-6\">\n<section class=\"text-item\">\n<h2>W tym sezonie zadbaj o sw\u00f3j ogr\u00f3d !<\/h2>\n<p>Drut ogrodniczy to idealny pomocnik w Twoim ogrodzie. Szpulka <b>z mi\u0119kkiego drutu, w izolacji z PVC<\/b> jest przeznaczony do podwi\u0105zywania ro\u015blin podp\u00f3rek, drabinek, tyczek lub pergoli.<\/p>\n<ul>\n<li>Doskonale sprawdzi si\u0119 w ogr\u00f3dkach, na dzia\u0142kach lub na polach uprawnych.<\/li>\n<\/ul>\n<\/section><\/div>\n<\/section>\n<section class=\"section\">\n<div class=\"item item-6\">\n<section class=\"image-item\">\n            <img decoding=\"async\" src=\"https:\/\/upload.cdn.baselinker.com\/products\/14476\/1bc5e8953a90138d25bbc17e28c7bdee.jpg\" \/><br \/>\n        <\/section>\n<\/p><\/div>\n<div class=\"item item-6\">\n<section class=\"text-item\">\n<p><b>\u2705 Naturalny zielony kolor<\/b> sprawia, \u017ce drut idealnie komponuje \u00a0si\u0119 z ro\u015blinami. Jest po\u015br\u00f3d nich niemal niewidoczny. Spe\u0142nia wi\u0119c swoje zadania i dodatkowo estetycznie wygl\u0105da.<\/p>\n<p><b>\u2705 Mi\u0119kki i elastyczny <\/b>pozwala ostro\u017cnie obchodzi\u0107 si\u0119 z \u0142odyg, tak aby nie uszkodzi\u0107 ro\u015bliny.<\/p>\n<p><b>\u2705<\/b> W zestawie znajduje si\u0119 <b>wbudowany n\u00f3\u017c do ci\u0119cia drutu.<\/b> Nie potrzebujesz wi\u0119c dodatkowych narz\u0119dzi, aby wykona\u0107 prace ogrodowe.<\/p>\n<\/section><\/div>\n<\/section>\n<section class=\"section\">\n<div class=\"item item-6\">\n<section class=\"image-item\">\n            <img decoding=\"async\" src=\"https:\/\/upload.cdn.baselinker.com\/products\/14476\/1bc5e8953a90138d25bbc17e28c7bdee.jpg\" \/><br \/>\n        <\/section>\n<\/p><\/div>\n<div class=\"item item-6\">\n<section class=\"text-item\">\n<p>\u2705 <b>Zastosowanie:<\/b><\/p>\n<ul>\n<li>Drut <b>zapobiega wyginaniu si\u0119 ro\u015blin<\/b>. Sprawia, \u017ce ro\u015blina trzymaj\u0105 si\u0119\u00a0 w pionie, dodatkowo chronione przed silnym wiatrem.<\/li>\n<li>Nadaje si\u0119 r\u00f3wnie\u017c <b>do podwi\u0105zywania ro\u015blin, pn\u0105czy i m\u0142odych drzewek.<\/b><\/li>\n<\/ul>\n<\/section><\/div>\n<\/section>\n","protected":false},"excerpt":{"rendered":"<p>DRUT OGRODNICZY PCV DO PODWI\u0104ZYWANIA KWIAT\u00d3W FASOLI 20 M Dane techniczne: D\u0142ugo\u015b\u0107: 20 m Materia\u0142: PCV Kolor: zielony Wbudowany no\u017cyk W tym sezonie zadbaj o sw\u00f3j ogr\u00f3d ! Drut ogrodniczy to idealny pomocnik w Twoim ogrodzie. Szpulka z mi\u0119kkiego drutu, w izolacji z PVC jest przeznaczony do podwi\u0105zywania ro\u015blin podp\u00f3rek, drabinek, tyczek lub pergoli. Doskonale<br \/><a class=\"more-link\" href=\"https:\/\/bobimarket.pl\/index.php\/produkt\/drut-ogrodniczy-pcv-do-podwiazywania-kwiatow-fasoli-20-m\/\"><br \/>\n        Czytaj wi\u0119cej<span class=\"screen-reader-text\"> &#8222;DRUT OGRODNICZY PCV DO PODWI\u0104ZYWANIA KWIAT\u00d3W FASOLI 20 M&#8221;<\/span><\/a><\/p>\n","protected":false},"featured_media":89394,"template":"","meta":[],"product_cat":[8306],"product_tag":[],"yoast_head":"<!-- This site is optimized with the Yoast SEO plugin v21.0 - https:\/\/yoast.com\/wordpress\/plugins\/seo\/ -->\n<title>DRUT OGRODNICZY PCV DO PODWI\u0104ZYWANIA KWIAT\u00d3W FASOLI 20 M - BOBIMARKET.pl - Remontuj i urz\u0105dzaj z nami<\/title>\n<meta name=\"robots\" content=\"index, follow, max-snippet:-1, max-image-preview:large, max-video-preview:-1\" \/>\n<link rel=\"canonical\" href=\"https:\/\/bobimarket.pl\/index.php\/produkt\/drut-ogrodniczy-pcv-do-podwiazywania-kwiatow-fasoli-20-m\/\" \/>\n<meta property=\"og:locale\" content=\"pl_PL\" \/>\n<meta property=\"og:type\" content=\"article\" \/>\n<meta property=\"og:title\" content=\"DRUT OGRODNICZY PCV DO PODWI\u0104ZYWANIA KWIAT\u00d3W FASOLI 20 M - BOBIMARKET.pl - Remontuj i urz\u0105dzaj z nami\" \/>\n<meta property=\"og:description\" content=\"DRUT OGRODNICZY PCV DO PODWI\u0104ZYWANIA KWIAT\u00d3W FASOLI 20 M Dane techniczne: D\u0142ugo\u015b\u0107: 20 m Materia\u0142: PCV Kolor: zielony Wbudowany no\u017cyk W tym sezonie zadbaj o sw\u00f3j ogr\u00f3d ! Drut ogrodniczy to idealny pomocnik w Twoim ogrodzie. Szpulka z mi\u0119kkiego drutu, w izolacji z PVC jest przeznaczony do podwi\u0105zywania ro\u015blin podp\u00f3rek, drabinek, tyczek lub pergoli. Doskonale     Czytaj wi\u0119cej &quot;DRUT OGRODNICZY PCV DO PODWI\u0104ZYWANIA KWIAT\u00d3W FASOLI 20 M&quot;\" \/>\n<meta property=\"og:url\" content=\"https:\/\/bobimarket.pl\/index.php\/produkt\/drut-ogrodniczy-pcv-do-podwiazywania-kwiatow-fasoli-20-m\/\" \/>\n<meta property=\"og:site_name\" content=\"BOBIMARKET.pl - Remontuj i urz\u0105dzaj z nami\" \/>\n<meta property=\"article:modified_time\" content=\"2025-02-27T15:15:48+00:00\" \/>\n<meta property=\"og:image\" content=\"https:\/\/upload.cdn.baselinker.com\/products\/14476\/1bc5e8953a90138d25bbc17e28c7bdee.jpg\" \/>\n<meta name=\"twitter:card\" content=\"summary_large_image\" \/>\n<meta name=\"twitter:label1\" content=\"Szacowany czas czytania\" \/>\n\t<meta name=\"twitter:data1\" content=\"1 minuta\" \/>\n<script type=\"application\/ld+json\" class=\"yoast-schema-graph\">{\"@context\":\"https:\/\/schema.org\",\"@graph\":[{\"@type\":\"WebPage\",\"@id\":\"https:\/\/bobimarket.pl\/index.php\/produkt\/drut-ogrodniczy-pcv-do-podwiazywania-kwiatow-fasoli-20-m\/\",\"url\":\"https:\/\/bobimarket.pl\/index.php\/produkt\/drut-ogrodniczy-pcv-do-podwiazywania-kwiatow-fasoli-20-m\/\",\"name\":\"DRUT OGRODNICZY PCV DO PODWI\u0104ZYWANIA KWIAT\u00d3W FASOLI 20 M - BOBIMARKET.pl - Remontuj i urz\u0105dzaj z nami\",\"isPartOf\":{\"@id\":\"https:\/\/bobimarket.pl\/#website\"},\"datePublished\":\"2023-08-30T03:15:45+00:00\",\"dateModified\":\"2025-02-27T15:15:48+00:00\",\"breadcrumb\":{\"@id\":\"https:\/\/bobimarket.pl\/index.php\/produkt\/drut-ogrodniczy-pcv-do-podwiazywania-kwiatow-fasoli-20-m\/#breadcrumb\"},\"inLanguage\":\"pl-PL\",\"potentialAction\":[{\"@type\":\"ReadAction\",\"target\":[\"https:\/\/bobimarket.pl\/index.php\/produkt\/drut-ogrodniczy-pcv-do-podwiazywania-kwiatow-fasoli-20-m\/\"]}]},{\"@type\":\"BreadcrumbList\",\"@id\":\"https:\/\/bobimarket.pl\/index.php\/produkt\/drut-ogrodniczy-pcv-do-podwiazywania-kwiatow-fasoli-20-m\/#breadcrumb\",\"itemListElement\":[{\"@type\":\"ListItem\",\"position\":1,\"name\":\"Strona g\u0142\u00f3wna\",\"item\":\"https:\/\/bobimarket.pl\/\"},{\"@type\":\"ListItem\",\"position\":2,\"name\":\"Sklep\",\"item\":\"https:\/\/bobimarket.pl\/index.php\/shop\/\"},{\"@type\":\"ListItem\",\"position\":3,\"name\":\"DRUT OGRODNICZY PCV DO PODWI\u0104ZYWANIA KWIAT\u00d3W FASOLI 20 M\"}]},{\"@type\":\"WebSite\",\"@id\":\"https:\/\/bobimarket.pl\/#website\",\"url\":\"https:\/\/bobimarket.pl\/\",\"name\":\"BOBIMARKET.pl - Remontuj i urz\u0105dzaj z nami\",\"description\":\"Remontuj i urz\u0105dzaj z nami\",\"publisher\":{\"@id\":\"https:\/\/bobimarket.pl\/#organization\"},\"potentialAction\":[{\"@type\":\"SearchAction\",\"target\":{\"@type\":\"EntryPoint\",\"urlTemplate\":\"https:\/\/bobimarket.pl\/?s={search_term_string}\"},\"query-input\":\"required name=search_term_string\"}],\"inLanguage\":\"pl-PL\"},{\"@type\":\"Organization\",\"@id\":\"https:\/\/bobimarket.pl\/#organization\",\"name\":\"BOBIMARKET.pl\",\"url\":\"https:\/\/bobimarket.pl\/\",\"logo\":{\"@type\":\"ImageObject\",\"inLanguage\":\"pl-PL\",\"@id\":\"https:\/\/bobimarket.pl\/#\/schema\/logo\/image\/\",\"url\":\"https:\/\/bobimarket.pl\/wp-content\/uploads\/2021\/11\/slogan.png\",\"contentUrl\":\"https:\/\/bobimarket.pl\/wp-content\/uploads\/2021\/11\/slogan.png\",\"width\":2000,\"height\":384,\"caption\":\"BOBIMARKET.pl\"},\"image\":{\"@id\":\"https:\/\/bobimarket.pl\/#\/schema\/logo\/image\/\"}}]}<\/script>\n<!-- \/ Yoast SEO plugin. -->","yoast_head_json":{"title":"DRUT OGRODNICZY PCV DO PODWI\u0104ZYWANIA KWIAT\u00d3W FASOLI 20 M - BOBIMARKET.pl - Remontuj i urz\u0105dzaj z nami","robots":{"index":"index","follow":"follow","max-snippet":"max-snippet:-1","max-image-preview":"max-image-preview:large","max-video-preview":"max-video-preview:-1"},"canonical":"https:\/\/bobimarket.pl\/index.php\/produkt\/drut-ogrodniczy-pcv-do-podwiazywania-kwiatow-fasoli-20-m\/","og_locale":"pl_PL","og_type":"article","og_title":"DRUT OGRODNICZY PCV DO PODWI\u0104ZYWANIA KWIAT\u00d3W FASOLI 20 M - BOBIMARKET.pl - Remontuj i urz\u0105dzaj z nami","og_description":"DRUT OGRODNICZY PCV DO PODWI\u0104ZYWANIA KWIAT\u00d3W FASOLI 20 M Dane techniczne: D\u0142ugo\u015b\u0107: 20 m Materia\u0142: PCV Kolor: zielony Wbudowany no\u017cyk W tym sezonie zadbaj o sw\u00f3j ogr\u00f3d ! Drut ogrodniczy to idealny pomocnik w Twoim ogrodzie. Szpulka z mi\u0119kkiego drutu, w izolacji z PVC jest przeznaczony do podwi\u0105zywania ro\u015blin podp\u00f3rek, drabinek, tyczek lub pergoli. Doskonale     Czytaj wi\u0119cej \"DRUT OGRODNICZY PCV DO PODWI\u0104ZYWANIA KWIAT\u00d3W FASOLI 20 M\"","og_url":"https:\/\/bobimarket.pl\/index.php\/produkt\/drut-ogrodniczy-pcv-do-podwiazywania-kwiatow-fasoli-20-m\/","og_site_name":"BOBIMARKET.pl - Remontuj i urz\u0105dzaj z nami","article_modified_time":"2025-02-27T15:15:48+00:00","og_image":[{"url":"https:\/\/upload.cdn.baselinker.com\/products\/14476\/1bc5e8953a90138d25bbc17e28c7bdee.jpg"}],"twitter_card":"summary_large_image","twitter_misc":{"Szacowany czas czytania":"1 minuta"},"schema":{"@context":"https:\/\/schema.org","@graph":[{"@type":"WebPage","@id":"https:\/\/bobimarket.pl\/index.php\/produkt\/drut-ogrodniczy-pcv-do-podwiazywania-kwiatow-fasoli-20-m\/","url":"https:\/\/bobimarket.pl\/index.php\/produkt\/drut-ogrodniczy-pcv-do-podwiazywania-kwiatow-fasoli-20-m\/","name":"DRUT OGRODNICZY PCV DO PODWI\u0104ZYWANIA KWIAT\u00d3W FASOLI 20 M - BOBIMARKET.pl - Remontuj i urz\u0105dzaj z nami","isPartOf":{"@id":"https:\/\/bobimarket.pl\/#website"},"datePublished":"2023-08-30T03:15:45+00:00","dateModified":"2025-02-27T15:15:48+00:00","breadcrumb":{"@id":"https:\/\/bobimarket.pl\/index.php\/produkt\/drut-ogrodniczy-pcv-do-podwiazywania-kwiatow-fasoli-20-m\/#breadcrumb"},"inLanguage":"pl-PL","potentialAction":[{"@type":"ReadAction","target":["https:\/\/bobimarket.pl\/index.php\/produkt\/drut-ogrodniczy-pcv-do-podwiazywania-kwiatow-fasoli-20-m\/"]}]},{"@type":"BreadcrumbList","@id":"https:\/\/bobimarket.pl\/index.php\/produkt\/drut-ogrodniczy-pcv-do-podwiazywania-kwiatow-fasoli-20-m\/#breadcrumb","itemListElement":[{"@type":"ListItem","position":1,"name":"Strona g\u0142\u00f3wna","item":"https:\/\/bobimarket.pl\/"},{"@type":"ListItem","position":2,"name":"Sklep","item":"https:\/\/bobimarket.pl\/index.php\/shop\/"},{"@type":"ListItem","position":3,"name":"DRUT OGRODNICZY PCV DO PODWI\u0104ZYWANIA KWIAT\u00d3W FASOLI 20 M"}]},{"@type":"WebSite","@id":"https:\/\/bobimarket.pl\/#website","url":"https:\/\/bobimarket.pl\/","name":"BOBIMARKET.pl - Remontuj i urz\u0105dzaj z nami","description":"Remontuj i urz\u0105dzaj z nami","publisher":{"@id":"https:\/\/bobimarket.pl\/#organization"},"potentialAction":[{"@type":"SearchAction","target":{"@type":"EntryPoint","urlTemplate":"https:\/\/bobimarket.pl\/?s={search_term_string}"},"query-input":"required name=search_term_string"}],"inLanguage":"pl-PL"},{"@type":"Organization","@id":"https:\/\/bobimarket.pl\/#organization","name":"BOBIMARKET.pl","url":"https:\/\/bobimarket.pl\/","logo":{"@type":"ImageObject","inLanguage":"pl-PL","@id":"https:\/\/bobimarket.pl\/#\/schema\/logo\/image\/","url":"https:\/\/bobimarket.pl\/wp-content\/uploads\/2021\/11\/slogan.png","contentUrl":"https:\/\/bobimarket.pl\/wp-content\/uploads\/2021\/11\/slogan.png","width":2000,"height":384,"caption":"BOBIMARKET.pl"},"image":{"@id":"https:\/\/bobimarket.pl\/#\/schema\/logo\/image\/"}}]}},"_links":{"self":[{"href":"https:\/\/bobimarket.pl\/index.php\/wp-json\/wp\/v2\/product\/89395"}],"collection":[{"href":"https:\/\/bobimarket.pl\/index.php\/wp-json\/wp\/v2\/product"}],"about":[{"href":"https:\/\/bobimarket.pl\/index.php\/wp-json\/wp\/v2\/types\/product"}],"wp:featuredmedia":[{"embeddable":true,"href":"https:\/\/bobimarket.pl\/index.php\/wp-json\/wp\/v2\/media\/89394"}],"wp:attachment":[{"href":"https:\/\/bobimarket.pl\/index.php\/wp-json\/wp\/v2\/media?parent=89395"}],"wp:term":[{"taxonomy":"product_cat","embeddable":true,"href":"https:\/\/bobimarket.pl\/index.php\/wp-json\/wp\/v2\/product_cat?post=89395"},{"taxonomy":"product_tag","embeddable":true,"href":"https:\/\/bobimarket.pl\/index.php\/wp-json\/wp\/v2\/product_tag?post=89395"}],"curies":[{"name":"wp","href":"https:\/\/api.w.org\/{rel}","templated":true}]}}