{"id":89423,"date":"2023-08-30T03:17:10","date_gmt":"2023-08-30T03:17:10","guid":{"rendered":"https:\/\/bobimarket.pl\/index.php\/produkt\/trojnik-rozgaleznik-ogrodowy-regulowany-do-weza\/"},"modified":"2025-02-27T15:16:23","modified_gmt":"2025-02-27T15:16:23","slug":"trojnik-rozgaleznik-ogrodowy-regulowany-do-weza","status":"publish","type":"product","link":"https:\/\/bobimarket.pl\/index.php\/produkt\/trojnik-rozgaleznik-ogrodowy-regulowany-do-weza\/","title":{"rendered":"TR\u00d3JNIK ROZGA\u0141\u0118\u0179NIK OGRODOWY REGULOWANY DO W\u0118\u017bA"},"content":{"rendered":"<section class=\"section\">\n<div class=\"item item-6\">\n<section class=\"image-item\">\n            <img decoding=\"async\" src=\"https:\/\/upload.cdn.baselinker.com\/products\/14476\/839384ae01c064e70d0974f0c9c52b2f.jpg\" \/><br \/>\n        <\/section>\n<\/p><\/div>\n<div class=\"item item-6\">\n<section class=\"text-item\">\n<h2>TR\u00d3JNIK \u0141\u0104CZNIK DO \u0141\u0104CZENIA 3 SZYBKOZ\u0141\u0104CZY AQUA<\/h2>\n<p><b>Informacje og\u00f3lne:<\/b><\/p>\n<ul>\n<li>Rodzaj:<b> roga\u0142\u0119\u017anik regulowany<\/b><\/li>\n<li>\u015arednica linii wej\u015bcia: <b>3\/4 cal <\/b><\/li>\n<li>Ilo\u015b\u0107 kana\u0142\u00f3w:<b> 2 <\/b><\/li>\n<li>Materia\u0142: <b>tworzywo ABS<\/b><\/li>\n<\/ul>\n<\/section><\/div>\n<\/section>\n<section class=\"section\">\n<div class=\"item item-6\">\n<section class=\"image-item\">\n            <img decoding=\"async\" src=\"https:\/\/upload.cdn.baselinker.com\/products\/14476\/3d0452e4670b1915d7ac0875bad3dd60.jpg\" \/><br \/>\n        <\/section>\n<\/p><\/div>\n<div class=\"item item-6\">\n<section class=\"text-item\">\n<p>Rozdzielacz dwukana\u0142owy z kr\u00f3\u0107cami na rozga\u0142\u0119zieniach. Wykonana z odpornego na uderzenia tworzywa ABS, co b\u0119dzie owocowa\u0142o d\u0142ugim okresem u\u017cytkowania.\u00a0<\/p>\n<ul>\n<li>Na osadzeniu gwint wewn\u0119trzny o \u015brednicy 3 4&#8243; do zaworu (rury wodoci\u0105gowej, adaptera, z\u0142\u0105cza).<\/li>\n<li>S\u0142u\u017cy do pod\u0142\u0105czenia jednocze\u015bnie dw\u00f3ch linii wodoci\u0105gowych.<\/li>\n<\/ul>\n<ul>\n<li>Z jego pomoc\u0105 mo\u017cesz rozbudowa\u0107 sw\u00f3j system nawadniania.<\/li>\n<\/ul>\n<\/section><\/div>\n<\/section>\n<section class=\"section\">\n<div class=\"item item-6\">\n<section class=\"image-item\">\n            <img decoding=\"async\" src=\"https:\/\/upload.cdn.baselinker.com\/products\/14476\/5f036730acfaf04682a390ffb170e7f7.png\" \/><br \/>\n        <\/section>\n<\/p><\/div>\n<div class=\"item item-6\">\n<section class=\"text-item\">\n<h2>\u2705 Ci\u015bnienie (nap\u00f3r) wody jest regulowane za pomoc\u0105 kran\u00f3w.<\/h2>\n<\/section><\/div>\n<\/section>\n","protected":false},"excerpt":{"rendered":"<p>TR\u00d3JNIK \u0141\u0104CZNIK DO \u0141\u0104CZENIA 3 SZYBKOZ\u0141\u0104CZY AQUA Informacje og\u00f3lne: Rodzaj: roga\u0142\u0119\u017anik regulowany \u015arednica linii wej\u015bcia: 3\/4 cal Ilo\u015b\u0107 kana\u0142\u00f3w: 2 Materia\u0142: tworzywo ABS Rozdzielacz dwukana\u0142owy z kr\u00f3\u0107cami na rozga\u0142\u0119zieniach. Wykonana z odpornego na uderzenia tworzywa ABS, co b\u0119dzie owocowa\u0142o d\u0142ugim okresem u\u017cytkowania.\u00a0 Na osadzeniu gwint wewn\u0119trzny o \u015brednicy 3 4&#8243; do zaworu (rury wodoci\u0105gowej, adaptera,<br \/><a class=\"more-link\" href=\"https:\/\/bobimarket.pl\/index.php\/produkt\/trojnik-rozgaleznik-ogrodowy-regulowany-do-weza\/\"><br \/>\n        Czytaj wi\u0119cej<span class=\"screen-reader-text\"> &#8222;TR\u00d3JNIK ROZGA\u0141\u0118\u0179NIK OGRODOWY REGULOWANY DO W\u0118\u017bA&#8221;<\/span><\/a><\/p>\n","protected":false},"featured_media":89420,"template":"","meta":[],"product_cat":[8254],"product_tag":[],"yoast_head":"<!-- This site is optimized with the Yoast SEO plugin v21.0 - https:\/\/yoast.com\/wordpress\/plugins\/seo\/ -->\n<title>TR\u00d3JNIK ROZGA\u0141\u0118\u0179NIK OGRODOWY REGULOWANY DO W\u0118\u017bA - BOBIMARKET.pl - Remontuj i urz\u0105dzaj z nami<\/title>\n<meta name=\"robots\" content=\"index, follow, max-snippet:-1, max-image-preview:large, max-video-preview:-1\" \/>\n<link rel=\"canonical\" href=\"https:\/\/bobimarket.pl\/index.php\/produkt\/trojnik-rozgaleznik-ogrodowy-regulowany-do-weza\/\" \/>\n<meta property=\"og:locale\" content=\"pl_PL\" \/>\n<meta property=\"og:type\" content=\"article\" \/>\n<meta property=\"og:title\" content=\"TR\u00d3JNIK ROZGA\u0141\u0118\u0179NIK OGRODOWY REGULOWANY DO W\u0118\u017bA - BOBIMARKET.pl - Remontuj i urz\u0105dzaj z nami\" \/>\n<meta property=\"og:description\" content=\"TR\u00d3JNIK \u0141\u0104CZNIK DO \u0141\u0104CZENIA 3 SZYBKOZ\u0141\u0104CZY AQUA Informacje og\u00f3lne: Rodzaj: roga\u0142\u0119\u017anik regulowany \u015arednica linii wej\u015bcia: 3\/4 cal Ilo\u015b\u0107 kana\u0142\u00f3w: 2 Materia\u0142: tworzywo ABS Rozdzielacz dwukana\u0142owy z kr\u00f3\u0107cami na rozga\u0142\u0119zieniach. Wykonana z odpornego na uderzenia tworzywa ABS, co b\u0119dzie owocowa\u0142o d\u0142ugim okresem u\u017cytkowania.\u00a0 Na osadzeniu gwint wewn\u0119trzny o \u015brednicy 3 4&#8243; do zaworu (rury wodoci\u0105gowej, adaptera,     Czytaj wi\u0119cej &quot;TR\u00d3JNIK ROZGA\u0141\u0118\u0179NIK OGRODOWY REGULOWANY DO W\u0118\u017bA&quot;\" \/>\n<meta property=\"og:url\" content=\"https:\/\/bobimarket.pl\/index.php\/produkt\/trojnik-rozgaleznik-ogrodowy-regulowany-do-weza\/\" \/>\n<meta property=\"og:site_name\" content=\"BOBIMARKET.pl - Remontuj i urz\u0105dzaj z nami\" \/>\n<meta property=\"article:modified_time\" content=\"2025-02-27T15:16:23+00:00\" \/>\n<meta property=\"og:image\" content=\"https:\/\/upload.cdn.baselinker.com\/products\/14476\/839384ae01c064e70d0974f0c9c52b2f.jpg\" \/>\n<meta name=\"twitter:card\" content=\"summary_large_image\" \/>\n<meta name=\"twitter:label1\" content=\"Szacowany czas czytania\" \/>\n\t<meta name=\"twitter:data1\" content=\"1 minuta\" \/>\n<script type=\"application\/ld+json\" class=\"yoast-schema-graph\">{\"@context\":\"https:\/\/schema.org\",\"@graph\":[{\"@type\":\"WebPage\",\"@id\":\"https:\/\/bobimarket.pl\/index.php\/produkt\/trojnik-rozgaleznik-ogrodowy-regulowany-do-weza\/\",\"url\":\"https:\/\/bobimarket.pl\/index.php\/produkt\/trojnik-rozgaleznik-ogrodowy-regulowany-do-weza\/\",\"name\":\"TR\u00d3JNIK ROZGA\u0141\u0118\u0179NIK OGRODOWY REGULOWANY DO W\u0118\u017bA - BOBIMARKET.pl - Remontuj i urz\u0105dzaj z nami\",\"isPartOf\":{\"@id\":\"https:\/\/bobimarket.pl\/#website\"},\"datePublished\":\"2023-08-30T03:17:10+00:00\",\"dateModified\":\"2025-02-27T15:16:23+00:00\",\"breadcrumb\":{\"@id\":\"https:\/\/bobimarket.pl\/index.php\/produkt\/trojnik-rozgaleznik-ogrodowy-regulowany-do-weza\/#breadcrumb\"},\"inLanguage\":\"pl-PL\",\"potentialAction\":[{\"@type\":\"ReadAction\",\"target\":[\"https:\/\/bobimarket.pl\/index.php\/produkt\/trojnik-rozgaleznik-ogrodowy-regulowany-do-weza\/\"]}]},{\"@type\":\"BreadcrumbList\",\"@id\":\"https:\/\/bobimarket.pl\/index.php\/produkt\/trojnik-rozgaleznik-ogrodowy-regulowany-do-weza\/#breadcrumb\",\"itemListElement\":[{\"@type\":\"ListItem\",\"position\":1,\"name\":\"Strona g\u0142\u00f3wna\",\"item\":\"https:\/\/bobimarket.pl\/\"},{\"@type\":\"ListItem\",\"position\":2,\"name\":\"Sklep\",\"item\":\"https:\/\/bobimarket.pl\/index.php\/shop\/\"},{\"@type\":\"ListItem\",\"position\":3,\"name\":\"TR\u00d3JNIK ROZGA\u0141\u0118\u0179NIK OGRODOWY REGULOWANY DO W\u0118\u017bA\"}]},{\"@type\":\"WebSite\",\"@id\":\"https:\/\/bobimarket.pl\/#website\",\"url\":\"https:\/\/bobimarket.pl\/\",\"name\":\"BOBIMARKET.pl - Remontuj i urz\u0105dzaj z nami\",\"description\":\"Remontuj i urz\u0105dzaj z nami\",\"publisher\":{\"@id\":\"https:\/\/bobimarket.pl\/#organization\"},\"potentialAction\":[{\"@type\":\"SearchAction\",\"target\":{\"@type\":\"EntryPoint\",\"urlTemplate\":\"https:\/\/bobimarket.pl\/?s={search_term_string}\"},\"query-input\":\"required name=search_term_string\"}],\"inLanguage\":\"pl-PL\"},{\"@type\":\"Organization\",\"@id\":\"https:\/\/bobimarket.pl\/#organization\",\"name\":\"BOBIMARKET.pl\",\"url\":\"https:\/\/bobimarket.pl\/\",\"logo\":{\"@type\":\"ImageObject\",\"inLanguage\":\"pl-PL\",\"@id\":\"https:\/\/bobimarket.pl\/#\/schema\/logo\/image\/\",\"url\":\"https:\/\/bobimarket.pl\/wp-content\/uploads\/2021\/11\/slogan.png\",\"contentUrl\":\"https:\/\/bobimarket.pl\/wp-content\/uploads\/2021\/11\/slogan.png\",\"width\":2000,\"height\":384,\"caption\":\"BOBIMARKET.pl\"},\"image\":{\"@id\":\"https:\/\/bobimarket.pl\/#\/schema\/logo\/image\/\"}}]}<\/script>\n<!-- \/ Yoast SEO plugin. -->","yoast_head_json":{"title":"TR\u00d3JNIK ROZGA\u0141\u0118\u0179NIK OGRODOWY REGULOWANY DO W\u0118\u017bA - BOBIMARKET.pl - Remontuj i urz\u0105dzaj z nami","robots":{"index":"index","follow":"follow","max-snippet":"max-snippet:-1","max-image-preview":"max-image-preview:large","max-video-preview":"max-video-preview:-1"},"canonical":"https:\/\/bobimarket.pl\/index.php\/produkt\/trojnik-rozgaleznik-ogrodowy-regulowany-do-weza\/","og_locale":"pl_PL","og_type":"article","og_title":"TR\u00d3JNIK ROZGA\u0141\u0118\u0179NIK OGRODOWY REGULOWANY DO W\u0118\u017bA - BOBIMARKET.pl - Remontuj i urz\u0105dzaj z nami","og_description":"TR\u00d3JNIK \u0141\u0104CZNIK DO \u0141\u0104CZENIA 3 SZYBKOZ\u0141\u0104CZY AQUA Informacje og\u00f3lne: Rodzaj: roga\u0142\u0119\u017anik regulowany \u015arednica linii wej\u015bcia: 3\/4 cal Ilo\u015b\u0107 kana\u0142\u00f3w: 2 Materia\u0142: tworzywo ABS Rozdzielacz dwukana\u0142owy z kr\u00f3\u0107cami na rozga\u0142\u0119zieniach. Wykonana z odpornego na uderzenia tworzywa ABS, co b\u0119dzie owocowa\u0142o d\u0142ugim okresem u\u017cytkowania.\u00a0 Na osadzeniu gwint wewn\u0119trzny o \u015brednicy 3 4&#8243; do zaworu (rury wodoci\u0105gowej, adaptera,     Czytaj wi\u0119cej \"TR\u00d3JNIK ROZGA\u0141\u0118\u0179NIK OGRODOWY REGULOWANY DO W\u0118\u017bA\"","og_url":"https:\/\/bobimarket.pl\/index.php\/produkt\/trojnik-rozgaleznik-ogrodowy-regulowany-do-weza\/","og_site_name":"BOBIMARKET.pl - Remontuj i urz\u0105dzaj z nami","article_modified_time":"2025-02-27T15:16:23+00:00","og_image":[{"url":"https:\/\/upload.cdn.baselinker.com\/products\/14476\/839384ae01c064e70d0974f0c9c52b2f.jpg"}],"twitter_card":"summary_large_image","twitter_misc":{"Szacowany czas czytania":"1 minuta"},"schema":{"@context":"https:\/\/schema.org","@graph":[{"@type":"WebPage","@id":"https:\/\/bobimarket.pl\/index.php\/produkt\/trojnik-rozgaleznik-ogrodowy-regulowany-do-weza\/","url":"https:\/\/bobimarket.pl\/index.php\/produkt\/trojnik-rozgaleznik-ogrodowy-regulowany-do-weza\/","name":"TR\u00d3JNIK ROZGA\u0141\u0118\u0179NIK OGRODOWY REGULOWANY DO W\u0118\u017bA - BOBIMARKET.pl - Remontuj i urz\u0105dzaj z nami","isPartOf":{"@id":"https:\/\/bobimarket.pl\/#website"},"datePublished":"2023-08-30T03:17:10+00:00","dateModified":"2025-02-27T15:16:23+00:00","breadcrumb":{"@id":"https:\/\/bobimarket.pl\/index.php\/produkt\/trojnik-rozgaleznik-ogrodowy-regulowany-do-weza\/#breadcrumb"},"inLanguage":"pl-PL","potentialAction":[{"@type":"ReadAction","target":["https:\/\/bobimarket.pl\/index.php\/produkt\/trojnik-rozgaleznik-ogrodowy-regulowany-do-weza\/"]}]},{"@type":"BreadcrumbList","@id":"https:\/\/bobimarket.pl\/index.php\/produkt\/trojnik-rozgaleznik-ogrodowy-regulowany-do-weza\/#breadcrumb","itemListElement":[{"@type":"ListItem","position":1,"name":"Strona g\u0142\u00f3wna","item":"https:\/\/bobimarket.pl\/"},{"@type":"ListItem","position":2,"name":"Sklep","item":"https:\/\/bobimarket.pl\/index.php\/shop\/"},{"@type":"ListItem","position":3,"name":"TR\u00d3JNIK ROZGA\u0141\u0118\u0179NIK OGRODOWY REGULOWANY DO W\u0118\u017bA"}]},{"@type":"WebSite","@id":"https:\/\/bobimarket.pl\/#website","url":"https:\/\/bobimarket.pl\/","name":"BOBIMARKET.pl - Remontuj i urz\u0105dzaj z nami","description":"Remontuj i urz\u0105dzaj z nami","publisher":{"@id":"https:\/\/bobimarket.pl\/#organization"},"potentialAction":[{"@type":"SearchAction","target":{"@type":"EntryPoint","urlTemplate":"https:\/\/bobimarket.pl\/?s={search_term_string}"},"query-input":"required name=search_term_string"}],"inLanguage":"pl-PL"},{"@type":"Organization","@id":"https:\/\/bobimarket.pl\/#organization","name":"BOBIMARKET.pl","url":"https:\/\/bobimarket.pl\/","logo":{"@type":"ImageObject","inLanguage":"pl-PL","@id":"https:\/\/bobimarket.pl\/#\/schema\/logo\/image\/","url":"https:\/\/bobimarket.pl\/wp-content\/uploads\/2021\/11\/slogan.png","contentUrl":"https:\/\/bobimarket.pl\/wp-content\/uploads\/2021\/11\/slogan.png","width":2000,"height":384,"caption":"BOBIMARKET.pl"},"image":{"@id":"https:\/\/bobimarket.pl\/#\/schema\/logo\/image\/"}}]}},"_links":{"self":[{"href":"https:\/\/bobimarket.pl\/index.php\/wp-json\/wp\/v2\/product\/89423"}],"collection":[{"href":"https:\/\/bobimarket.pl\/index.php\/wp-json\/wp\/v2\/product"}],"about":[{"href":"https:\/\/bobimarket.pl\/index.php\/wp-json\/wp\/v2\/types\/product"}],"wp:featuredmedia":[{"embeddable":true,"href":"https:\/\/bobimarket.pl\/index.php\/wp-json\/wp\/v2\/media\/89420"}],"wp:attachment":[{"href":"https:\/\/bobimarket.pl\/index.php\/wp-json\/wp\/v2\/media?parent=89423"}],"wp:term":[{"taxonomy":"product_cat","embeddable":true,"href":"https:\/\/bobimarket.pl\/index.php\/wp-json\/wp\/v2\/product_cat?post=89423"},{"taxonomy":"product_tag","embeddable":true,"href":"https:\/\/bobimarket.pl\/index.php\/wp-json\/wp\/v2\/product_tag?post=89423"}],"curies":[{"name":"wp","href":"https:\/\/api.w.org\/{rel}","templated":true}]}}