{"id":89556,"date":"2023-08-30T03:25:01","date_gmt":"2023-08-30T03:25:01","guid":{"rendered":"https:\/\/bobimarket.pl\/index.php\/produkt\/bratek-mieszany-rococo-ozdobny-kwiat-nasiona\/"},"modified":"2025-02-27T15:17:13","modified_gmt":"2025-02-27T15:17:13","slug":"bratek-mieszany-rococo-ozdobny-kwiat-nasiona","status":"publish","type":"product","link":"https:\/\/bobimarket.pl\/index.php\/produkt\/bratek-mieszany-rococo-ozdobny-kwiat-nasiona\/","title":{"rendered":"BRATEK MIESZANY ROCOCO OZDOBNY KWIAT NASIONA"},"content":{"rendered":"<section class=\"section\">\n<div class=\"item item-12\">\n<section class=\"text-item\">\n<h2>BRATEK MIESZANY ROCOCO OZDOBNY KWIAT NASIONA<\/h2>\n<p><b>\u2705 Informacje og\u00f3lne:<\/b><\/p>\n<ul>\n<li>Wysoko\u015b\u0107: 15-25<\/li>\n<li>Kwitnienie: V-VII w drugim roku uprawy<\/li>\n<li>Stanowisko: s\u0142oneczne i p\u00f3\u0142cie\u0144<\/li>\n<li>Liczba nasion: 800 szt. w gramie<\/li>\n<\/ul>\n<p><b>\u2705 Terminy wysiewu\/zbioru:<\/b><\/p>\n<ul>\n<li>Wysiew: VI-VIII na rozsadniku<\/li>\n<li>Sadzenie: VIII-IX<\/li>\n<li>Rozstawa: 20&#215;25<\/li>\n<\/ul>\n<p><b>\u2705 <\/b>Opakowanie:<b> 0,3 g<\/b><\/p>\n<h1>NASIONA OD POLSKIEGO PRODUCENTA!<\/h1>\n<\/section><\/div>\n<\/section>\n<section class=\"section\">\n<div class=\"item item-12\">\n<section class=\"image-item\">\n            <img decoding=\"async\" src=\"https:\/\/upload.cdn.baselinker.com\/products\/14476\/dc929ceaea1cd66d1eb12958ae8dacc9.png\" \/><br \/>\n        <\/section>\n<\/p><\/div>\n<\/section>\n<section class=\"section\">\n<div class=\"item item-12\">\n<section class=\"text-item\">\n<h2>BRATEK MIESZANY ROCOCO<\/h2>\n<p>Bratek &#8222;Rococo&#8221; to odmiana dwuletnia. Ro\u015blina o charakterystycznych pofalowanych kwiatach, co daje wra\u017cenie pe\u0142no\u015bci kwiat\u00f3w. Kwitnie od maja do sierpnia w drugim roku uprawy. Niezast\u0105piony na rabatach, obw\u00f3dkach czy w dekoracyjnych skrzynkach balkonowych.<\/p>\n<ul>\n<li>Kwiaty z charakterystycznymi fryzowanymi p\u0142atkami.<\/li>\n<li>W odcieniach \u017c\u00f3\u0142tego, fioletu i r\u00f3\u017cu.<\/li>\n<li>Niekt\u00f3re kwiaty z \u017cy\u0142kowatymi p\u0142atkami.<\/li>\n<\/ul>\n<p>\u2705 Barwa kwiatu: <b>mieszany<\/b><\/p>\n<\/section><\/div>\n<\/section>\n<section class=\"section\">\n<div class=\"item item-12\">\n<section class=\"image-item\">\n            <img decoding=\"async\" src=\"https:\/\/upload.cdn.baselinker.com\/products\/14476\/fbed840f6e254d636cdb902e0d2c80b1.jpg\" \/><br \/>\n        <\/section>\n<\/p><\/div>\n<\/section>\n<section class=\"section\">\n<div class=\"item item-12\">\n<section class=\"text-item\">\n<h2>\u2705 Kupuj\u0105c u nas zyskujesz wi\u0119cej nasion!<\/h2>\n<p>Zwr\u00f3ci\u0107 uwag\u0119 na mas\u0119 nasion w torebce! Cz\u0119sto ta\u0144sze oferty zawieraj\u0105 jedynie kilka nasion, dlatego bardziej op\u0142acalny jest zakup wi\u0119kszej masy nasion w opakowaniu, kt\u00f3re w przeliczeniu ceny i wagi mog\u0105 okaza\u0107 si\u0119 tak naprawd\u0119 ta\u0144sze!<\/p>\n<ul>\n<li>Kupuj\u0105c wi\u0119ksze opakowanie z<b> jednej paczuszki mo\u017cesz uzyska\u0107 wi\u0119ksz\u0105 liczb\u0119 rozsad<\/b>, przy mniejszym nak\u0142adzie finansowym!<\/li>\n<\/ul>\n<\/section><\/div>\n<\/section>\n<section class=\"section\">\n<div class=\"item item-12\">\n<section class=\"text-item\">\n<h1>WI\u0118KSZE OPAKOWANIE = WI\u0118CEJ NASION = LEPSZA CENA<\/h1>\n<\/section><\/div>\n<\/section>\n<section class=\"section\">\n<div class=\"item item-12\">\n<section class=\"image-item\">\n            <img decoding=\"async\" src=\"https:\/\/upload.cdn.baselinker.com\/products\/14476\/f4b7d2d2fa679062b75429cb440bb752.jpg\" \/><br \/>\n        <\/section>\n<\/p><\/div>\n<\/section>\n<section class=\"section\">\n<div class=\"item item-12\">\n<section class=\"text-item\">\n<h1>Kup sprawdzone nasiona!<\/h1>\n<ul>\n<li>Nasiona renomowanego<b> POLSKIEGO PRODUCENTA<\/b>!<\/li>\n<li>Sklep wpisany do rejestru i podlegaj\u0105cy pod Wojew\u00f3dzki Inspektorat Ochrony Ro\u015blin i Nasiennictwa.<\/li>\n<li>Ka\u017cda torebka nasion posiada <b>PASZPORT RO\u015aLINY, <\/b>kt\u00f3ry jest gwarancj\u0105, \u017ce nasiona zosta\u0142y skontrolowane\u00a0 i s\u0105 wolne od organizm\u00f3w szkodliwych.<\/li>\n<\/ul>\n<\/section><\/div>\n<\/section>\n<section class=\"section\">\n<div class=\"item item-12\">\n<section class=\"image-item\">\n            <img decoding=\"async\" src=\"https:\/\/upload.cdn.baselinker.com\/products\/14476\/f348da325855998f1883e8441a9591d1.png\" \/><br \/>\n        <\/section>\n<\/p><\/div>\n<\/section>\n<section class=\"section\">\n<div class=\"item item-12\">\n<section class=\"text-item\">\n<h1>Ju\u017c nied\u0142ugo puste grz\u0105dki zape\u0142ni\u0105 si\u0119 kolorowymi kwiatami!<\/h1>\n<p>\u2705 <b>Wyhoduj w\u0142asne ro\u015bliny<\/b>, kt\u00f3re upi\u0119ksz\u0105 Tw\u00f3j ogr\u00f3d, taras lub balkon. Spraw, \u017ce z ka\u017cdego nasionka wyro\u015bnie pi\u0119kny kwiat, kt\u00f3ry stanie si\u0119 idealnym dope\u0142nieniem ogrodowych kompozycji.<\/p>\n<p>\u2705 Pi\u0119kne drobne kwiaty upi\u0119ksz\u0105 Tw\u00f3j ogr\u00f3d przez ca\u0142y sezon, a Ty sp\u0119dzisz mi\u0142o czas na \u015bwie\u017cym powietrzu opiekuj\u0105c si\u0119 swoimi ro\u015blinami.<\/p>\n<\/section><\/div>\n<\/section>\n<section class=\"section\">\n<div class=\"item item-12\">\n<section class=\"image-item\">\n            <img decoding=\"async\" src=\"https:\/\/upload.cdn.baselinker.com\/products\/14476\/d2539c1299c6498377cff8a7f21eaae0.jpg\" \/><br \/>\n        <\/section>\n<\/p><\/div>\n<\/section>\n","protected":false},"excerpt":{"rendered":"<p>BRATEK MIESZANY ROCOCO OZDOBNY KWIAT NASIONA \u2705 Informacje og\u00f3lne: Wysoko\u015b\u0107: 15-25 Kwitnienie: V-VII w drugim roku uprawy Stanowisko: s\u0142oneczne i p\u00f3\u0142cie\u0144 Liczba nasion: 800 szt. w gramie \u2705 Terminy wysiewu\/zbioru: Wysiew: VI-VIII na rozsadniku Sadzenie: VIII-IX Rozstawa: 20&#215;25 \u2705 Opakowanie: 0,3 g NASIONA OD POLSKIEGO PRODUCENTA! BRATEK MIESZANY ROCOCO Bratek &#8222;Rococo&#8221; to odmiana dwuletnia. Ro\u015blina<br \/><a class=\"more-link\" href=\"https:\/\/bobimarket.pl\/index.php\/produkt\/bratek-mieszany-rococo-ozdobny-kwiat-nasiona\/\"><br \/>\n        Czytaj wi\u0119cej<span class=\"screen-reader-text\"> &#8222;BRATEK MIESZANY ROCOCO OZDOBNY KWIAT NASIONA&#8221;<\/span><\/a><\/p>\n","protected":false},"featured_media":89546,"template":"","meta":[],"product_cat":[8357],"product_tag":[],"yoast_head":"<!-- This site is optimized with the Yoast SEO plugin v21.0 - https:\/\/yoast.com\/wordpress\/plugins\/seo\/ -->\n<title>BRATEK MIESZANY ROCOCO OZDOBNY KWIAT NASIONA - BOBIMARKET.pl - Remontuj i urz\u0105dzaj z nami<\/title>\n<meta name=\"robots\" content=\"index, follow, max-snippet:-1, max-image-preview:large, max-video-preview:-1\" \/>\n<link rel=\"canonical\" href=\"https:\/\/bobimarket.pl\/index.php\/produkt\/bratek-mieszany-rococo-ozdobny-kwiat-nasiona\/\" \/>\n<meta property=\"og:locale\" content=\"pl_PL\" \/>\n<meta property=\"og:type\" content=\"article\" \/>\n<meta property=\"og:title\" content=\"BRATEK MIESZANY ROCOCO OZDOBNY KWIAT NASIONA - BOBIMARKET.pl - Remontuj i urz\u0105dzaj z nami\" \/>\n<meta property=\"og:description\" content=\"BRATEK MIESZANY ROCOCO OZDOBNY KWIAT NASIONA \u2705 Informacje og\u00f3lne: Wysoko\u015b\u0107: 15-25 Kwitnienie: V-VII w drugim roku uprawy Stanowisko: s\u0142oneczne i p\u00f3\u0142cie\u0144 Liczba nasion: 800 szt. w gramie \u2705 Terminy wysiewu\/zbioru: Wysiew: VI-VIII na rozsadniku Sadzenie: VIII-IX Rozstawa: 20&#215;25 \u2705 Opakowanie: 0,3 g NASIONA OD POLSKIEGO PRODUCENTA! BRATEK MIESZANY ROCOCO Bratek &#8222;Rococo&#8221; to odmiana dwuletnia. Ro\u015blina     Czytaj wi\u0119cej &quot;BRATEK MIESZANY ROCOCO OZDOBNY KWIAT NASIONA&quot;\" \/>\n<meta property=\"og:url\" content=\"https:\/\/bobimarket.pl\/index.php\/produkt\/bratek-mieszany-rococo-ozdobny-kwiat-nasiona\/\" \/>\n<meta property=\"og:site_name\" content=\"BOBIMARKET.pl - Remontuj i urz\u0105dzaj z nami\" \/>\n<meta property=\"article:modified_time\" content=\"2025-02-27T15:17:13+00:00\" \/>\n<meta property=\"og:image\" content=\"https:\/\/upload.cdn.baselinker.com\/products\/14476\/dc929ceaea1cd66d1eb12958ae8dacc9.png\" \/>\n<meta name=\"twitter:card\" content=\"summary_large_image\" \/>\n<meta name=\"twitter:label1\" content=\"Szacowany czas czytania\" \/>\n\t<meta name=\"twitter:data1\" content=\"2 minuty\" \/>\n<script type=\"application\/ld+json\" class=\"yoast-schema-graph\">{\"@context\":\"https:\/\/schema.org\",\"@graph\":[{\"@type\":\"WebPage\",\"@id\":\"https:\/\/bobimarket.pl\/index.php\/produkt\/bratek-mieszany-rococo-ozdobny-kwiat-nasiona\/\",\"url\":\"https:\/\/bobimarket.pl\/index.php\/produkt\/bratek-mieszany-rococo-ozdobny-kwiat-nasiona\/\",\"name\":\"BRATEK MIESZANY ROCOCO OZDOBNY KWIAT NASIONA - BOBIMARKET.pl - Remontuj i urz\u0105dzaj z nami\",\"isPartOf\":{\"@id\":\"https:\/\/bobimarket.pl\/#website\"},\"datePublished\":\"2023-08-30T03:25:01+00:00\",\"dateModified\":\"2025-02-27T15:17:13+00:00\",\"breadcrumb\":{\"@id\":\"https:\/\/bobimarket.pl\/index.php\/produkt\/bratek-mieszany-rococo-ozdobny-kwiat-nasiona\/#breadcrumb\"},\"inLanguage\":\"pl-PL\",\"potentialAction\":[{\"@type\":\"ReadAction\",\"target\":[\"https:\/\/bobimarket.pl\/index.php\/produkt\/bratek-mieszany-rococo-ozdobny-kwiat-nasiona\/\"]}]},{\"@type\":\"BreadcrumbList\",\"@id\":\"https:\/\/bobimarket.pl\/index.php\/produkt\/bratek-mieszany-rococo-ozdobny-kwiat-nasiona\/#breadcrumb\",\"itemListElement\":[{\"@type\":\"ListItem\",\"position\":1,\"name\":\"Strona g\u0142\u00f3wna\",\"item\":\"https:\/\/bobimarket.pl\/\"},{\"@type\":\"ListItem\",\"position\":2,\"name\":\"Sklep\",\"item\":\"https:\/\/bobimarket.pl\/index.php\/shop\/\"},{\"@type\":\"ListItem\",\"position\":3,\"name\":\"BRATEK MIESZANY ROCOCO OZDOBNY KWIAT NASIONA\"}]},{\"@type\":\"WebSite\",\"@id\":\"https:\/\/bobimarket.pl\/#website\",\"url\":\"https:\/\/bobimarket.pl\/\",\"name\":\"BOBIMARKET.pl - Remontuj i urz\u0105dzaj z nami\",\"description\":\"Remontuj i urz\u0105dzaj z nami\",\"publisher\":{\"@id\":\"https:\/\/bobimarket.pl\/#organization\"},\"potentialAction\":[{\"@type\":\"SearchAction\",\"target\":{\"@type\":\"EntryPoint\",\"urlTemplate\":\"https:\/\/bobimarket.pl\/?s={search_term_string}\"},\"query-input\":\"required name=search_term_string\"}],\"inLanguage\":\"pl-PL\"},{\"@type\":\"Organization\",\"@id\":\"https:\/\/bobimarket.pl\/#organization\",\"name\":\"BOBIMARKET.pl\",\"url\":\"https:\/\/bobimarket.pl\/\",\"logo\":{\"@type\":\"ImageObject\",\"inLanguage\":\"pl-PL\",\"@id\":\"https:\/\/bobimarket.pl\/#\/schema\/logo\/image\/\",\"url\":\"https:\/\/bobimarket.pl\/wp-content\/uploads\/2021\/11\/slogan.png\",\"contentUrl\":\"https:\/\/bobimarket.pl\/wp-content\/uploads\/2021\/11\/slogan.png\",\"width\":2000,\"height\":384,\"caption\":\"BOBIMARKET.pl\"},\"image\":{\"@id\":\"https:\/\/bobimarket.pl\/#\/schema\/logo\/image\/\"}}]}<\/script>\n<!-- \/ Yoast SEO plugin. -->","yoast_head_json":{"title":"BRATEK MIESZANY ROCOCO OZDOBNY KWIAT NASIONA - BOBIMARKET.pl - Remontuj i urz\u0105dzaj z nami","robots":{"index":"index","follow":"follow","max-snippet":"max-snippet:-1","max-image-preview":"max-image-preview:large","max-video-preview":"max-video-preview:-1"},"canonical":"https:\/\/bobimarket.pl\/index.php\/produkt\/bratek-mieszany-rococo-ozdobny-kwiat-nasiona\/","og_locale":"pl_PL","og_type":"article","og_title":"BRATEK MIESZANY ROCOCO OZDOBNY KWIAT NASIONA - BOBIMARKET.pl - Remontuj i urz\u0105dzaj z nami","og_description":"BRATEK MIESZANY ROCOCO OZDOBNY KWIAT NASIONA \u2705 Informacje og\u00f3lne: Wysoko\u015b\u0107: 15-25 Kwitnienie: V-VII w drugim roku uprawy Stanowisko: s\u0142oneczne i p\u00f3\u0142cie\u0144 Liczba nasion: 800 szt. w gramie \u2705 Terminy wysiewu\/zbioru: Wysiew: VI-VIII na rozsadniku Sadzenie: VIII-IX Rozstawa: 20&#215;25 \u2705 Opakowanie: 0,3 g NASIONA OD POLSKIEGO PRODUCENTA! BRATEK MIESZANY ROCOCO Bratek &#8222;Rococo&#8221; to odmiana dwuletnia. Ro\u015blina     Czytaj wi\u0119cej \"BRATEK MIESZANY ROCOCO OZDOBNY KWIAT NASIONA\"","og_url":"https:\/\/bobimarket.pl\/index.php\/produkt\/bratek-mieszany-rococo-ozdobny-kwiat-nasiona\/","og_site_name":"BOBIMARKET.pl - Remontuj i urz\u0105dzaj z nami","article_modified_time":"2025-02-27T15:17:13+00:00","og_image":[{"url":"https:\/\/upload.cdn.baselinker.com\/products\/14476\/dc929ceaea1cd66d1eb12958ae8dacc9.png"}],"twitter_card":"summary_large_image","twitter_misc":{"Szacowany czas czytania":"2 minuty"},"schema":{"@context":"https:\/\/schema.org","@graph":[{"@type":"WebPage","@id":"https:\/\/bobimarket.pl\/index.php\/produkt\/bratek-mieszany-rococo-ozdobny-kwiat-nasiona\/","url":"https:\/\/bobimarket.pl\/index.php\/produkt\/bratek-mieszany-rococo-ozdobny-kwiat-nasiona\/","name":"BRATEK MIESZANY ROCOCO OZDOBNY KWIAT NASIONA - BOBIMARKET.pl - Remontuj i urz\u0105dzaj z nami","isPartOf":{"@id":"https:\/\/bobimarket.pl\/#website"},"datePublished":"2023-08-30T03:25:01+00:00","dateModified":"2025-02-27T15:17:13+00:00","breadcrumb":{"@id":"https:\/\/bobimarket.pl\/index.php\/produkt\/bratek-mieszany-rococo-ozdobny-kwiat-nasiona\/#breadcrumb"},"inLanguage":"pl-PL","potentialAction":[{"@type":"ReadAction","target":["https:\/\/bobimarket.pl\/index.php\/produkt\/bratek-mieszany-rococo-ozdobny-kwiat-nasiona\/"]}]},{"@type":"BreadcrumbList","@id":"https:\/\/bobimarket.pl\/index.php\/produkt\/bratek-mieszany-rococo-ozdobny-kwiat-nasiona\/#breadcrumb","itemListElement":[{"@type":"ListItem","position":1,"name":"Strona g\u0142\u00f3wna","item":"https:\/\/bobimarket.pl\/"},{"@type":"ListItem","position":2,"name":"Sklep","item":"https:\/\/bobimarket.pl\/index.php\/shop\/"},{"@type":"ListItem","position":3,"name":"BRATEK MIESZANY ROCOCO OZDOBNY KWIAT NASIONA"}]},{"@type":"WebSite","@id":"https:\/\/bobimarket.pl\/#website","url":"https:\/\/bobimarket.pl\/","name":"BOBIMARKET.pl - Remontuj i urz\u0105dzaj z nami","description":"Remontuj i urz\u0105dzaj z nami","publisher":{"@id":"https:\/\/bobimarket.pl\/#organization"},"potentialAction":[{"@type":"SearchAction","target":{"@type":"EntryPoint","urlTemplate":"https:\/\/bobimarket.pl\/?s={search_term_string}"},"query-input":"required name=search_term_string"}],"inLanguage":"pl-PL"},{"@type":"Organization","@id":"https:\/\/bobimarket.pl\/#organization","name":"BOBIMARKET.pl","url":"https:\/\/bobimarket.pl\/","logo":{"@type":"ImageObject","inLanguage":"pl-PL","@id":"https:\/\/bobimarket.pl\/#\/schema\/logo\/image\/","url":"https:\/\/bobimarket.pl\/wp-content\/uploads\/2021\/11\/slogan.png","contentUrl":"https:\/\/bobimarket.pl\/wp-content\/uploads\/2021\/11\/slogan.png","width":2000,"height":384,"caption":"BOBIMARKET.pl"},"image":{"@id":"https:\/\/bobimarket.pl\/#\/schema\/logo\/image\/"}}]}},"_links":{"self":[{"href":"https:\/\/bobimarket.pl\/index.php\/wp-json\/wp\/v2\/product\/89556"}],"collection":[{"href":"https:\/\/bobimarket.pl\/index.php\/wp-json\/wp\/v2\/product"}],"about":[{"href":"https:\/\/bobimarket.pl\/index.php\/wp-json\/wp\/v2\/types\/product"}],"wp:featuredmedia":[{"embeddable":true,"href":"https:\/\/bobimarket.pl\/index.php\/wp-json\/wp\/v2\/media\/89546"}],"wp:attachment":[{"href":"https:\/\/bobimarket.pl\/index.php\/wp-json\/wp\/v2\/media?parent=89556"}],"wp:term":[{"taxonomy":"product_cat","embeddable":true,"href":"https:\/\/bobimarket.pl\/index.php\/wp-json\/wp\/v2\/product_cat?post=89556"},{"taxonomy":"product_tag","embeddable":true,"href":"https:\/\/bobimarket.pl\/index.php\/wp-json\/wp\/v2\/product_tag?post=89556"}],"curies":[{"name":"wp","href":"https:\/\/api.w.org\/{rel}","templated":true}]}}