{"id":90351,"date":"2023-08-30T04:18:56","date_gmt":"2023-08-30T04:18:56","guid":{"rendered":"https:\/\/bobimarket.pl\/index.php\/produkt\/sruba-rzymska-hak-z-ucho-do-naciagu-m10x80mm\/"},"modified":"2025-02-27T15:28:24","modified_gmt":"2025-02-27T15:28:24","slug":"sruba-rzymska-hak-z-ucho-do-naciagu-m10x80mm","status":"publish","type":"product","link":"https:\/\/bobimarket.pl\/index.php\/produkt\/sruba-rzymska-hak-z-ucho-do-naciagu-m10x80mm\/","title":{"rendered":"\u015aRUBA RZYMSKA  HAK Z UCHO DO NACI\u0104GU M10x80mm"},"content":{"rendered":"<section class=\"section\">\n<div class=\"item item-6\">\n<section class=\"text-item\">\n<h2>\u015aRUBA RZYMSKA HAK Z UCHEM DO NACI\u0104GU M 10x80mm<\/h2>\n<p><b>Informacje og\u00f3lne:<\/b><\/p>\n<ul>\n<li>Rozmiar: <b>M 10x80mm<\/b><\/li>\n<li>Materia\u0142:<b> stal w\u0119glowa ocynkowana<\/b><\/li>\n<li>Aukcja dotyczy 1 szt.<\/li>\n<\/ul>\n<p><b>\u2705 Praktyczna i funkcjonalna \u015bruba, kt\u00f3ra u\u0142atwi Twoje \u017cycie!<\/b><\/p>\n<p>Popularna \u015bruba rzymska wykonana z niskow\u0119glowej, ocynkowanej stali. Odporna na dzia\u0142anie zmiennych warunk\u00f3w atmosferycznych. \u015aruba z jednej strony jest zako\u0144czona oczkiem, a z drugiej strony hakiem.\u00a0<\/p>\n<ul>\n<li>Wykorzystywana g\u0142ownie do napinania, naci\u0105gania oraz regulacji lin, \u0142a\u0144cuch\u00f3w, siatek itp.<\/li>\n<li>Doskonale sprawdzi si\u0119 podczas r\u00f3\u017cnych prac budowlanych, wymagaj\u0105cych napr\u0119\u017cenie liny.<\/li>\n<\/ul>\n<\/section><\/div>\n<div class=\"item item-6\">\n<section class=\"image-item\">\n                <img decoding=\"async\" src=\"https:\/\/upload.cdn.baselinker.com\/products\/14476\/04687dd81cee5f5ea0b74a7f1c76ec2d.jpg\" \/><br \/>\n            <\/section>\n<\/p><\/div>\n<\/section>\n","protected":false},"excerpt":{"rendered":"<p>\u015aRUBA RZYMSKA HAK Z UCHEM DO NACI\u0104GU M 10x80mm Informacje og\u00f3lne: Rozmiar: M 10x80mm Materia\u0142: stal w\u0119glowa ocynkowana Aukcja dotyczy 1 szt. \u2705 Praktyczna i funkcjonalna \u015bruba, kt\u00f3ra u\u0142atwi Twoje \u017cycie! Popularna \u015bruba rzymska wykonana z niskow\u0119glowej, ocynkowanej stali. Odporna na dzia\u0142anie zmiennych warunk\u00f3w atmosferycznych. \u015aruba z jednej strony jest zako\u0144czona oczkiem, a z drugiej<br \/><a class=\"more-link\" href=\"https:\/\/bobimarket.pl\/index.php\/produkt\/sruba-rzymska-hak-z-ucho-do-naciagu-m10x80mm\/\"><br \/>\n        Czytaj wi\u0119cej<span class=\"screen-reader-text\"> &#8222;\u015aRUBA RZYMSKA  HAK Z UCHO DO NACI\u0104GU M10x80mm&#8221;<\/span><\/a><\/p>\n","protected":false},"featured_media":90350,"template":"","meta":[],"product_cat":[8289],"product_tag":[],"yoast_head":"<!-- This site is optimized with the Yoast SEO plugin v21.0 - https:\/\/yoast.com\/wordpress\/plugins\/seo\/ -->\n<title>\u015aRUBA RZYMSKA HAK Z UCHO DO NACI\u0104GU M10x80mm - BOBIMARKET.pl - Remontuj i urz\u0105dzaj z nami<\/title>\n<meta name=\"robots\" content=\"index, follow, max-snippet:-1, max-image-preview:large, max-video-preview:-1\" \/>\n<link rel=\"canonical\" href=\"https:\/\/bobimarket.pl\/index.php\/produkt\/sruba-rzymska-hak-z-ucho-do-naciagu-m10x80mm\/\" \/>\n<meta property=\"og:locale\" content=\"pl_PL\" \/>\n<meta property=\"og:type\" content=\"article\" \/>\n<meta property=\"og:title\" content=\"\u015aRUBA RZYMSKA HAK Z UCHO DO NACI\u0104GU M10x80mm - BOBIMARKET.pl - Remontuj i urz\u0105dzaj z nami\" \/>\n<meta property=\"og:description\" content=\"\u015aRUBA RZYMSKA HAK Z UCHEM DO NACI\u0104GU M 10x80mm Informacje og\u00f3lne: Rozmiar: M 10x80mm Materia\u0142: stal w\u0119glowa ocynkowana Aukcja dotyczy 1 szt. \u2705 Praktyczna i funkcjonalna \u015bruba, kt\u00f3ra u\u0142atwi Twoje \u017cycie! Popularna \u015bruba rzymska wykonana z niskow\u0119glowej, ocynkowanej stali. Odporna na dzia\u0142anie zmiennych warunk\u00f3w atmosferycznych. \u015aruba z jednej strony jest zako\u0144czona oczkiem, a z drugiej     Czytaj wi\u0119cej &quot;\u015aRUBA RZYMSKA HAK Z UCHO DO NACI\u0104GU M10x80mm&quot;\" \/>\n<meta property=\"og:url\" content=\"https:\/\/bobimarket.pl\/index.php\/produkt\/sruba-rzymska-hak-z-ucho-do-naciagu-m10x80mm\/\" \/>\n<meta property=\"og:site_name\" content=\"BOBIMARKET.pl - Remontuj i urz\u0105dzaj z nami\" \/>\n<meta property=\"article:modified_time\" content=\"2025-02-27T15:28:24+00:00\" \/>\n<meta property=\"og:image\" content=\"https:\/\/upload.cdn.baselinker.com\/products\/14476\/04687dd81cee5f5ea0b74a7f1c76ec2d.jpg\" \/>\n<meta name=\"twitter:card\" content=\"summary_large_image\" \/>\n<script type=\"application\/ld+json\" class=\"yoast-schema-graph\">{\"@context\":\"https:\/\/schema.org\",\"@graph\":[{\"@type\":\"WebPage\",\"@id\":\"https:\/\/bobimarket.pl\/index.php\/produkt\/sruba-rzymska-hak-z-ucho-do-naciagu-m10x80mm\/\",\"url\":\"https:\/\/bobimarket.pl\/index.php\/produkt\/sruba-rzymska-hak-z-ucho-do-naciagu-m10x80mm\/\",\"name\":\"\u015aRUBA RZYMSKA HAK Z UCHO DO NACI\u0104GU M10x80mm - BOBIMARKET.pl - Remontuj i urz\u0105dzaj z nami\",\"isPartOf\":{\"@id\":\"https:\/\/bobimarket.pl\/#website\"},\"datePublished\":\"2023-08-30T04:18:56+00:00\",\"dateModified\":\"2025-02-27T15:28:24+00:00\",\"breadcrumb\":{\"@id\":\"https:\/\/bobimarket.pl\/index.php\/produkt\/sruba-rzymska-hak-z-ucho-do-naciagu-m10x80mm\/#breadcrumb\"},\"inLanguage\":\"pl-PL\",\"potentialAction\":[{\"@type\":\"ReadAction\",\"target\":[\"https:\/\/bobimarket.pl\/index.php\/produkt\/sruba-rzymska-hak-z-ucho-do-naciagu-m10x80mm\/\"]}]},{\"@type\":\"BreadcrumbList\",\"@id\":\"https:\/\/bobimarket.pl\/index.php\/produkt\/sruba-rzymska-hak-z-ucho-do-naciagu-m10x80mm\/#breadcrumb\",\"itemListElement\":[{\"@type\":\"ListItem\",\"position\":1,\"name\":\"Strona g\u0142\u00f3wna\",\"item\":\"https:\/\/bobimarket.pl\/\"},{\"@type\":\"ListItem\",\"position\":2,\"name\":\"Sklep\",\"item\":\"https:\/\/bobimarket.pl\/index.php\/shop\/\"},{\"@type\":\"ListItem\",\"position\":3,\"name\":\"\u015aRUBA RZYMSKA HAK Z UCHO DO NACI\u0104GU M10x80mm\"}]},{\"@type\":\"WebSite\",\"@id\":\"https:\/\/bobimarket.pl\/#website\",\"url\":\"https:\/\/bobimarket.pl\/\",\"name\":\"BOBIMARKET.pl - Remontuj i urz\u0105dzaj z nami\",\"description\":\"Remontuj i urz\u0105dzaj z nami\",\"publisher\":{\"@id\":\"https:\/\/bobimarket.pl\/#organization\"},\"potentialAction\":[{\"@type\":\"SearchAction\",\"target\":{\"@type\":\"EntryPoint\",\"urlTemplate\":\"https:\/\/bobimarket.pl\/?s={search_term_string}\"},\"query-input\":\"required name=search_term_string\"}],\"inLanguage\":\"pl-PL\"},{\"@type\":\"Organization\",\"@id\":\"https:\/\/bobimarket.pl\/#organization\",\"name\":\"BOBIMARKET.pl\",\"url\":\"https:\/\/bobimarket.pl\/\",\"logo\":{\"@type\":\"ImageObject\",\"inLanguage\":\"pl-PL\",\"@id\":\"https:\/\/bobimarket.pl\/#\/schema\/logo\/image\/\",\"url\":\"https:\/\/bobimarket.pl\/wp-content\/uploads\/2021\/11\/slogan.png\",\"contentUrl\":\"https:\/\/bobimarket.pl\/wp-content\/uploads\/2021\/11\/slogan.png\",\"width\":2000,\"height\":384,\"caption\":\"BOBIMARKET.pl\"},\"image\":{\"@id\":\"https:\/\/bobimarket.pl\/#\/schema\/logo\/image\/\"}}]}<\/script>\n<!-- \/ Yoast SEO plugin. -->","yoast_head_json":{"title":"\u015aRUBA RZYMSKA HAK Z UCHO DO NACI\u0104GU M10x80mm - BOBIMARKET.pl - Remontuj i urz\u0105dzaj z nami","robots":{"index":"index","follow":"follow","max-snippet":"max-snippet:-1","max-image-preview":"max-image-preview:large","max-video-preview":"max-video-preview:-1"},"canonical":"https:\/\/bobimarket.pl\/index.php\/produkt\/sruba-rzymska-hak-z-ucho-do-naciagu-m10x80mm\/","og_locale":"pl_PL","og_type":"article","og_title":"\u015aRUBA RZYMSKA HAK Z UCHO DO NACI\u0104GU M10x80mm - BOBIMARKET.pl - Remontuj i urz\u0105dzaj z nami","og_description":"\u015aRUBA RZYMSKA HAK Z UCHEM DO NACI\u0104GU M 10x80mm Informacje og\u00f3lne: Rozmiar: M 10x80mm Materia\u0142: stal w\u0119glowa ocynkowana Aukcja dotyczy 1 szt. \u2705 Praktyczna i funkcjonalna \u015bruba, kt\u00f3ra u\u0142atwi Twoje \u017cycie! Popularna \u015bruba rzymska wykonana z niskow\u0119glowej, ocynkowanej stali. Odporna na dzia\u0142anie zmiennych warunk\u00f3w atmosferycznych. \u015aruba z jednej strony jest zako\u0144czona oczkiem, a z drugiej     Czytaj wi\u0119cej \"\u015aRUBA RZYMSKA HAK Z UCHO DO NACI\u0104GU M10x80mm\"","og_url":"https:\/\/bobimarket.pl\/index.php\/produkt\/sruba-rzymska-hak-z-ucho-do-naciagu-m10x80mm\/","og_site_name":"BOBIMARKET.pl - Remontuj i urz\u0105dzaj z nami","article_modified_time":"2025-02-27T15:28:24+00:00","og_image":[{"url":"https:\/\/upload.cdn.baselinker.com\/products\/14476\/04687dd81cee5f5ea0b74a7f1c76ec2d.jpg"}],"twitter_card":"summary_large_image","schema":{"@context":"https:\/\/schema.org","@graph":[{"@type":"WebPage","@id":"https:\/\/bobimarket.pl\/index.php\/produkt\/sruba-rzymska-hak-z-ucho-do-naciagu-m10x80mm\/","url":"https:\/\/bobimarket.pl\/index.php\/produkt\/sruba-rzymska-hak-z-ucho-do-naciagu-m10x80mm\/","name":"\u015aRUBA RZYMSKA HAK Z UCHO DO NACI\u0104GU M10x80mm - BOBIMARKET.pl - Remontuj i urz\u0105dzaj z nami","isPartOf":{"@id":"https:\/\/bobimarket.pl\/#website"},"datePublished":"2023-08-30T04:18:56+00:00","dateModified":"2025-02-27T15:28:24+00:00","breadcrumb":{"@id":"https:\/\/bobimarket.pl\/index.php\/produkt\/sruba-rzymska-hak-z-ucho-do-naciagu-m10x80mm\/#breadcrumb"},"inLanguage":"pl-PL","potentialAction":[{"@type":"ReadAction","target":["https:\/\/bobimarket.pl\/index.php\/produkt\/sruba-rzymska-hak-z-ucho-do-naciagu-m10x80mm\/"]}]},{"@type":"BreadcrumbList","@id":"https:\/\/bobimarket.pl\/index.php\/produkt\/sruba-rzymska-hak-z-ucho-do-naciagu-m10x80mm\/#breadcrumb","itemListElement":[{"@type":"ListItem","position":1,"name":"Strona g\u0142\u00f3wna","item":"https:\/\/bobimarket.pl\/"},{"@type":"ListItem","position":2,"name":"Sklep","item":"https:\/\/bobimarket.pl\/index.php\/shop\/"},{"@type":"ListItem","position":3,"name":"\u015aRUBA RZYMSKA HAK Z UCHO DO NACI\u0104GU M10x80mm"}]},{"@type":"WebSite","@id":"https:\/\/bobimarket.pl\/#website","url":"https:\/\/bobimarket.pl\/","name":"BOBIMARKET.pl - Remontuj i urz\u0105dzaj z nami","description":"Remontuj i urz\u0105dzaj z nami","publisher":{"@id":"https:\/\/bobimarket.pl\/#organization"},"potentialAction":[{"@type":"SearchAction","target":{"@type":"EntryPoint","urlTemplate":"https:\/\/bobimarket.pl\/?s={search_term_string}"},"query-input":"required name=search_term_string"}],"inLanguage":"pl-PL"},{"@type":"Organization","@id":"https:\/\/bobimarket.pl\/#organization","name":"BOBIMARKET.pl","url":"https:\/\/bobimarket.pl\/","logo":{"@type":"ImageObject","inLanguage":"pl-PL","@id":"https:\/\/bobimarket.pl\/#\/schema\/logo\/image\/","url":"https:\/\/bobimarket.pl\/wp-content\/uploads\/2021\/11\/slogan.png","contentUrl":"https:\/\/bobimarket.pl\/wp-content\/uploads\/2021\/11\/slogan.png","width":2000,"height":384,"caption":"BOBIMARKET.pl"},"image":{"@id":"https:\/\/bobimarket.pl\/#\/schema\/logo\/image\/"}}]}},"_links":{"self":[{"href":"https:\/\/bobimarket.pl\/index.php\/wp-json\/wp\/v2\/product\/90351"}],"collection":[{"href":"https:\/\/bobimarket.pl\/index.php\/wp-json\/wp\/v2\/product"}],"about":[{"href":"https:\/\/bobimarket.pl\/index.php\/wp-json\/wp\/v2\/types\/product"}],"wp:featuredmedia":[{"embeddable":true,"href":"https:\/\/bobimarket.pl\/index.php\/wp-json\/wp\/v2\/media\/90350"}],"wp:attachment":[{"href":"https:\/\/bobimarket.pl\/index.php\/wp-json\/wp\/v2\/media?parent=90351"}],"wp:term":[{"taxonomy":"product_cat","embeddable":true,"href":"https:\/\/bobimarket.pl\/index.php\/wp-json\/wp\/v2\/product_cat?post=90351"},{"taxonomy":"product_tag","embeddable":true,"href":"https:\/\/bobimarket.pl\/index.php\/wp-json\/wp\/v2\/product_tag?post=90351"}],"curies":[{"name":"wp","href":"https:\/\/api.w.org\/{rel}","templated":true}]}}