{"id":90531,"date":"2023-08-30T04:30:34","date_gmt":"2023-08-30T04:30:34","guid":{"rendered":"https:\/\/bobimarket.pl\/index.php\/produkt\/zestaw-dysza-adapter-lacznik-do-weza-zraszacza-1-2\/"},"modified":"2025-02-27T15:32:42","modified_gmt":"2025-02-27T15:32:42","slug":"zestaw-dysza-adapter-lacznik-do-weza-zraszacza-1-2","status":"publish","type":"product","link":"https:\/\/bobimarket.pl\/index.php\/produkt\/zestaw-dysza-adapter-lacznik-do-weza-zraszacza-1-2\/","title":{"rendered":"ZESTAW DYSZA ADAPTER \u0141\u0104CZNIK DO W\u0118\u017bA ZRASZACZA 1\/2&#8242;"},"content":{"rendered":"<section class=\"section\">\n<div class=\"item item-6\">\n<section class=\"image-item\">\n            <img decoding=\"async\" src=\"https:\/\/upload.cdn.baselinker.com\/products\/14476\/65e94c7bc9d67d164615f3e110490202.jpg\" \/><br \/>\n        <\/section>\n<\/p><\/div>\n<div class=\"item item-6\">\n<section class=\"text-item\">\n<h2>ZESTAW DYSZA ADAPTER \u0141\u0104CZNIK DO W\u0118\u017bA ZRASZACZA 1\/2&#8242;<\/h2>\n<p><b>Informacje og\u00f3lne: <\/b><\/p>\n<ul>\n<li>Materia\u0142: <b>tworzywo ABS<\/b><\/li>\n<li>Przeznaczenie: <b>do po\u0142\u0105czenia w\u0119\u017ca 1\/2&#8242;<\/b><\/li>\n<\/ul>\n<p><b>Zestaw sk\u0142ada si\u0119 z 4 element\u00f3w:<\/b><\/p>\n<ul>\n<li>Regulowana dysza<\/li>\n<li>Szybkoz\u0142\u0105czka 1\/2&#8242;<\/li>\n<li>Szybkoz\u0142\u0105czka 1\/2&#8242; z funkcj\u0105 auqastop<\/li>\n<li>Adapter-przej\u015bci\u00f3wka 1\/2&#8242; ( 3\/4&#8242; gwint zewn\u0119trzny)<\/li>\n<\/ul>\n<\/section><\/div>\n<\/section>\n<section class=\"section\">\n<div class=\"item item-6\">\n<section class=\"image-item\">\n            <img decoding=\"async\" src=\"https:\/\/upload.cdn.baselinker.com\/products\/14476\/65e94c7bc9d67d164615f3e110490202.jpg\" \/><br \/>\n        <\/section>\n<\/p><\/div>\n<div class=\"item item-6\">\n<section class=\"text-item\">\n<h2>Zestaw do nawadniania idealny do Twojego ogrodu!<\/h2>\n<p>Specjalnie przygotowany zestaw do nawadniania sk\u0142adaj\u0105cy si\u0119 z <b>4 element\u00f3w.<\/b> Poszczeg\u00f3lne cz\u0119\u015bci kompletu wykonano z solidnego tworzywa ABS,\u00a0 kt\u00f3re zapewnia d\u0142ugotrwa\u0142e dzia\u0142anie.\u00a0<\/p>\n<ul>\n<li>W zestawie znajduj\u0105 si\u0119 <b>wszystkie potrzebne elementy<\/b>, aby stworzy\u0107 system nawadniania. Po\u0142\u0105cz je z w\u0119\u017cem ogrodowym i zadbaj o sw\u00f3j ogr\u00f3d.<\/li>\n<\/ul>\n<\/section><\/div>\n<\/section>\n<section class=\"section\">\n<div class=\"item item-6\">\n<section class=\"image-item\">\n            <img decoding=\"async\" src=\"https:\/\/upload.cdn.baselinker.com\/products\/14476\/65e94c7bc9d67d164615f3e110490202.jpg\" \/><br \/>\n        <\/section>\n<\/p><\/div>\n<div class=\"item item-6\">\n<section class=\"text-item\">\n<h2>Praktyczny element, kt\u00f3rego nie mo\u017ce zabrakn\u0105\u0107 w Twoim domu!<\/h2>\n<p>Zestaw sk\u0142ada si\u0119 z 4 element\u00f3w, kt\u00f3re s\u0105 przeznaczone do po\u0142\u0105czenia w\u0119\u017ca 1\/2 do systemu nawadniania. Dyszka i do\u0142\u0105czone do kompletu z\u0142\u0105czki pomog\u0105 w piel\u0119gnacji kwiat\u00f3w w ogrodzie lub na dzia\u0142ce.\u00a0<\/p>\n<p><b>\u2705 Dysza na w\u0105\u017c ogrodowy <\/b><\/p>\n<p>Regulowana dysza zosta\u0142a wyposa\u017cona w<b> r\u00f3\u017cne tryby nawadniania<\/b>, co pozwala wybra\u0107 najbardziej odpowiedni tryb do ka\u017cdego rodzaju nasadze\u0144, jak r\u00f3wnie\u017c do czyszczenia.\u00a0<\/p>\n<p>Trzy dost\u0119pne tryby nawadniania.<\/p>\n<ul>\n<li>strumie\u0144 twardy<\/li>\n<li>strumie\u0144 typu &#8222;mg\u0142a&#8221;<\/li>\n<li>strumie\u0144 sto\u017ckowy.<\/li>\n<\/ul>\n<\/section><\/div>\n<\/section>\n<section class=\"section\">\n<div class=\"item item-6\">\n<section class=\"image-item\">\n            <img decoding=\"async\" src=\"https:\/\/upload.cdn.baselinker.com\/products\/14476\/65e94c7bc9d67d164615f3e110490202.jpg\" \/><br \/>\n        <\/section>\n<\/p><\/div>\n<div class=\"item item-6\">\n<section class=\"text-item\">\n<p><b>\u2705 Do dyszy do\u0142\u0105czona adapter oraz dwa r\u00f3\u017cne rodzaje szybkoz\u0142\u0105czek<\/b>.<\/p>\n<ul>\n<li><b>Szybkoz\u0142\u0105czka 1\/2&#8242;<\/b> zak\u0142adany na w\u0105\u017c. Pozwala szybko i wielokrotnie pod\u0142\u0105cza\u0107\/od\u0142\u0105cza\u0107 w\u0105\u017c do systemu nawadniania za pomoc\u0105 adaptera-przej\u015bci\u00f3wki.<\/li>\n<li><b>Szybkoz\u0142\u0105czka 1\/2&#8242; z funkcj\u0105 auqastop<\/b> r\u00f3wnie\u017c zak\u0142adana na w\u0105\u017c. Pozwala szybko i wielokrotnie pod\u0142\u0105cza\u0107\/od\u0142\u0105cza\u0107 rozpylacz do w\u0119\u017ca. Dzi\u0119ki funkcji auqastop podawanie ci\u015bnienia zatrzymuje si\u0119 automatycznie po od\u0142\u0105czeniu rozpylacza od w\u0119\u017ca i wznowione po pod\u0142\u0105czeniu.<\/li>\n<li><b>Adapter-przej\u015bci\u00f3wka 1\/2<\/b> (3\/4, gwint zewn\u0119trzny). Nakr\u0119cany na g\u0142\u00f3wn\u0105 rur\u0119 wodoci\u0105gow\u0105 o odpowiedniej \u015brednicy.<\/li>\n<\/ul>\n<\/section><\/div>\n<\/section>\n<section class=\"section\">\n<div class=\"item item-6\">\n<section class=\"image-item\">\n            <img decoding=\"async\" src=\"https:\/\/upload.cdn.baselinker.com\/products\/14476\/65e94c7bc9d67d164615f3e110490202.jpg\" \/><br \/>\n        <\/section>\n<\/p><\/div>\n<div class=\"item item-6\">\n<section class=\"text-item\">\n<p><b>\u2705 ZASTOSOWANIE:<\/b><\/p>\n<p>Zraszacz stosuje si\u0119 do <b>podlewania trawnik\u00f3w, rabat lub niskich krzew\u00f3w<\/b>. Sprawdzi si\u0119 podczas podlewania lub prac porz\u0105dkowych na dzia\u0142ce lub w ogrodzie.<\/p>\n<ul>\n<li>Trzy r\u00f3\u017cne tryby nawadniania.<\/li>\n<li>Wysoka wydajno\u015b\u0107 i skuteczno\u015b\u0107 nawadniania.<\/li>\n<\/ul>\n<\/section><\/div>\n<\/section>\n","protected":false},"excerpt":{"rendered":"<p><\/p>\n","protected":false},"featured_media":90530,"template":"","meta":[],"product_cat":[8228],"product_tag":[],"yoast_head":"<!-- This site is optimized with the Yoast SEO plugin v21.0 - https:\/\/yoast.com\/wordpress\/plugins\/seo\/ -->\n<title>ZESTAW DYSZA ADAPTER \u0141\u0104CZNIK DO W\u0118\u017bA ZRASZACZA 1\/2&#039; - BOBIMARKET.pl - Remontuj i urz\u0105dzaj z nami<\/title>\n<meta name=\"robots\" content=\"index, follow, max-snippet:-1, max-image-preview:large, max-video-preview:-1\" \/>\n<link rel=\"canonical\" href=\"https:\/\/bobimarket.pl\/index.php\/produkt\/zestaw-dysza-adapter-lacznik-do-weza-zraszacza-1-2\/\" \/>\n<meta property=\"og:locale\" content=\"pl_PL\" \/>\n<meta property=\"og:type\" content=\"article\" \/>\n<meta property=\"og:title\" content=\"ZESTAW DYSZA ADAPTER \u0141\u0104CZNIK DO W\u0118\u017bA ZRASZACZA 1\/2&#039; - BOBIMARKET.pl - Remontuj i urz\u0105dzaj z nami\" \/>\n<meta property=\"og:url\" content=\"https:\/\/bobimarket.pl\/index.php\/produkt\/zestaw-dysza-adapter-lacznik-do-weza-zraszacza-1-2\/\" \/>\n<meta property=\"og:site_name\" content=\"BOBIMARKET.pl - Remontuj i urz\u0105dzaj z nami\" \/>\n<meta property=\"article:modified_time\" content=\"2025-02-27T15:32:42+00:00\" \/>\n<meta property=\"og:image\" content=\"https:\/\/upload.cdn.baselinker.com\/products\/14476\/65e94c7bc9d67d164615f3e110490202.jpg\" \/>\n<meta name=\"twitter:card\" content=\"summary_large_image\" \/>\n<meta name=\"twitter:label1\" content=\"Szacowany czas czytania\" \/>\n\t<meta name=\"twitter:data1\" content=\"2 minuty\" \/>\n<script type=\"application\/ld+json\" class=\"yoast-schema-graph\">{\"@context\":\"https:\/\/schema.org\",\"@graph\":[{\"@type\":\"WebPage\",\"@id\":\"https:\/\/bobimarket.pl\/index.php\/produkt\/zestaw-dysza-adapter-lacznik-do-weza-zraszacza-1-2\/\",\"url\":\"https:\/\/bobimarket.pl\/index.php\/produkt\/zestaw-dysza-adapter-lacznik-do-weza-zraszacza-1-2\/\",\"name\":\"ZESTAW DYSZA ADAPTER \u0141\u0104CZNIK DO W\u0118\u017bA ZRASZACZA 1\/2' - BOBIMARKET.pl - Remontuj i urz\u0105dzaj z nami\",\"isPartOf\":{\"@id\":\"https:\/\/bobimarket.pl\/#website\"},\"datePublished\":\"2023-08-30T04:30:34+00:00\",\"dateModified\":\"2025-02-27T15:32:42+00:00\",\"breadcrumb\":{\"@id\":\"https:\/\/bobimarket.pl\/index.php\/produkt\/zestaw-dysza-adapter-lacznik-do-weza-zraszacza-1-2\/#breadcrumb\"},\"inLanguage\":\"pl-PL\",\"potentialAction\":[{\"@type\":\"ReadAction\",\"target\":[\"https:\/\/bobimarket.pl\/index.php\/produkt\/zestaw-dysza-adapter-lacznik-do-weza-zraszacza-1-2\/\"]}]},{\"@type\":\"BreadcrumbList\",\"@id\":\"https:\/\/bobimarket.pl\/index.php\/produkt\/zestaw-dysza-adapter-lacznik-do-weza-zraszacza-1-2\/#breadcrumb\",\"itemListElement\":[{\"@type\":\"ListItem\",\"position\":1,\"name\":\"Strona g\u0142\u00f3wna\",\"item\":\"https:\/\/bobimarket.pl\/\"},{\"@type\":\"ListItem\",\"position\":2,\"name\":\"Sklep\",\"item\":\"https:\/\/bobimarket.pl\/index.php\/shop\/\"},{\"@type\":\"ListItem\",\"position\":3,\"name\":\"ZESTAW DYSZA ADAPTER \u0141\u0104CZNIK DO W\u0118\u017bA ZRASZACZA 1\/2&#8242;\"}]},{\"@type\":\"WebSite\",\"@id\":\"https:\/\/bobimarket.pl\/#website\",\"url\":\"https:\/\/bobimarket.pl\/\",\"name\":\"BOBIMARKET.pl - Remontuj i urz\u0105dzaj z nami\",\"description\":\"Remontuj i urz\u0105dzaj z nami\",\"publisher\":{\"@id\":\"https:\/\/bobimarket.pl\/#organization\"},\"potentialAction\":[{\"@type\":\"SearchAction\",\"target\":{\"@type\":\"EntryPoint\",\"urlTemplate\":\"https:\/\/bobimarket.pl\/?s={search_term_string}\"},\"query-input\":\"required name=search_term_string\"}],\"inLanguage\":\"pl-PL\"},{\"@type\":\"Organization\",\"@id\":\"https:\/\/bobimarket.pl\/#organization\",\"name\":\"BOBIMARKET.pl\",\"url\":\"https:\/\/bobimarket.pl\/\",\"logo\":{\"@type\":\"ImageObject\",\"inLanguage\":\"pl-PL\",\"@id\":\"https:\/\/bobimarket.pl\/#\/schema\/logo\/image\/\",\"url\":\"https:\/\/bobimarket.pl\/wp-content\/uploads\/2021\/11\/slogan.png\",\"contentUrl\":\"https:\/\/bobimarket.pl\/wp-content\/uploads\/2021\/11\/slogan.png\",\"width\":2000,\"height\":384,\"caption\":\"BOBIMARKET.pl\"},\"image\":{\"@id\":\"https:\/\/bobimarket.pl\/#\/schema\/logo\/image\/\"}}]}<\/script>\n<!-- \/ Yoast SEO plugin. -->","yoast_head_json":{"title":"ZESTAW DYSZA ADAPTER \u0141\u0104CZNIK DO W\u0118\u017bA ZRASZACZA 1\/2' - BOBIMARKET.pl - Remontuj i urz\u0105dzaj z nami","robots":{"index":"index","follow":"follow","max-snippet":"max-snippet:-1","max-image-preview":"max-image-preview:large","max-video-preview":"max-video-preview:-1"},"canonical":"https:\/\/bobimarket.pl\/index.php\/produkt\/zestaw-dysza-adapter-lacznik-do-weza-zraszacza-1-2\/","og_locale":"pl_PL","og_type":"article","og_title":"ZESTAW DYSZA ADAPTER \u0141\u0104CZNIK DO W\u0118\u017bA ZRASZACZA 1\/2' - BOBIMARKET.pl - Remontuj i urz\u0105dzaj z nami","og_url":"https:\/\/bobimarket.pl\/index.php\/produkt\/zestaw-dysza-adapter-lacznik-do-weza-zraszacza-1-2\/","og_site_name":"BOBIMARKET.pl - Remontuj i urz\u0105dzaj z nami","article_modified_time":"2025-02-27T15:32:42+00:00","og_image":[{"url":"https:\/\/upload.cdn.baselinker.com\/products\/14476\/65e94c7bc9d67d164615f3e110490202.jpg"}],"twitter_card":"summary_large_image","twitter_misc":{"Szacowany czas czytania":"2 minuty"},"schema":{"@context":"https:\/\/schema.org","@graph":[{"@type":"WebPage","@id":"https:\/\/bobimarket.pl\/index.php\/produkt\/zestaw-dysza-adapter-lacznik-do-weza-zraszacza-1-2\/","url":"https:\/\/bobimarket.pl\/index.php\/produkt\/zestaw-dysza-adapter-lacznik-do-weza-zraszacza-1-2\/","name":"ZESTAW DYSZA ADAPTER \u0141\u0104CZNIK DO W\u0118\u017bA ZRASZACZA 1\/2' - BOBIMARKET.pl - Remontuj i urz\u0105dzaj z nami","isPartOf":{"@id":"https:\/\/bobimarket.pl\/#website"},"datePublished":"2023-08-30T04:30:34+00:00","dateModified":"2025-02-27T15:32:42+00:00","breadcrumb":{"@id":"https:\/\/bobimarket.pl\/index.php\/produkt\/zestaw-dysza-adapter-lacznik-do-weza-zraszacza-1-2\/#breadcrumb"},"inLanguage":"pl-PL","potentialAction":[{"@type":"ReadAction","target":["https:\/\/bobimarket.pl\/index.php\/produkt\/zestaw-dysza-adapter-lacznik-do-weza-zraszacza-1-2\/"]}]},{"@type":"BreadcrumbList","@id":"https:\/\/bobimarket.pl\/index.php\/produkt\/zestaw-dysza-adapter-lacznik-do-weza-zraszacza-1-2\/#breadcrumb","itemListElement":[{"@type":"ListItem","position":1,"name":"Strona g\u0142\u00f3wna","item":"https:\/\/bobimarket.pl\/"},{"@type":"ListItem","position":2,"name":"Sklep","item":"https:\/\/bobimarket.pl\/index.php\/shop\/"},{"@type":"ListItem","position":3,"name":"ZESTAW DYSZA ADAPTER \u0141\u0104CZNIK DO W\u0118\u017bA ZRASZACZA 1\/2&#8242;"}]},{"@type":"WebSite","@id":"https:\/\/bobimarket.pl\/#website","url":"https:\/\/bobimarket.pl\/","name":"BOBIMARKET.pl - Remontuj i urz\u0105dzaj z nami","description":"Remontuj i urz\u0105dzaj z nami","publisher":{"@id":"https:\/\/bobimarket.pl\/#organization"},"potentialAction":[{"@type":"SearchAction","target":{"@type":"EntryPoint","urlTemplate":"https:\/\/bobimarket.pl\/?s={search_term_string}"},"query-input":"required name=search_term_string"}],"inLanguage":"pl-PL"},{"@type":"Organization","@id":"https:\/\/bobimarket.pl\/#organization","name":"BOBIMARKET.pl","url":"https:\/\/bobimarket.pl\/","logo":{"@type":"ImageObject","inLanguage":"pl-PL","@id":"https:\/\/bobimarket.pl\/#\/schema\/logo\/image\/","url":"https:\/\/bobimarket.pl\/wp-content\/uploads\/2021\/11\/slogan.png","contentUrl":"https:\/\/bobimarket.pl\/wp-content\/uploads\/2021\/11\/slogan.png","width":2000,"height":384,"caption":"BOBIMARKET.pl"},"image":{"@id":"https:\/\/bobimarket.pl\/#\/schema\/logo\/image\/"}}]}},"_links":{"self":[{"href":"https:\/\/bobimarket.pl\/index.php\/wp-json\/wp\/v2\/product\/90531"}],"collection":[{"href":"https:\/\/bobimarket.pl\/index.php\/wp-json\/wp\/v2\/product"}],"about":[{"href":"https:\/\/bobimarket.pl\/index.php\/wp-json\/wp\/v2\/types\/product"}],"wp:featuredmedia":[{"embeddable":true,"href":"https:\/\/bobimarket.pl\/index.php\/wp-json\/wp\/v2\/media\/90530"}],"wp:attachment":[{"href":"https:\/\/bobimarket.pl\/index.php\/wp-json\/wp\/v2\/media?parent=90531"}],"wp:term":[{"taxonomy":"product_cat","embeddable":true,"href":"https:\/\/bobimarket.pl\/index.php\/wp-json\/wp\/v2\/product_cat?post=90531"},{"taxonomy":"product_tag","embeddable":true,"href":"https:\/\/bobimarket.pl\/index.php\/wp-json\/wp\/v2\/product_tag?post=90531"}],"curies":[{"name":"wp","href":"https:\/\/api.w.org\/{rel}","templated":true}]}}