{"id":90689,"date":"2023-08-30T04:41:56","date_gmt":"2023-08-30T04:41:56","guid":{"rendered":"https:\/\/bobimarket.pl\/index.php\/produkt\/opaski-zaciskowe-kablowe-czarne-48x380\/"},"modified":"2025-02-27T15:34:55","modified_gmt":"2025-02-27T15:34:55","slug":"opaski-zaciskowe-kablowe-czarne-48x380","status":"publish","type":"product","link":"https:\/\/bobimarket.pl\/index.php\/produkt\/opaski-zaciskowe-kablowe-czarne-48x380\/","title":{"rendered":"OPASKI ZACISKOWE KABLOWE CZARNE 4,8X380"},"content":{"rendered":"<section class=\"section\">\n<div class=\"item item-6\">\n<section class=\"image-item\">\n            <img decoding=\"async\" src=\"https:\/\/upload.cdn.baselinker.com\/products\/14476\/a4dfa804dd0b1182c29266728e83d07b.jpg\" \/><br \/>\n        <\/section>\n<\/p><\/div>\n<div class=\"item item-6\">\n<section class=\"text-item\">\n<h2>OPASKI ZACISKOWE KABLOWE CZARNE 4,8X380<\/h2>\n<p><b>Dane techniczne:<\/b><\/p>\n<ul>\n<li>Szeroko\u015b\u0107: <b>4,8<\/b> <b>mm<\/b><\/li>\n<li>D\u0142ugo\u015b\u0107:<b> 380 mm<\/b><\/li>\n<li>Kolor:<b> czarny<\/b><\/li>\n<li>Ilo\u015b\u0107:<b> 100 szt\u00a0<\/b>w opakowaniu<\/li>\n<li>Materia\u0142: <b>tworzywo<\/b><\/li>\n<li>\u015arednica wi\u0105zki: <b>3-102 mm<\/b><\/li>\n<li>Wytrzyma\u0142o\u015b\u0107: <b>22 kg<\/b><\/li>\n<li>Wytrzyma\u0142o\u015b\u0107 na UV<\/li>\n<li>Zapobiega erozji,<\/li>\n<li>Odporno\u015b\u0107 na ciep\u0142o, CE, ROHS<\/li>\n<\/ul>\n<\/section><\/div>\n<\/section>\n<section class=\"section\">\n<div class=\"item item-6\">\n<section class=\"image-item\">\n            <img decoding=\"async\" src=\"https:\/\/upload.cdn.baselinker.com\/products\/14476\/05650829ed9150fe320f96f1f67d29b4.jpg\" \/><br \/>\n        <\/section>\n<\/p><\/div>\n<div class=\"item item-6\">\n<section class=\"text-item\">\n<h2>Niezb\u0119dny element wyposa\u017cenia ka\u017cdego domu, gara\u017cu i warsztatu!<\/h2>\n<p>Opaski kablowe maj\u0105 szerokie zastosowanie i na pewno nie b\u0119dziesz \u017ca\u0142owa\u0142 tego zakupu.\u00a0 Sprawdz\u0105 si\u0119 przy nag\u0142ych napraw i do prowizorycznych rozwi\u0105za\u0144. Wykorzystasz je w domu, ogrodzie, na biwakach itp.<\/p>\n<ul>\n<li>Umo\u017cliwiaj\u0105 sta\u0142e, trwa\u0142e \u0142\u0105czenie dw\u00f3ch przedmiot\u00f3w ze sob\u0105.<\/li>\n<li>Mechanizm zapadkowy zabezpiecza przed poluzowaniem.<\/li>\n<li>Otwarcie u\u015bcisku opaski jest praktycznie niemo\u017cliwe bez u\u017cycia np. no\u017cyczek<\/li>\n<\/ul>\n<p><b>Element, kt\u00f3ry w domy przyda si\u0119 zawsze!<\/b><\/p>\n<\/section><\/div>\n<\/section>\n<section class=\"section\">\n<div class=\"item item-6\">\n<section class=\"image-item\">\n            <img decoding=\"async\" src=\"https:\/\/upload.cdn.baselinker.com\/products\/14476\/57f72f6a4d2786cb7e7f5727dd81dc58.jpg\" \/><br \/>\n        <\/section>\n<\/p><\/div>\n<div class=\"item item-6\">\n<section class=\"image-item\">\n            <img decoding=\"async\" src=\"https:\/\/upload.cdn.baselinker.com\/products\/14476\/8dc2f12a7551411b058261caaea399f6.jpg\" \/><br \/>\n        <\/section>\n<\/p><\/div>\n<\/section>\n<section class=\"section\">\n<div class=\"item item-6\">\n<section class=\"image-item\">\n            <img decoding=\"async\" src=\"https:\/\/upload.cdn.baselinker.com\/products\/14476\/75b6e1b3d9a84c793b21b83c3bad0a6b.jpg\" \/><br \/>\n        <\/section>\n<\/p><\/div>\n<div class=\"item item-6\">\n<section class=\"image-item\">\n            <img decoding=\"async\" src=\"https:\/\/upload.cdn.baselinker.com\/products\/14476\/15d65de541bed1a6c0d3e1c029f20d09.jpg\" \/><br \/>\n        <\/section>\n<\/p><\/div>\n<\/section>\n<section class=\"section\">\n<div class=\"item item-12\">\n<section class=\"image-item\">\n            <img decoding=\"async\" src=\"https:\/\/upload.cdn.baselinker.com\/products\/14476\/ec7f47b0fa690a5247b7d8386a96254c.jpg\" \/><br \/>\n        <\/section>\n<\/p><\/div>\n<\/section>\n","protected":false},"excerpt":{"rendered":"<p>OPASKI ZACISKOWE KABLOWE CZARNE 4,8X380 Dane techniczne: Szeroko\u015b\u0107: 4,8 mm D\u0142ugo\u015b\u0107: 380 mm Kolor: czarny Ilo\u015b\u0107: 100 szt\u00a0w opakowaniu Materia\u0142: tworzywo \u015arednica wi\u0105zki: 3-102 mm Wytrzyma\u0142o\u015b\u0107: 22 kg Wytrzyma\u0142o\u015b\u0107 na UV Zapobiega erozji, Odporno\u015b\u0107 na ciep\u0142o, CE, ROHS Niezb\u0119dny element wyposa\u017cenia ka\u017cdego domu, gara\u017cu i warsztatu! Opaski kablowe maj\u0105 szerokie zastosowanie i na pewno nie<br \/><a class=\"more-link\" href=\"https:\/\/bobimarket.pl\/index.php\/produkt\/opaski-zaciskowe-kablowe-czarne-48x380\/\"><br \/>\n        Czytaj wi\u0119cej<span class=\"screen-reader-text\"> &#8222;OPASKI ZACISKOWE KABLOWE CZARNE 4,8X380&#8221;<\/span><\/a><\/p>\n","protected":false},"featured_media":90682,"template":"","meta":[],"product_cat":[8082],"product_tag":[],"yoast_head":"<!-- This site is optimized with the Yoast SEO plugin v21.0 - https:\/\/yoast.com\/wordpress\/plugins\/seo\/ -->\n<title>OPASKI ZACISKOWE KABLOWE CZARNE 4,8X380 - BOBIMARKET.pl - Remontuj i urz\u0105dzaj z nami<\/title>\n<meta name=\"robots\" content=\"index, follow, max-snippet:-1, max-image-preview:large, max-video-preview:-1\" \/>\n<link rel=\"canonical\" href=\"https:\/\/bobimarket.pl\/index.php\/produkt\/opaski-zaciskowe-kablowe-czarne-48x380\/\" \/>\n<meta property=\"og:locale\" content=\"pl_PL\" \/>\n<meta property=\"og:type\" content=\"article\" \/>\n<meta property=\"og:title\" content=\"OPASKI ZACISKOWE KABLOWE CZARNE 4,8X380 - BOBIMARKET.pl - Remontuj i urz\u0105dzaj z nami\" \/>\n<meta property=\"og:description\" content=\"OPASKI ZACISKOWE KABLOWE CZARNE 4,8X380 Dane techniczne: Szeroko\u015b\u0107: 4,8 mm D\u0142ugo\u015b\u0107: 380 mm Kolor: czarny Ilo\u015b\u0107: 100 szt\u00a0w opakowaniu Materia\u0142: tworzywo \u015arednica wi\u0105zki: 3-102 mm Wytrzyma\u0142o\u015b\u0107: 22 kg Wytrzyma\u0142o\u015b\u0107 na UV Zapobiega erozji, Odporno\u015b\u0107 na ciep\u0142o, CE, ROHS Niezb\u0119dny element wyposa\u017cenia ka\u017cdego domu, gara\u017cu i warsztatu! Opaski kablowe maj\u0105 szerokie zastosowanie i na pewno nie     Czytaj wi\u0119cej &quot;OPASKI ZACISKOWE KABLOWE CZARNE 4,8X380&quot;\" \/>\n<meta property=\"og:url\" content=\"https:\/\/bobimarket.pl\/index.php\/produkt\/opaski-zaciskowe-kablowe-czarne-48x380\/\" \/>\n<meta property=\"og:site_name\" content=\"BOBIMARKET.pl - Remontuj i urz\u0105dzaj z nami\" \/>\n<meta property=\"article:modified_time\" content=\"2025-02-27T15:34:55+00:00\" \/>\n<meta property=\"og:image\" content=\"https:\/\/upload.cdn.baselinker.com\/products\/14476\/a4dfa804dd0b1182c29266728e83d07b.jpg\" \/>\n<meta name=\"twitter:card\" content=\"summary_large_image\" \/>\n<meta name=\"twitter:label1\" content=\"Szacowany czas czytania\" \/>\n\t<meta name=\"twitter:data1\" content=\"1 minuta\" \/>\n<script type=\"application\/ld+json\" class=\"yoast-schema-graph\">{\"@context\":\"https:\/\/schema.org\",\"@graph\":[{\"@type\":\"WebPage\",\"@id\":\"https:\/\/bobimarket.pl\/index.php\/produkt\/opaski-zaciskowe-kablowe-czarne-48x380\/\",\"url\":\"https:\/\/bobimarket.pl\/index.php\/produkt\/opaski-zaciskowe-kablowe-czarne-48x380\/\",\"name\":\"OPASKI ZACISKOWE KABLOWE CZARNE 4,8X380 - BOBIMARKET.pl - Remontuj i urz\u0105dzaj z nami\",\"isPartOf\":{\"@id\":\"https:\/\/bobimarket.pl\/#website\"},\"datePublished\":\"2023-08-30T04:41:56+00:00\",\"dateModified\":\"2025-02-27T15:34:55+00:00\",\"breadcrumb\":{\"@id\":\"https:\/\/bobimarket.pl\/index.php\/produkt\/opaski-zaciskowe-kablowe-czarne-48x380\/#breadcrumb\"},\"inLanguage\":\"pl-PL\",\"potentialAction\":[{\"@type\":\"ReadAction\",\"target\":[\"https:\/\/bobimarket.pl\/index.php\/produkt\/opaski-zaciskowe-kablowe-czarne-48x380\/\"]}]},{\"@type\":\"BreadcrumbList\",\"@id\":\"https:\/\/bobimarket.pl\/index.php\/produkt\/opaski-zaciskowe-kablowe-czarne-48x380\/#breadcrumb\",\"itemListElement\":[{\"@type\":\"ListItem\",\"position\":1,\"name\":\"Strona g\u0142\u00f3wna\",\"item\":\"https:\/\/bobimarket.pl\/\"},{\"@type\":\"ListItem\",\"position\":2,\"name\":\"Sklep\",\"item\":\"https:\/\/bobimarket.pl\/index.php\/shop\/\"},{\"@type\":\"ListItem\",\"position\":3,\"name\":\"OPASKI ZACISKOWE KABLOWE CZARNE 4,8X380\"}]},{\"@type\":\"WebSite\",\"@id\":\"https:\/\/bobimarket.pl\/#website\",\"url\":\"https:\/\/bobimarket.pl\/\",\"name\":\"BOBIMARKET.pl - Remontuj i urz\u0105dzaj z nami\",\"description\":\"Remontuj i urz\u0105dzaj z nami\",\"publisher\":{\"@id\":\"https:\/\/bobimarket.pl\/#organization\"},\"potentialAction\":[{\"@type\":\"SearchAction\",\"target\":{\"@type\":\"EntryPoint\",\"urlTemplate\":\"https:\/\/bobimarket.pl\/?s={search_term_string}\"},\"query-input\":\"required name=search_term_string\"}],\"inLanguage\":\"pl-PL\"},{\"@type\":\"Organization\",\"@id\":\"https:\/\/bobimarket.pl\/#organization\",\"name\":\"BOBIMARKET.pl\",\"url\":\"https:\/\/bobimarket.pl\/\",\"logo\":{\"@type\":\"ImageObject\",\"inLanguage\":\"pl-PL\",\"@id\":\"https:\/\/bobimarket.pl\/#\/schema\/logo\/image\/\",\"url\":\"https:\/\/bobimarket.pl\/wp-content\/uploads\/2021\/11\/slogan.png\",\"contentUrl\":\"https:\/\/bobimarket.pl\/wp-content\/uploads\/2021\/11\/slogan.png\",\"width\":2000,\"height\":384,\"caption\":\"BOBIMARKET.pl\"},\"image\":{\"@id\":\"https:\/\/bobimarket.pl\/#\/schema\/logo\/image\/\"}}]}<\/script>\n<!-- \/ Yoast SEO plugin. -->","yoast_head_json":{"title":"OPASKI ZACISKOWE KABLOWE CZARNE 4,8X380 - BOBIMARKET.pl - Remontuj i urz\u0105dzaj z nami","robots":{"index":"index","follow":"follow","max-snippet":"max-snippet:-1","max-image-preview":"max-image-preview:large","max-video-preview":"max-video-preview:-1"},"canonical":"https:\/\/bobimarket.pl\/index.php\/produkt\/opaski-zaciskowe-kablowe-czarne-48x380\/","og_locale":"pl_PL","og_type":"article","og_title":"OPASKI ZACISKOWE KABLOWE CZARNE 4,8X380 - BOBIMARKET.pl - Remontuj i urz\u0105dzaj z nami","og_description":"OPASKI ZACISKOWE KABLOWE CZARNE 4,8X380 Dane techniczne: Szeroko\u015b\u0107: 4,8 mm D\u0142ugo\u015b\u0107: 380 mm Kolor: czarny Ilo\u015b\u0107: 100 szt\u00a0w opakowaniu Materia\u0142: tworzywo \u015arednica wi\u0105zki: 3-102 mm Wytrzyma\u0142o\u015b\u0107: 22 kg Wytrzyma\u0142o\u015b\u0107 na UV Zapobiega erozji, Odporno\u015b\u0107 na ciep\u0142o, CE, ROHS Niezb\u0119dny element wyposa\u017cenia ka\u017cdego domu, gara\u017cu i warsztatu! Opaski kablowe maj\u0105 szerokie zastosowanie i na pewno nie     Czytaj wi\u0119cej \"OPASKI ZACISKOWE KABLOWE CZARNE 4,8X380\"","og_url":"https:\/\/bobimarket.pl\/index.php\/produkt\/opaski-zaciskowe-kablowe-czarne-48x380\/","og_site_name":"BOBIMARKET.pl - Remontuj i urz\u0105dzaj z nami","article_modified_time":"2025-02-27T15:34:55+00:00","og_image":[{"url":"https:\/\/upload.cdn.baselinker.com\/products\/14476\/a4dfa804dd0b1182c29266728e83d07b.jpg"}],"twitter_card":"summary_large_image","twitter_misc":{"Szacowany czas czytania":"1 minuta"},"schema":{"@context":"https:\/\/schema.org","@graph":[{"@type":"WebPage","@id":"https:\/\/bobimarket.pl\/index.php\/produkt\/opaski-zaciskowe-kablowe-czarne-48x380\/","url":"https:\/\/bobimarket.pl\/index.php\/produkt\/opaski-zaciskowe-kablowe-czarne-48x380\/","name":"OPASKI ZACISKOWE KABLOWE CZARNE 4,8X380 - BOBIMARKET.pl - Remontuj i urz\u0105dzaj z nami","isPartOf":{"@id":"https:\/\/bobimarket.pl\/#website"},"datePublished":"2023-08-30T04:41:56+00:00","dateModified":"2025-02-27T15:34:55+00:00","breadcrumb":{"@id":"https:\/\/bobimarket.pl\/index.php\/produkt\/opaski-zaciskowe-kablowe-czarne-48x380\/#breadcrumb"},"inLanguage":"pl-PL","potentialAction":[{"@type":"ReadAction","target":["https:\/\/bobimarket.pl\/index.php\/produkt\/opaski-zaciskowe-kablowe-czarne-48x380\/"]}]},{"@type":"BreadcrumbList","@id":"https:\/\/bobimarket.pl\/index.php\/produkt\/opaski-zaciskowe-kablowe-czarne-48x380\/#breadcrumb","itemListElement":[{"@type":"ListItem","position":1,"name":"Strona g\u0142\u00f3wna","item":"https:\/\/bobimarket.pl\/"},{"@type":"ListItem","position":2,"name":"Sklep","item":"https:\/\/bobimarket.pl\/index.php\/shop\/"},{"@type":"ListItem","position":3,"name":"OPASKI ZACISKOWE KABLOWE CZARNE 4,8X380"}]},{"@type":"WebSite","@id":"https:\/\/bobimarket.pl\/#website","url":"https:\/\/bobimarket.pl\/","name":"BOBIMARKET.pl - Remontuj i urz\u0105dzaj z nami","description":"Remontuj i urz\u0105dzaj z nami","publisher":{"@id":"https:\/\/bobimarket.pl\/#organization"},"potentialAction":[{"@type":"SearchAction","target":{"@type":"EntryPoint","urlTemplate":"https:\/\/bobimarket.pl\/?s={search_term_string}"},"query-input":"required name=search_term_string"}],"inLanguage":"pl-PL"},{"@type":"Organization","@id":"https:\/\/bobimarket.pl\/#organization","name":"BOBIMARKET.pl","url":"https:\/\/bobimarket.pl\/","logo":{"@type":"ImageObject","inLanguage":"pl-PL","@id":"https:\/\/bobimarket.pl\/#\/schema\/logo\/image\/","url":"https:\/\/bobimarket.pl\/wp-content\/uploads\/2021\/11\/slogan.png","contentUrl":"https:\/\/bobimarket.pl\/wp-content\/uploads\/2021\/11\/slogan.png","width":2000,"height":384,"caption":"BOBIMARKET.pl"},"image":{"@id":"https:\/\/bobimarket.pl\/#\/schema\/logo\/image\/"}}]}},"_links":{"self":[{"href":"https:\/\/bobimarket.pl\/index.php\/wp-json\/wp\/v2\/product\/90689"}],"collection":[{"href":"https:\/\/bobimarket.pl\/index.php\/wp-json\/wp\/v2\/product"}],"about":[{"href":"https:\/\/bobimarket.pl\/index.php\/wp-json\/wp\/v2\/types\/product"}],"wp:featuredmedia":[{"embeddable":true,"href":"https:\/\/bobimarket.pl\/index.php\/wp-json\/wp\/v2\/media\/90682"}],"wp:attachment":[{"href":"https:\/\/bobimarket.pl\/index.php\/wp-json\/wp\/v2\/media?parent=90689"}],"wp:term":[{"taxonomy":"product_cat","embeddable":true,"href":"https:\/\/bobimarket.pl\/index.php\/wp-json\/wp\/v2\/product_cat?post=90689"},{"taxonomy":"product_tag","embeddable":true,"href":"https:\/\/bobimarket.pl\/index.php\/wp-json\/wp\/v2\/product_tag?post=90689"}],"curies":[{"name":"wp","href":"https:\/\/api.w.org\/{rel}","templated":true}]}}