{"id":90936,"date":"2023-08-30T05:01:54","date_gmt":"2023-08-30T05:01:54","guid":{"rendered":"https:\/\/bobimarket.pl\/index.php\/produkt\/walek-malarski-do-lateks-akryl-ceramika-18cm-zapas\/"},"modified":"2025-02-27T15:37:10","modified_gmt":"2025-02-27T15:37:10","slug":"walek-malarski-do-lateks-akryl-ceramika-18cm-zapas","status":"publish","type":"product","link":"https:\/\/bobimarket.pl\/index.php\/produkt\/walek-malarski-do-lateks-akryl-ceramika-18cm-zapas\/","title":{"rendered":"WA\u0141EK MALARSKI do LATEKS AKRYL CERAMIKA 18CM ZAPAS"},"content":{"rendered":"<section class=\"section\">\n<div class=\"item item-12\">\n<section class=\"text-item\">\n<h1>WA\u0141EK MALARSKI do LATEKS AKRYL CERAMIKA 18CM ZAPAS<\/h1>\n<p><b>Informacje og\u00f3lne: <\/b><\/p>\n<ul>\n<li>D\u0142ugo\u015b\u0107 ca\u0142kowita:<b> 180 mm<\/b><\/li>\n<li>\u015arednica rdzenia:<b> 50 mm<\/b><\/li>\n<li>D\u0142ugo\u015b\u0107 runa: <b>oko\u0142o<\/b> <b>8 mm<\/b><\/li>\n<li>Otw\u00f3r:<b> \u00d8 8 mm<\/b><\/li>\n<li>Przeznaczenie: <b>farb lateksowych, emulsyjnych, silikonowych oraz akrylowych<\/b><\/li>\n<\/ul>\n<p><b>\u2705 Pasuje do r\u0105czki fi 8 d\u0142ugo\u015b\u0107 18 cm<\/b><\/p>\n<\/section><\/div>\n<\/section>\n<section class=\"section\">\n<div class=\"item item-12\">\n<section class=\"image-item\">\n            <img decoding=\"async\" src=\"https:\/\/upload.cdn.baselinker.com\/products\/14476\/3ec9be9dd3b964176751788499193d26.jpg\" \/><br \/>\n        <\/section>\n<\/p><\/div>\n<\/section>\n<section class=\"section\">\n<div class=\"item item-12\">\n<section class=\"text-item\">\n<p>\u2705 <b>Zastosowanie:<\/b><\/p>\n<p>Wa\u0142ek przeznaczony do p\u0142aszczyzn r\u00f3wnych oraz wewn\u0119trznych tynk\u00f3w. Charakteryzuje si\u0119 dobrym nasi\u0105kaniem farb. Przeznaczony do <b>farb lateksowych, emulsyjnych, silikonowych oraz akrylowych<\/b><\/p>\n<ul>\n<li>R\u00f3wnomierne rozprowadzenie farby<\/li>\n<li>\u0141atwa aplikacja<\/li>\n<li>Najlepszy do farb lateksowych i dyspersyjnych<\/li>\n<\/ul>\n<p><b>UWAGA!<\/b><\/p>\n<p>Przed pierwszym u\u017cyciem wa\u0142ek nale\u017cy wyp\u0142uka\u0107 w wodzie z detergentem w celu usuni\u0119cia w\u0142\u00f3kien pozosta\u0142ych po procesie produkcji.<\/p>\n<\/section><\/div>\n<\/section>\n<section class=\"section\">\n<div class=\"item item-12\">\n<section class=\"image-item\">\n            <img decoding=\"async\" src=\"https:\/\/upload.cdn.baselinker.com\/products\/14476\/cc146896e15d7806e079f6026a0cabc6.jpg\" \/><br \/>\n        <\/section>\n<\/p><\/div>\n<\/section>\n<section class=\"section\">\n<div class=\"item item-12\">\n<section class=\"image-item\">\n            <img decoding=\"async\" src=\"https:\/\/upload.cdn.baselinker.com\/products\/14476\/f70d129f3dc8328b4c5359fa86ff8e41.jpg\" \/><br \/>\n        <\/section>\n<\/p><\/div>\n<\/section>\n","protected":false},"excerpt":{"rendered":"<p>WA\u0141EK MALARSKI do LATEKS AKRYL CERAMIKA 18CM ZAPAS Informacje og\u00f3lne: D\u0142ugo\u015b\u0107 ca\u0142kowita: 180 mm \u015arednica rdzenia: 50 mm D\u0142ugo\u015b\u0107 runa: oko\u0142o 8 mm Otw\u00f3r: \u00d8 8 mm Przeznaczenie: farb lateksowych, emulsyjnych, silikonowych oraz akrylowych \u2705 Pasuje do r\u0105czki fi 8 d\u0142ugo\u015b\u0107 18 cm \u2705 Zastosowanie: Wa\u0142ek przeznaczony do p\u0142aszczyzn r\u00f3wnych oraz wewn\u0119trznych tynk\u00f3w. Charakteryzuje si\u0119<br \/><a class=\"more-link\" href=\"https:\/\/bobimarket.pl\/index.php\/produkt\/walek-malarski-do-lateks-akryl-ceramika-18cm-zapas\/\"><br \/>\n        Czytaj wi\u0119cej<span class=\"screen-reader-text\"> &#8222;WA\u0141EK MALARSKI do LATEKS AKRYL CERAMIKA 18CM ZAPAS&#8221;<\/span><\/a><\/p>\n","protected":false},"featured_media":90932,"template":"","meta":[],"product_cat":[8063],"product_tag":[],"yoast_head":"<!-- This site is optimized with the Yoast SEO plugin v21.0 - https:\/\/yoast.com\/wordpress\/plugins\/seo\/ -->\n<title>WA\u0141EK MALARSKI do LATEKS AKRYL CERAMIKA 18CM ZAPAS - BOBIMARKET.pl - Remontuj i urz\u0105dzaj z nami<\/title>\n<meta name=\"robots\" content=\"index, follow, max-snippet:-1, max-image-preview:large, max-video-preview:-1\" \/>\n<link rel=\"canonical\" href=\"https:\/\/bobimarket.pl\/index.php\/produkt\/walek-malarski-do-lateks-akryl-ceramika-18cm-zapas\/\" \/>\n<meta property=\"og:locale\" content=\"pl_PL\" \/>\n<meta property=\"og:type\" content=\"article\" \/>\n<meta property=\"og:title\" content=\"WA\u0141EK MALARSKI do LATEKS AKRYL CERAMIKA 18CM ZAPAS - BOBIMARKET.pl - Remontuj i urz\u0105dzaj z nami\" \/>\n<meta property=\"og:description\" content=\"WA\u0141EK MALARSKI do LATEKS AKRYL CERAMIKA 18CM ZAPAS Informacje og\u00f3lne: D\u0142ugo\u015b\u0107 ca\u0142kowita: 180 mm \u015arednica rdzenia: 50 mm D\u0142ugo\u015b\u0107 runa: oko\u0142o 8 mm Otw\u00f3r: \u00d8 8 mm Przeznaczenie: farb lateksowych, emulsyjnych, silikonowych oraz akrylowych \u2705 Pasuje do r\u0105czki fi 8 d\u0142ugo\u015b\u0107 18 cm \u2705 Zastosowanie: Wa\u0142ek przeznaczony do p\u0142aszczyzn r\u00f3wnych oraz wewn\u0119trznych tynk\u00f3w. Charakteryzuje si\u0119     Czytaj wi\u0119cej &quot;WA\u0141EK MALARSKI do LATEKS AKRYL CERAMIKA 18CM ZAPAS&quot;\" \/>\n<meta property=\"og:url\" content=\"https:\/\/bobimarket.pl\/index.php\/produkt\/walek-malarski-do-lateks-akryl-ceramika-18cm-zapas\/\" \/>\n<meta property=\"og:site_name\" content=\"BOBIMARKET.pl - Remontuj i urz\u0105dzaj z nami\" \/>\n<meta property=\"article:modified_time\" content=\"2025-02-27T15:37:10+00:00\" \/>\n<meta property=\"og:image\" content=\"https:\/\/upload.cdn.baselinker.com\/products\/14476\/3ec9be9dd3b964176751788499193d26.jpg\" \/>\n<meta name=\"twitter:card\" content=\"summary_large_image\" \/>\n<meta name=\"twitter:label1\" content=\"Szacowany czas czytania\" \/>\n\t<meta name=\"twitter:data1\" content=\"1 minuta\" \/>\n<script type=\"application\/ld+json\" class=\"yoast-schema-graph\">{\"@context\":\"https:\/\/schema.org\",\"@graph\":[{\"@type\":\"WebPage\",\"@id\":\"https:\/\/bobimarket.pl\/index.php\/produkt\/walek-malarski-do-lateks-akryl-ceramika-18cm-zapas\/\",\"url\":\"https:\/\/bobimarket.pl\/index.php\/produkt\/walek-malarski-do-lateks-akryl-ceramika-18cm-zapas\/\",\"name\":\"WA\u0141EK MALARSKI do LATEKS AKRYL CERAMIKA 18CM ZAPAS - BOBIMARKET.pl - Remontuj i urz\u0105dzaj z nami\",\"isPartOf\":{\"@id\":\"https:\/\/bobimarket.pl\/#website\"},\"datePublished\":\"2023-08-30T05:01:54+00:00\",\"dateModified\":\"2025-02-27T15:37:10+00:00\",\"breadcrumb\":{\"@id\":\"https:\/\/bobimarket.pl\/index.php\/produkt\/walek-malarski-do-lateks-akryl-ceramika-18cm-zapas\/#breadcrumb\"},\"inLanguage\":\"pl-PL\",\"potentialAction\":[{\"@type\":\"ReadAction\",\"target\":[\"https:\/\/bobimarket.pl\/index.php\/produkt\/walek-malarski-do-lateks-akryl-ceramika-18cm-zapas\/\"]}]},{\"@type\":\"BreadcrumbList\",\"@id\":\"https:\/\/bobimarket.pl\/index.php\/produkt\/walek-malarski-do-lateks-akryl-ceramika-18cm-zapas\/#breadcrumb\",\"itemListElement\":[{\"@type\":\"ListItem\",\"position\":1,\"name\":\"Strona g\u0142\u00f3wna\",\"item\":\"https:\/\/bobimarket.pl\/\"},{\"@type\":\"ListItem\",\"position\":2,\"name\":\"Sklep\",\"item\":\"https:\/\/bobimarket.pl\/index.php\/shop\/\"},{\"@type\":\"ListItem\",\"position\":3,\"name\":\"WA\u0141EK MALARSKI do LATEKS AKRYL CERAMIKA 18CM ZAPAS\"}]},{\"@type\":\"WebSite\",\"@id\":\"https:\/\/bobimarket.pl\/#website\",\"url\":\"https:\/\/bobimarket.pl\/\",\"name\":\"BOBIMARKET.pl - Remontuj i urz\u0105dzaj z nami\",\"description\":\"Remontuj i urz\u0105dzaj z nami\",\"publisher\":{\"@id\":\"https:\/\/bobimarket.pl\/#organization\"},\"potentialAction\":[{\"@type\":\"SearchAction\",\"target\":{\"@type\":\"EntryPoint\",\"urlTemplate\":\"https:\/\/bobimarket.pl\/?s={search_term_string}\"},\"query-input\":\"required name=search_term_string\"}],\"inLanguage\":\"pl-PL\"},{\"@type\":\"Organization\",\"@id\":\"https:\/\/bobimarket.pl\/#organization\",\"name\":\"BOBIMARKET.pl\",\"url\":\"https:\/\/bobimarket.pl\/\",\"logo\":{\"@type\":\"ImageObject\",\"inLanguage\":\"pl-PL\",\"@id\":\"https:\/\/bobimarket.pl\/#\/schema\/logo\/image\/\",\"url\":\"https:\/\/bobimarket.pl\/wp-content\/uploads\/2021\/11\/slogan.png\",\"contentUrl\":\"https:\/\/bobimarket.pl\/wp-content\/uploads\/2021\/11\/slogan.png\",\"width\":2000,\"height\":384,\"caption\":\"BOBIMARKET.pl\"},\"image\":{\"@id\":\"https:\/\/bobimarket.pl\/#\/schema\/logo\/image\/\"}}]}<\/script>\n<!-- \/ Yoast SEO plugin. -->","yoast_head_json":{"title":"WA\u0141EK MALARSKI do LATEKS AKRYL CERAMIKA 18CM ZAPAS - BOBIMARKET.pl - Remontuj i urz\u0105dzaj z nami","robots":{"index":"index","follow":"follow","max-snippet":"max-snippet:-1","max-image-preview":"max-image-preview:large","max-video-preview":"max-video-preview:-1"},"canonical":"https:\/\/bobimarket.pl\/index.php\/produkt\/walek-malarski-do-lateks-akryl-ceramika-18cm-zapas\/","og_locale":"pl_PL","og_type":"article","og_title":"WA\u0141EK MALARSKI do LATEKS AKRYL CERAMIKA 18CM ZAPAS - BOBIMARKET.pl - Remontuj i urz\u0105dzaj z nami","og_description":"WA\u0141EK MALARSKI do LATEKS AKRYL CERAMIKA 18CM ZAPAS Informacje og\u00f3lne: D\u0142ugo\u015b\u0107 ca\u0142kowita: 180 mm \u015arednica rdzenia: 50 mm D\u0142ugo\u015b\u0107 runa: oko\u0142o 8 mm Otw\u00f3r: \u00d8 8 mm Przeznaczenie: farb lateksowych, emulsyjnych, silikonowych oraz akrylowych \u2705 Pasuje do r\u0105czki fi 8 d\u0142ugo\u015b\u0107 18 cm \u2705 Zastosowanie: Wa\u0142ek przeznaczony do p\u0142aszczyzn r\u00f3wnych oraz wewn\u0119trznych tynk\u00f3w. Charakteryzuje si\u0119     Czytaj wi\u0119cej \"WA\u0141EK MALARSKI do LATEKS AKRYL CERAMIKA 18CM ZAPAS\"","og_url":"https:\/\/bobimarket.pl\/index.php\/produkt\/walek-malarski-do-lateks-akryl-ceramika-18cm-zapas\/","og_site_name":"BOBIMARKET.pl - Remontuj i urz\u0105dzaj z nami","article_modified_time":"2025-02-27T15:37:10+00:00","og_image":[{"url":"https:\/\/upload.cdn.baselinker.com\/products\/14476\/3ec9be9dd3b964176751788499193d26.jpg"}],"twitter_card":"summary_large_image","twitter_misc":{"Szacowany czas czytania":"1 minuta"},"schema":{"@context":"https:\/\/schema.org","@graph":[{"@type":"WebPage","@id":"https:\/\/bobimarket.pl\/index.php\/produkt\/walek-malarski-do-lateks-akryl-ceramika-18cm-zapas\/","url":"https:\/\/bobimarket.pl\/index.php\/produkt\/walek-malarski-do-lateks-akryl-ceramika-18cm-zapas\/","name":"WA\u0141EK MALARSKI do LATEKS AKRYL CERAMIKA 18CM ZAPAS - BOBIMARKET.pl - Remontuj i urz\u0105dzaj z nami","isPartOf":{"@id":"https:\/\/bobimarket.pl\/#website"},"datePublished":"2023-08-30T05:01:54+00:00","dateModified":"2025-02-27T15:37:10+00:00","breadcrumb":{"@id":"https:\/\/bobimarket.pl\/index.php\/produkt\/walek-malarski-do-lateks-akryl-ceramika-18cm-zapas\/#breadcrumb"},"inLanguage":"pl-PL","potentialAction":[{"@type":"ReadAction","target":["https:\/\/bobimarket.pl\/index.php\/produkt\/walek-malarski-do-lateks-akryl-ceramika-18cm-zapas\/"]}]},{"@type":"BreadcrumbList","@id":"https:\/\/bobimarket.pl\/index.php\/produkt\/walek-malarski-do-lateks-akryl-ceramika-18cm-zapas\/#breadcrumb","itemListElement":[{"@type":"ListItem","position":1,"name":"Strona g\u0142\u00f3wna","item":"https:\/\/bobimarket.pl\/"},{"@type":"ListItem","position":2,"name":"Sklep","item":"https:\/\/bobimarket.pl\/index.php\/shop\/"},{"@type":"ListItem","position":3,"name":"WA\u0141EK MALARSKI do LATEKS AKRYL CERAMIKA 18CM ZAPAS"}]},{"@type":"WebSite","@id":"https:\/\/bobimarket.pl\/#website","url":"https:\/\/bobimarket.pl\/","name":"BOBIMARKET.pl - Remontuj i urz\u0105dzaj z nami","description":"Remontuj i urz\u0105dzaj z nami","publisher":{"@id":"https:\/\/bobimarket.pl\/#organization"},"potentialAction":[{"@type":"SearchAction","target":{"@type":"EntryPoint","urlTemplate":"https:\/\/bobimarket.pl\/?s={search_term_string}"},"query-input":"required name=search_term_string"}],"inLanguage":"pl-PL"},{"@type":"Organization","@id":"https:\/\/bobimarket.pl\/#organization","name":"BOBIMARKET.pl","url":"https:\/\/bobimarket.pl\/","logo":{"@type":"ImageObject","inLanguage":"pl-PL","@id":"https:\/\/bobimarket.pl\/#\/schema\/logo\/image\/","url":"https:\/\/bobimarket.pl\/wp-content\/uploads\/2021\/11\/slogan.png","contentUrl":"https:\/\/bobimarket.pl\/wp-content\/uploads\/2021\/11\/slogan.png","width":2000,"height":384,"caption":"BOBIMARKET.pl"},"image":{"@id":"https:\/\/bobimarket.pl\/#\/schema\/logo\/image\/"}}]}},"_links":{"self":[{"href":"https:\/\/bobimarket.pl\/index.php\/wp-json\/wp\/v2\/product\/90936"}],"collection":[{"href":"https:\/\/bobimarket.pl\/index.php\/wp-json\/wp\/v2\/product"}],"about":[{"href":"https:\/\/bobimarket.pl\/index.php\/wp-json\/wp\/v2\/types\/product"}],"wp:featuredmedia":[{"embeddable":true,"href":"https:\/\/bobimarket.pl\/index.php\/wp-json\/wp\/v2\/media\/90932"}],"wp:attachment":[{"href":"https:\/\/bobimarket.pl\/index.php\/wp-json\/wp\/v2\/media?parent=90936"}],"wp:term":[{"taxonomy":"product_cat","embeddable":true,"href":"https:\/\/bobimarket.pl\/index.php\/wp-json\/wp\/v2\/product_cat?post=90936"},{"taxonomy":"product_tag","embeddable":true,"href":"https:\/\/bobimarket.pl\/index.php\/wp-json\/wp\/v2\/product_tag?post=90936"}],"curies":[{"name":"wp","href":"https:\/\/api.w.org\/{rel}","templated":true}]}}